NOAA-Style Climate Reports


Report for 2019 Julio
                   MONTHLY CLIMATOLOGICAL SUMMARY for MAY. 2019

NAME: Ayuntamiento de L'Alfàs del Pi   CITY: L'Alfàs del Pi   STATE: Alicante 
ELEV:    95 m  LAT:  38° 34' 47" N  LONG:   0° 06' 05" W

                   TEMPERATURE (°C), RAIN  (mm), WIND SPEED (km/hr)

                                      HEAT  COOL        AVG
    MEAN                              DEG   DEG         WIND                 DOM
DAY TEMP  HIGH   TIME   LOW    TIME   DAYS  DAYS  RAIN  SPEED HIGH   TIME    DIR
------------------------------------------------------------------------------------
 1  17.1  20.8   16:30  14.2    7:30   1.6   0.4   0.0   2.7  19.3   14:00    SW
 2  18.3  23.1   16:00  14.8    4:00   1.2   1.2   0.0   5.6  25.7    9:30    NE
 3  16.2  21.1   10:30  12.3   22:00   2.3   0.2   2.2   5.8  30.6   13:30   NNE
 4  15.2  18.5   13:30  11.7    4:00   3.1   0.0   0.0   6.8  29.0   20:00    SW
 5  16.1  19.1   11:30  13.1    3:00   2.2   0.0   0.0   7.4  38.6    4:30    NE
 6  16.1  19.6   15:00  12.3    4:00   2.4   0.1   0.0   3.7  22.5   14:30    SW
 7  17.3  19.8   13:30  15.7    9:00   1.2   0.3   0.0   5.8  22.5   15:30    SW
 8  19.9  25.6   17:00  14.6    7:30   0.9   2.5   0.0   5.6  30.6   17:30    SW
 9  22.7  25.5   12:00  18.7   00:00   0.0   4.4   0.0   8.0  33.8   10:00    SW
10  22.4  28.1   13:30  16.3    7:00   0.3   4.4   0.0   4.8  30.6   19:00    SW
11  22.7  27.9   14:30  18.3    7:30   0.0   4.4   0.0   6.1  29.0   15:30    NE
12  18.9  21.6    0:30  16.4    7:00   0.4   1.1   0.0   6.0  25.7   19:00    SW
13  18.0  20.8   17:00  15.6    7:00   0.9   0.6   0.0   5.0  30.6   12:00    SW
14  17.9  22.1   15:00  13.7    6:00   1.4   1.0   0.0   7.2  35.4   16:00    SW
15  18.7  23.4   13:00  14.4    7:00   0.9   1.3   0.0   6.0  38.6   23:30    NE
16  18.3  20.7   17:00  16.4   00:00   0.5   0.5   0.0   6.8  27.4    0:30    SW
17  19.8  24.4   17:00  15.7    6:30   0.8   2.3   0.0   7.7  43.5   14:00     W
18  17.1  19.5   16:30  14.5   00:00   1.3   0.1   0.4   3.5  20.9   15:00   NNE
19  16.8  19.8   18:00  13.8    7:30   1.7   0.1   1.4   4.7  24.1   15:00    SW
20  17.6  20.0   16:30  14.8    6:30   1.0   0.3   0.0   4.0  24.1   15:00    NE
21  18.2  21.1   16:00  15.4    2:30   0.8   0.7   0.0   3.7  25.7   13:30    SW
22  19.3  23.8   16:00  15.8    5:30   0.6   1.6   0.0   4.2  22.5   18:00    SW
23  20.6  26.7   13:30  16.0    5:00   0.5   2.8   0.0   5.3  27.4   12:00    SW
24  18.7  21.4   12:00  15.7   20:00   0.3   0.7   1.6   4.8  35.4   18:00    NE
25  18.3  21.8   18:00  15.6   13:00   0.7   0.8   0.0   8.9  40.2   16:00    NE
26  19.6  23.8   13:00  15.0    7:00   0.6   2.0   0.0   4.0  20.9   13:30    SW
27  19.9  23.9   13:00  15.9    7:00   0.4   1.9   0.0   3.9  22.5   18:30    SW
28  19.6  22.7   14:30  17.2    4:00   0.1   1.4   0.0   5.0  32.2   11:30    NE
29  18.4  21.5   13:30  16.1    8:00   0.6   0.7   0.0   8.0  40.2   15:00    NE
30  18.7  22.2   16:30  14.2    5:30   1.0   1.4   0.0   5.0  20.9   16:00    SW
31  19.7  23.2   16:30  15.3    5:30   0.6   2.0   0.0   3.1  20.9   17:00    NE
-------------------------------------------------------------------------------------
    18.6  28.1    10    11.7     4    30.4  41.1   5.6   5.5  43.5    17      SW

Max >=  32.0:  0
Max <=   0.0:  0
Min <=   0.0:  0
Min <= -18.0:  0
Max Rain: 2.21 ON 03/05/19
Days of Rain: 4 (> .2 mm) 1 (> 2 mm) 0 (> 20 mm)
Heat Base:  18.3  Cool Base:  18.3  Method: Integration