NOAA-Style Climate Reports

Select a Year or Month report
2019: Ene Feb Mar Abr May Jun Jul Ago Sep Oct Nov Dic
2018: Ene Feb Mar Abr May Jun Jul Ago Sep Oct Nov Dic
2017: Ene Feb Mar Abr May Jun Jul Ago Sep Oct Nov Dic
2016: Ene Feb Mar Abr May Jun Jul Ago Sep Oct Nov Dic
2015: Ene Feb Mar Abr May Jun Jul Ago Sep Oct Nov Dic
2014: Ene Feb Mar Abr May Jun Jul Ago Sep Oct Nov Dic
2013: Ene Feb Mar Abr May Jun Jul Ago Sep Oct Nov Dic
2012: Ene Feb Mar Abr May Jun Jul Ago Sep Oct Nov Dic

Report for 2019 Abril
                   MONTHLY CLIMATOLOGICAL SUMMARY for APR. 2019

NAME: Ayuntamiento de L'Alfàs del Pi   CITY: L'Alfàs del Pi   STATE: Alicante 
ELEV:    95 m  LAT:  38° 34' 47" N  LONG:   0° 06' 05" W

                   TEMPERATURE (°C), RAIN  (mm), WIND SPEED (km/hr)

                                      HEAT  COOL        AVG
    MEAN                              DEG   DEG         WIND                 DOM
DAY TEMP  HIGH   TIME   LOW    TIME   DAYS  DAYS  RAIN  SPEED HIGH   TIME    DIR
------------------------------------------------------------------------------------
 1  13.6  16.3   14:30  11.8    7:00   4.7   0.0   4.2   5.0  29.0   17:00   NNE
 2  14.6  18.4   14:30  11.6    5:30   3.7   0.0   0.0   3.7  22.5   15:30    SW
 3  16.1  20.7   12:00  12.2    6:00   2.5   0.3   0.0   6.0  32.2   00:00    SW
 4  12.9  15.6   17:30  10.7    8:00   5.4   0.0   0.0   8.7  46.7    1:00   NNE
 5  13.6  17.0   14:30   9.8   00:00   4.8   0.0   1.2   7.2  51.5   18:30    SW
 6  12.2  15.7   15:30   8.9    5:30   6.1   0.0   0.6   8.4  43.5   17:00    SW
 7  14.2  18.8   17:30   9.5    7:00   4.1   0.0   0.0   6.0  33.8    4:30   ESE
 8  16.8  20.8   17:00  14.0    8:30   1.8   0.2   0.0   6.3  33.8   14:30    SW
 9  16.7  20.4   17:00  13.3    7:30   1.8   0.2   0.2   8.7  46.7   17:30     W
10  15.2  20.2   16:00  11.4    8:00   3.2   0.1   0.4   4.7  37.0    0:30     W
11  15.2  18.3   16:30  11.9    7:00   3.1   0.0   0.0   6.0  27.4    2:00    SW
12  14.4  17.3   11:00  11.7    2:30   3.9   0.0   0.0   5.1  25.7   13:30    NE
13  15.0  19.0   18:30  11.1    7:30   3.3   0.0   0.0   3.7  20.9   14:30    NE
14  19.4  25.7   14:00  13.3    5:00   1.4   2.5   0.0   6.0  37.0   19:00    SW
15  18.4  22.0   16:00  15.3   00:00   0.9   1.0   0.0   4.8  27.4    9:30    SW
16  15.9  19.9   14:00  13.2    7:00   2.4   0.1   0.0   4.5  30.6   16:00   ESE
17  15.8  18.3   12:30  13.5    7:30   2.5   0.0   0.0   8.7  40.2   23:30   NNE
18  16.2  17.6   20:00  15.4    7:00   2.1   0.0   0.0  11.9  53.1    7:00   NNE
19  13.9  15.4    0:30  12.3   18:00   4.4   0.0  20.4   6.0  45.1   22:30    NE
20  13.6  15.5    4:30  12.3    9:30   4.6   0.0  55.0  20.8  70.8    6:00    NE
21  13.5  15.0   13:30  12.5   22:30   4.8   0.0  23.6  13.7  43.5    3:30   NNE
22  13.3  14.9   16:00  11.4    1:30   5.0   0.0  15.6   6.4  41.8    8:00   NNE
23  15.1  19.4   12:00  12.0    6:30   3.3   0.1   0.2   4.8  41.8   17:30    SW
24  14.6  17.6   17:00  11.1    7:30   3.8   0.0   0.0   9.3  37.0   14:00    SW
25  15.4  19.7   15:30  12.1    7:00   2.9   0.1   0.0   5.8  25.7   12:00    SW
26  16.7  21.1   15:30  12.1    6:00   2.1   0.5   8.6   4.0  20.9   16:00    SW
27  16.2  19.9   12:30  12.4    3:30   2.4   0.2   0.4   3.9  20.9   14:30    SW
28  17.1  21.3   16:00  12.8    5:00   1.9   0.7   0.0   3.7  19.3   13:00    SW
29  15.8  18.2   11:30  13.4    3:00   2.5   0.0   0.0   2.9  19.3   13:00    NE
30  16.2  20.1   14:30  13.7    4:30   2.2   0.1   0.0   3.7  20.9   15:00    SW
-------------------------------------------------------------------------------------
    15.2  25.7    14     8.9     6    97.6   6.2 130.4   6.7  70.8    20      SW

Max >=  32.0:  0
Max <=   0.0:  0
Min <=   0.0:  0
Min <= -18.0:  0
Max Rain: 54.99 ON 20/04/19
Days of Rain: 12 (> .2 mm) 6 (> 2 mm) 3 (> 20 mm)
Heat Base:  18.3  Cool Base:  18.3  Method: Integration