NOAA-Style Climate Reports

Select a Year or Month report
2019: Ene Feb Mar Abr May Jun Jul Ago Sep Oct Nov Dic
2018: Ene Feb Mar Abr May Jun Jul Ago Sep Oct Nov Dic
2017: Ene Feb Mar Abr May Jun Jul Ago Sep Oct Nov Dic
2016: Ene Feb Mar Abr May Jun Jul Ago Sep Oct Nov Dic
2015: Ene Feb Mar Abr May Jun Jul Ago Sep Oct Nov Dic
2014: Ene Feb Mar Abr May Jun Jul Ago Sep Oct Nov Dic
2013: Ene Feb Mar Abr May Jun Jul Ago Sep Oct Nov Dic
2012: Ene Feb Mar Abr May Jun Jul Ago Sep Oct Nov Dic

Report for 2019 Marzo
                   MONTHLY CLIMATOLOGICAL SUMMARY for FEB. 2019

NAME: Ayuntamiento de L'Alfàs del Pi   CITY: L'Alfàs del Pi   STATE: Alicante 
ELEV:    95 m  LAT:  38° 34' 47" N  LONG:   0° 06' 05" W

                   TEMPERATURE (°C), RAIN  (mm), WIND SPEED (km/hr)

                                      HEAT  COOL        AVG
    MEAN                              DEG   DEG         WIND                 DOM
DAY TEMP  HIGH   TIME   LOW    TIME   DAYS  DAYS  RAIN  SPEED HIGH   TIME    DIR
------------------------------------------------------------------------------------
 1  14.4  18.8   14:30 -40.6   17:00   3.9   0.0   0.2  13.8  69.2   00:00   WSW
 2  11.8  14.6   13:30   9.4    8:00   6.5   0.0   0.0  11.3  62.8   00:00    NW
 3   9.8  13.1   16:00   7.2   00:00   8.5   0.0   0.0  15.1  70.8    1:00    NW
 4   9.2  13.3   16:30   4.4    5:00   9.1   0.0   0.0   3.7  24.1    2:00    SW
 5  12.7  18.0   17:00   8.4    0:30   5.7   0.0   0.2   1.8  12.9   13:30   WNW
 6  13.8  17.8   14:00  10.5    7:30   4.5   0.0   0.0   1.9  19.3   18:00     W
 7  13.6  18.5   14:30  10.1    4:30   4.7   0.0   0.0   1.6  11.3   15:00   NNE
 8  13.0  15.4   13:30  10.3    8:00   5.3   0.0   0.0   4.7  20.9   13:30    SW
 9  13.4  18.2   15:30  10.2    0:30   4.9   0.0   0.0   3.4  16.1   13:30     W
10  13.7  19.3   15:00   9.4    5:30   4.6   0.0   0.0   2.4  22.5   15:00     W
11  13.5  17.2    0:30   8.8   23:00   4.8   0.0   0.0   4.8  29.0    4:30    NE
12  11.4  14.5   13:30   8.2    5:30   6.9   0.0   0.0   3.4  20.9   12:30    NW
13  11.1  14.8   15:00   7.3    7:00   7.2   0.0   0.0   3.2  19.3   13:30   WNW
14  11.5  14.3   13:00   9.7   00:00   6.8   0.0   0.0   6.4  29.0   14:30   NNE
15  11.9  16.1   14:30   8.8    3:00   6.4   0.0   0.0   5.0  27.4   14:00   ESE
16  13.0  17.6   14:00   9.7    6:30   5.3   0.0   0.0   7.2  30.6    6:00   NNW
17  12.2  14.8   11:00   9.8    5:30   6.1   0.0   0.0   5.3  25.7    9:00   NNW
18  12.4  17.0   14:30   8.6    6:30   5.9   0.0   0.0   4.8  25.7   13:00    NE
19  12.4  16.1   14:30  10.1   00:00   5.8   0.0   0.0   7.6  29.0   16:30     N
20  11.6  15.6   13:00   8.9    7:00   6.7   0.0   0.0   2.7  16.1   15:30   NNW
21  11.3  14.9   14:00   7.7    8:00   7.0   0.0   0.0   2.4  16.1   13:00    NW
22  11.9  16.9   15:00   7.3    7:00   6.4   0.0   0.0   2.9  17.7   15:30    SW
23  14.7  19.7   14:00  11.0    5:00   3.6   0.1   0.0   2.1  16.1   15:30    NE
24  14.9  18.8   13:30  11.6   23:30   3.5   0.0   0.0   8.7  35.4    5:30   NNE
25  12.1  16.7   14:30   8.6    4:30   6.2   0.0   0.0   2.7  16.1   10:30    NE
26  13.7  20.0   13:00   9.0    3:00   4.7   0.1   0.0   1.9  17.7   14:00     W
27  13.0  16.9   13:30   9.2    7:30   5.3   0.0   0.0   3.2  22.5   16:30    SW
28  14.8  19.4   13:00  10.4    5:30   3.5   0.0   0.0   2.3  12.9   14:30    NE
-------------------------------------------------------------------------------------
    12.6  20.0    26   -40.6     1   159.9   0.2   0.4   4.9  70.8     3      NE

Max >=  32.0:  0
Max <=   0.0:  0
Min <=   0.0:  1
Min <= -18.0:  1
Max Rain: 0.20 ON 01/02/19
Days of Rain: 2 (> .2 mm) 0 (> 2 mm) 0 (> 20 mm)
Heat Base:  18.3  Cool Base:  18.3  Method: Integration