NOAA-Style Climate Reports


Report for 2019 Enero
                   MONTHLY CLIMATOLOGICAL SUMMARY for JAN. 2019

NAME: Ayuntamiento de L'Alfàs del Pi   CITY: L'Alfàs del Pi   STATE: Alicante 
ELEV:    95 m  LAT:  38° 34' 47" N  LONG:   0° 06' 05" W

                   TEMPERATURE (°C), RAIN  (mm), WIND SPEED (km/hr)

                                      HEAT  COOL        AVG
    MEAN                              DEG   DEG         WIND                 DOM
DAY TEMP  HIGH   TIME   LOW    TIME   DAYS  DAYS  RAIN  SPEED HIGH   TIME    DIR
------------------------------------------------------------------------------------
 1  12.9  17.0   16:30   9.7    8:30   5.3   0.0   0.0   1.6  12.9   14:00   WNW
 2  12.3  16.6   17:00   9.2    9:00   6.0   0.0   0.0   2.3  14.5   15:00    NW
 3  11.6  13.8   13:00   9.3   00:00   6.7   0.0   0.0   3.4  20.9   13:00   WNW
 4  10.7  14.9   15:30   7.4    7:00   7.6   0.0   0.0   2.7  20.9   13:30   WNW
 5  10.9  14.2   12:30   7.7    5:00   7.4   0.0   0.0   3.7  20.9   16:00    SW
 6  12.7  17.3   15:00   9.1    0:30   5.6   0.0   0.0   2.9  16.1   13:30    SW
 7  12.0  15.6   10:30   9.6   23:00   6.3   0.0   0.0   2.1  16.1   15:00   WNW
 8  11.3  14.6   15:00   7.7    7:30   7.0   0.0   0.0   5.1  25.7   15:30    NW
 9  11.5  15.5   16:30   7.8    7:00   6.8   0.0   0.0   3.9  27.4   13:30    SW
10   9.8  12.0    0:30   5.7   23:00   8.5   0.0   0.0   7.4  35.4   13:30   NNE
11   8.2  11.7   12:30   4.7    8:30  10.1   0.0   0.0   3.4  20.9   15:30    NW
12   9.3  12.9   15:30   6.2    5:30   9.0   0.0   0.0   4.3  19.3   14:30    NW
13  10.1  14.4   13:30   6.4    3:00   8.2   0.0   0.0   2.9  14.5   14:00   WNW
14  12.5  17.3   11:30   8.2    0:30   5.8   0.0   0.0   2.3  14.5   15:30   WNW
15  12.7  16.4   11:00   9.7    5:30   5.6   0.0   0.0   2.1  19.3   13:00    NW
16  11.4  14.6   14:00   8.6    3:30   6.9   0.0   0.0   4.7  29.0   14:00    SW
17  11.6  15.5   13:00   8.5    4:00   6.7   0.0   0.0   2.6  14.5    6:00   WNW
18  10.4  13.3   15:00   7.7    8:30   7.9   0.0   0.0   1.6  14.5   15:00    NW
19  11.4  14.5   16:30   8.3    9:00   6.9   0.0   0.0   3.7  27.4    6:00   WSW
20  11.0  14.8   13:00   8.9   00:00   7.3   0.0   2.0   4.7  35.4   15:00   NNE
21  10.3  14.2   17:00   6.5    7:00   8.0   0.0   4.0   4.7  25.7    0:30    NW
22   9.4  11.9   19:00   6.1    8:30   8.8   0.0   0.0   5.6  43.5   20:30    NW
23  14.6  18.1   23:00   8.9    0:30   3.7   0.0   0.0  10.3  64.4   22:00     W
24  14.7  17.7    0:30  11.9   00:00   3.6   0.0   0.0  10.0  53.1    3:00    NE
25  14.7  17.8   15:30  11.6    0:30   3.6   0.0   0.0   5.5  45.1    4:30    SW
26  13.5  16.9   14:30  10.2   00:00   4.8   0.0   0.0   6.6  35.4   15:30    SW
27  14.7  20.1   13:30   9.8    1:00   3.7   0.1   0.0   4.8  35.4   15:30    NW
28  14.9  18.9   16:30  10.6    7:00   3.3   0.0   0.0   6.9  48.3   12:00    NW
29  14.6  16.7   16:30  12.1    8:00   3.7   0.0   0.0   7.2  35.4   17:00    SW
30  14.7  17.6   13:30  12.3    9:30   3.6   0.0   0.0   6.6  33.8   16:30   WSW
31  15.2  20.9   16:30  12.3    3:30   3.3   0.2   0.0   9.3  45.1   16:30    SW
-------------------------------------------------------------------------------------
    12.1  20.9    31     4.7    11   192.1   0.3   6.0   4.7  64.4    23      NW

Max >=  32.0:  0
Max <=   0.0:  0
Min <=   0.0:  0
Min <= -18.0:  0
Max Rain: 3.99 ON 21/01/19
Days of Rain: 2 (> .2 mm) 2 (> 2 mm) 0 (> 20 mm)
Heat Base:  18.3  Cool Base:  18.3  Method: Integration