NOAA-Style Climate Reports

Select a Year or Month report
2020: Ene Feb Mar Abr May Jun Jul Ago Sep Oct Nov Dic
2019: Ene Feb Mar Abr May Jun Jul Ago Sep Oct Nov Dic
2018: Ene Feb Mar Abr May Jun Jul Ago Sep Oct Nov Dic
2017: Ene Feb Mar Abr May Jun Jul Ago Sep Oct Nov Dic
2016: Ene Feb Mar Abr May Jun Jul Ago Sep Oct Nov Dic
2015: Ene Feb Mar Abr May Jun Jul Ago Sep Oct Nov Dic
2014: Ene Feb Mar Abr May Jun Jul Ago Sep Oct Nov Dic
2013: Ene Feb Mar Abr May Jun Jul Ago Sep Oct Nov Dic
2012: Ene Feb Mar Abr May Jun Jul Ago Sep Oct Nov Dic

Report for 2019
                            ANNUAL CLIMATOLOGICAL SUMMARY

NAME: Ayuntamiento de L'Alfàs del Pi  CITY: L'Alfàs del Pi   STATE: Alicante  
ELEV:    95 m  LAT:  38° 34' 47" N  LONG:   0° 06' 05" W

               TEMPERATURE (°C), HEAT BASE 18.3, COOL BASE 18.3
                          DEP.  HEAT  COOL                                          
        MEAN  MEAN        FROM  DEG   DEG                        MAX  MAX  MIN  MIN 
 YR MO  MAX   MIN   MEAN  NORM  DAYS  DAYS  HI  DATE  LOW  DATE  >=32 <=0  <=0  <=-18 
------------------------------------------------------------------------------------
 18  1  16.8   9.8  13.2   0.0   163     4  23.2   4   6.4   16    0    0    0    0
 18  2  14.2   7.4  10.6   0.0   214     0  20.0  15   4.5   13    0    0    0    0
 18  3  17.7   5.6  13.7   0.0   146     3  23.9  28 -40.6   18    0    0    3    3
 18  4  20.7   9.5  16.8   0.0    67    21  25.8  24 -40.6   19    0    0    2    2
 18  5  22.1   6.3  18.1   0.0    45    38  26.6  31 -40.6    8    0    0    5    5
 18  6  26.7  13.5  22.8   0.0     5   140  30.3  30 -40.6   12    0    0    3    3
 18  7  30.1  22.7  26.1   0.0     0   241  35.2  16  21.2    4    3    0    0    0
 18  8  30.4  24.0  26.9   0.0     0   268  35.2   5  20.6   16    4    0    0    0
 18  9  28.1  21.9  24.7   0.0     0   191  30.7  24  17.6   29    0    0    0    0
 18 10  22.9  16.2  19.3   0.0    27    59  26.6  12   8.2   29    0    0    0    0
 18 11  18.8  10.9  15.4   0.0    92     3  22.0  11 -40.6   30    0    0    1    1
 18 12  17.7  10.7  13.8   0.0   140     1  22.3   4   8.5   18    0    0    0    0
------------------------------------------------------------------------------------
        22.2  13.3  18.5   0.0   899   971  35.2 JUL -40.6  MAR    7    0   14   14

                                PRECIPITATION (mm)

               DEP.   MAX        DAYS OF RAIN 
               FROM   OBS.          OVER
 YR MO  TOTAL  NORM   DAY  DATE  .2   2   20
---------------------------------------------
 18  1  57.6    0.0  45.6   28    7    2    1
 18  2  25.6    0.0   5.6    2   12    5    0
 18  3  12.8    0.0   2.8   19   12    1    0
 18  4  19.0    0.0   8.0   11    9    2    0
 18  5   1.6    0.0   0.8    9    5    0    0
 18  6  19.6    0.0   8.8    3    7    3    0
 18  7   8.0    0.0   7.4    8    2    1    0
 18  8  20.0    0.0  10.6   16    3    2    0
 18  9 120.0    0.0  62.8   25   11    8    2
 18 10  78.8    0.0  27.2   30   14   11    1
 18 11  41.4    0.0  24.2   19    9    4    1
 18 12  13.2    0.0  12.8   13    3    1    0
---------------------------------------------
       417.6   0.0  62.8  SEP   94   40    5

                                WIND SPEED (km/hr)
                          DOM
 YR MO   AVG.  HI   DATE  DIR
---------------------------------
 18  1   4.8  67.6   11    NW
 18  2   4.3  41.8   10    NW
 18  3   7.4  83.7   12    SW
 18  4   7.6  62.8   11    SW
 18  5   5.1  45.1   25    SW
 18  6   4.8  35.4   12    SW
 18  7   5.1  38.6   13    SW
 18  8   4.3  38.6   17    SW
 18  9   5.3  43.5   10    NE
 18 10   5.3  57.9   29    SW
 18 11   4.7  64.4   26    NW
 18 12   3.0  48.3   14   WNW
---------------------------------
         5.1  83.7  MAR   SW