NOAA-Style Climate Reports


Report for 2018 Diciembre
                   MONTHLY CLIMATOLOGICAL SUMMARY for NOV. 2018

NAME: Ayuntamiento de L'Alfàs del Pi   CITY: L'Alfàs del Pi   STATE: Alicante 
ELEV:    95 m  LAT:  38° 34' 47" N  LONG:   0° 06' 05" W

                   TEMPERATURE (°C), RAIN  (mm), WIND SPEED (km/hr)

                                      HEAT  COOL        AVG
    MEAN                              DEG   DEG         WIND                 DOM
DAY TEMP  HIGH   TIME   LOW    TIME   DAYS  DAYS  RAIN  SPEED HIGH   TIME    DIR
------------------------------------------------------------------------------------
 1  14.3  18.5   16:00  11.0    5:30   4.0   0.0   0.0   5.8  33.8   14:30    NW
 2  14.9  18.9   16:30  12.0    2:30   3.4   0.0   0.0   3.2  25.7   17:00   NNE
 3  15.4  18.8   13:00  11.9    8:00   2.9   0.0   0.0   3.9  20.9   13:30    NW
 4  15.3  19.7   16:30  11.1    5:00   3.2   0.2   0.0   2.1  12.9   12:00    NW
 5  14.2  18.0   11:30  11.2   21:00   4.2   0.0   1.6   3.9  32.2   12:00     W
 6  14.4  18.2   14:30  11.8    3:30   3.9   0.0   0.0   6.6  41.8   13:00     W
 7  15.0  18.8   14:30  11.1    4:00   3.3   0.0   0.0   3.4  27.4   16:00   WNW
 8  16.6  19.7   13:30  13.4    2:30   1.9   0.2   0.2   4.0  37.0   23:00    SW
 9  15.4  19.2   17:00  12.3   22:00   2.8   0.0   0.8   4.7  35.4    7:30   WNW
10  16.4  20.7   14:00  12.9    4:30   2.1   0.2   0.0   4.3  33.8   15:00   WNW
11  17.1  22.0   13:30  14.3   22:30   1.7   0.5   0.2   4.5  25.7   15:30    SW
12  17.4  20.9   12:30  13.9    2:00   1.4   0.5   0.0   3.7  32.2   22:00    SW
13  18.8  20.8   15:00  16.9    0:30   0.1   0.5   0.0  12.4  38.6   12:00     N
14  18.6  21.5   14:30  17.3    4:30   0.3   0.6   0.0   9.3  35.4    0:30   NNE
15  17.7  19.1   13:30  15.4    9:00   0.6   0.1   3.2   6.4  25.7    6:00    NE
16  17.4  19.8   12:00  14.8   23:00   1.1   0.2   6.6   7.1  27.4   13:30    NE
17  16.0  18.7   13:00  14.8    7:00   2.3   0.0   1.0   5.0  25.7   16:30   NNE
18  15.0  17.1   13:00  13.2   00:00   3.3   0.0   3.6   6.3  29.0   20:30    NE
19  13.3  13.9   17:00  12.9   11:30   5.0   0.0  24.2   4.8  27.4   16:30   NNE
20  14.7  18.2   13:00  12.6    7:00   3.6   0.0   0.0   4.8  27.4   13:00    SW
21  13.8  17.3   15:30  11.4    5:00   4.5   0.0   0.0   2.4  20.9    0:30    SW
22  14.6  17.1   15:00  12.7    5:30   3.7   0.0   0.0   1.1   8.0    6:30    NW
23  14.8  17.6   15:30  12.1   22:00   3.5   0.0   0.0   1.6  11.3   13:30    NW
24  13.5  18.3   14:30  10.3    5:30   4.8   0.0   0.0   3.2  17.7   10:00    NW
25  13.9  17.2   13:30   9.7    2:30   4.4   0.0   0.0   4.7  30.6   14:30    SW
26  15.7  17.8   16:00  12.8    6:00   2.7   0.0   0.0   7.6  64.4   23:30   WNW
27  15.2  19.3   14:00  11.8    8:30   3.2   0.0   0.0   5.5  61.2    0:30    NW
28  15.4  20.3   12:00  12.2    7:00   3.1   0.2   0.0   2.6  12.9   13:00    NW
29  14.2  17.7   11:00  11.1    8:00   4.1   0.0   0.0   3.9  22.5   15:00   WNW
30  11.7  19.0   13:30 -40.6   20:30   6.7   0.1   0.0   3.7  25.7   14:00    NW
-------------------------------------------------------------------------------------
    15.4  22.0    11   -40.6    30    91.6   3.3  41.4   4.7  64.4    26      NW

Max >=  32.0:  0
Max <=   0.0:  0
Min <=   0.0:  1
Min <= -18.0:  1
Max Rain: 24.21 ON 19/11/18
Days of Rain: 9 (> .2 mm) 4 (> 2 mm) 1 (> 20 mm)
Heat Base:  18.3  Cool Base:  18.3  Method: Integration