NOAA-Style Climate Reports


Report for 2018 Octubre
                   MONTHLY CLIMATOLOGICAL SUMMARY for OCT. 2018

NAME: Ayuntamiento de L'Alfàs del Pi   CITY: L'Alfàs del Pi   STATE: Alicante 
ELEV:    95 m  LAT:  38° 34' 47" N  LONG:   0° 06' 05" W

                   TEMPERATURE (°C), RAIN  (mm), WIND SPEED (km/hr)

                                      HEAT  COOL        AVG
    MEAN                              DEG   DEG         WIND                 DOM
DAY TEMP  HIGH   TIME   LOW    TIME   DAYS  DAYS  RAIN  SPEED HIGH   TIME    DIR
------------------------------------------------------------------------------------
 1  21.6  25.9   14:00  18.5    8:30   0.0   3.2   0.0   4.0  30.6   15:00    NE
 2  20.2  22.8   14:00  17.8    8:30   0.0   2.0   0.0   4.8  27.4   12:30   WNW
 3  21.1  25.4   14:30  16.1    8:00   0.2   2.9   0.4   3.1  14.5   13:00    SW
 4  21.4  25.1   17:00  17.6    7:00   0.0   3.2   0.0   3.5  19.3   13:00   WNW
 5  21.5  25.0   13:30  18.4    7:00   0.0   3.2   0.0   3.2  17.7   13:00    NW
 6  21.4  24.2   18:00  18.3    8:30   0.0   3.2   0.0   6.6  33.8   14:00    SW
 7  21.1  24.6   13:00  18.7    6:00   0.0   2.8   0.0   6.6  32.2   16:30    NE
 8  19.5  22.3   14:30  16.7    9:00   0.1   1.3   0.0   7.7  29.0   11:00    NE
 9  19.1  22.2   15:30  16.8    8:30   0.3   1.1   0.0   7.7  29.0   15:00   NNE
10  21.1  25.1   15:00  18.1    6:30   0.0   2.7   0.2   4.3  20.9   15:30   ESE
11  21.2  24.3   14:00  18.3    7:00   0.0   2.9   3.2   4.5  25.7   14:30    SW
12  22.6  26.6   16:00  19.3    8:00   0.0   4.2   3.4   2.6  17.7   13:30    SW
13  21.5  24.4   17:30  18.7    5:00   0.0   3.2   0.0   2.7  19.3   14:00   WNW
14  20.2  24.8   13:00  16.3   00:00   0.1   2.0   4.0   2.9  24.1   22:00    SW
15  18.9  23.1   14:30  15.8    0:30   0.7   1.3   0.0   7.2  37.0   15:30    SW
16  19.5  23.5   14:00  17.4   20:00   0.1   1.3   5.4   6.1  33.8   18:30   NNE
17  19.8  24.0   17:00  17.6    6:00   0.1   1.5   0.0   6.4  29.0   13:00   NNE
18  19.5  23.8   17:00  16.6    4:00   0.1   1.3   1.0   3.9  19.3    8:30   NNE
19  19.2  22.9   17:30  16.9    7:30   0.2   1.2   0.0   3.1  19.3    2:00    SW
20  20.3  24.1   14:00  16.6    6:30   0.3   2.3   4.8   8.4  38.6   16:00    NE
21  21.7  23.6   12:30  19.2   00:00   0.0   3.4   3.0   8.7  37.0   13:00    NE
22  20.5  24.6   12:30  17.2    5:30   0.1   2.4   2.0   3.2  24.1   19:30    NE
23  19.9  22.7   12:00  18.0    7:30   0.0   1.6   0.0   4.5  20.9   13:30   NNE
24  19.4  23.0   15:30  16.2    8:00   0.5   1.6   0.0   3.7  19.3   16:00    SW
25  19.8  23.4   15:00  16.3    8:00   0.3   1.8   0.0   4.7  24.1   16:30     W
26  19.3  22.6   15:00  15.6    9:00   0.4   1.4   0.0   4.5  27.4   14:30    SW
27  17.7  21.1   13:00  11.9   00:00   1.1   0.5  12.0   2.7  24.1   15:30    NW
28  12.3  16.4   13:00  10.3   18:30   6.0   0.0   2.4   6.4  46.7   22:00   NNW
29  12.2  16.1   15:00   8.2    8:00   6.1   0.0   0.0  11.7  57.9   13:30     W
30  12.9  15.8   12:00  11.0    4:00   5.4   0.0  27.2   7.1  48.3   23:00   WSW
31  13.2  16.6   16:00   9.5    8:00   5.2   0.0   9.8   6.4  32.2   15:00    SW
-------------------------------------------------------------------------------------
    19.3  26.6    12     8.2    29    27.3  59.5  78.8   5.3  57.9    29      SW

Max >=  32.0:  0
Max <=   0.0:  0
Min <=   0.0:  0
Min <= -18.0:  0
Max Rain: 27.20 ON 30/10/18
Days of Rain: 14 (> .2 mm) 11 (> 2 mm) 1 (> 20 mm)
Heat Base:  18.3  Cool Base:  18.3  Method: Integration