NOAA-Style Climate Reports


Report for 2018 Agosto
                   MONTHLY CLIMATOLOGICAL SUMMARY for AUG. 2018

NAME: Ayuntamiento de L'Alfàs del Pi   CITY: L'Alfàs del Pi   STATE: Alicante 
ELEV:    95 m  LAT:  38° 34' 47" N  LONG:   0° 06' 05" W

                   TEMPERATURE (°C), RAIN  (mm), WIND SPEED (km/hr)

                                      HEAT  COOL        AVG
    MEAN                              DEG   DEG         WIND                 DOM
DAY TEMP  HIGH   TIME   LOW    TIME   DAYS  DAYS  RAIN  SPEED HIGH   TIME    DIR
------------------------------------------------------------------------------------
 1  27.2  31.1   11:30  23.3    5:30   0.0   8.9   0.0   3.4  24.1   18:00    NE
 2  27.9  31.7   15:00  24.4    5:00   0.0   9.6   0.0   3.4  24.1   15:30    NE
 3  28.4  33.0   13:00  25.4    2:00   0.0  10.2   0.0   4.0  24.1   15:30    SW
 4  28.9  33.2   18:30  24.9    3:30   0.0  10.7   0.0   3.2  17.7   14:30    SW
 5  31.0  35.2   12:30  25.5    6:30   0.0  12.7   0.0   3.9  24.1   17:30    SW
 6  30.6  33.8   14:00  27.8   00:00   0.0  12.1   0.0   5.5  25.7   17:00    SW
 7  28.0  30.6   15:00  25.3    6:00   0.0   9.7   0.0   6.4  25.7   15:30    SW
 8  27.7  30.0   16:00  25.6    7:00   0.0   9.3   0.0   4.3  27.4   14:30    NE
 9  27.7  31.5   16:00  24.4    8:00   0.0   9.4   0.0   3.7  22.5   16:30    SW
10  27.7  30.7   11:30  25.2    6:30   0.0   9.4   0.0   8.2  37.0   18:00    NE
11  27.5  30.0   15:30  25.6    7:00   0.0   9.2   0.0   5.5  25.7   12:30    NE
12  26.9  30.2   16:00  24.1    7:00   0.0   8.6   0.0   3.9  24.1   13:30    SW
13  27.4  30.4   17:30  24.9    7:30   0.0   9.1   0.0   6.1  29.0    3:30    SW
14  27.5  31.0   15:30  24.6    6:00   0.0   9.2   0.0   6.6  35.4   15:30   NNE
15  26.2  28.6   15:00  24.3   12:00   0.0   7.9   7.6   4.3  22.5   11:30    NE
16  24.3  27.1   10:30  20.6   12:30   0.0   6.0  10.6   1.9  30.6   11:30    SW
17  23.4  26.7   12:00  20.8   14:00   0.0   5.2   1.8   2.6  38.6   13:30    NE
18  24.1  27.5   13:30  22.6    2:00   0.0   5.8   0.0   5.6  37.0   15:30   NNE
19  24.9  27.9   12:30  22.5    7:30   0.0   6.6   0.0   6.1  33.8   16:00     N
20  26.2  30.8   14:30  22.1    5:30   0.0   7.9   0.0   2.6  20.9   15:00    NE
21  27.0  30.9   19:00  23.2    5:30   0.0   8.7   0.0   3.5  20.9   12:00   WNW
22  26.8  30.7   13:00  23.4    7:30   0.0   8.5   0.0   3.4  20.9   14:00    NE
23  26.6  30.2   11:30  23.6    6:30   0.0   8.3   0.0   4.2  25.7   16:30    SW
24  27.3  30.9   14:30  24.2    8:00   0.0   9.0   0.0   4.5  24.1   18:00    SW
25  26.4  29.8   13:00  23.8    5:30   0.0   8.1   0.0   3.4  20.9   14:00    NE
26  26.1  28.9   12:00  23.8    7:00   0.0   7.8   0.0   5.0  25.7   12:30    SW
27  27.1  30.3   14:30  24.7    8:00   0.0   8.8   0.0   3.5  20.9   12:30    SW
28  26.4  30.7   17:00  23.1    8:00   0.0   8.1   0.0   3.4  19.3   12:30    NE
29  26.2  30.4   17:00  21.9    6:30   0.0   7.8   0.0   3.2  22.5   18:00    NE
30  26.4  30.2   12:00  24.4    7:00   0.0   8.1   0.0   5.1  27.4   12:30   NNE
31  25.6  28.2   12:30  22.9    6:00   0.0   7.3   0.0   3.9  24.1   14:00    NE
-------------------------------------------------------------------------------------
    26.9  35.2     5    20.6    16     0.0 267.8  20.0   4.3  38.6    17      SW

Max >=  32.0:  4
Max <=   0.0:  0
Min <=   0.0:  0
Min <= -18.0:  0
Max Rain: 10.59 ON 16/08/18
Days of Rain: 3 (> .2 mm) 2 (> 2 mm) 0 (> 20 mm)
Heat Base:  18.3  Cool Base:  18.3  Method: Integration