NOAA-Style Climate Reports

Select a Year or Month report
2019: Ene Feb Mar Abr May Jun Jul Ago Sep Oct Nov Dic
2018: Ene Feb Mar Abr May Jun Jul Ago Sep Oct Nov Dic
2017: Ene Feb Mar Abr May Jun Jul Ago Sep Oct Nov Dic
2016: Ene Feb Mar Abr May Jun Jul Ago Sep Oct Nov Dic
2015: Ene Feb Mar Abr May Jun Jul Ago Sep Oct Nov Dic
2014: Ene Feb Mar Abr May Jun Jul Ago Sep Oct Nov Dic
2013: Ene Feb Mar Abr May Jun Jul Ago Sep Oct Nov Dic
2012: Ene Feb Mar Abr May Jun Jul Ago Sep Oct Nov Dic

Report for 2018 Julio
                   MONTHLY CLIMATOLOGICAL SUMMARY for JUL. 2018

NAME: Ayuntamiento de L'Alfàs del Pi   CITY: L'Alfàs del Pi   STATE: Alicante 
ELEV:    95 m  LAT:  38° 34' 47" N  LONG:   0° 06' 05" W

                   TEMPERATURE (°C), RAIN  (mm), WIND SPEED (km/hr)

                                      HEAT  COOL        AVG
    MEAN                              DEG   DEG         WIND                 DOM
DAY TEMP  HIGH   TIME   LOW    TIME   DAYS  DAYS  RAIN  SPEED HIGH   TIME    DIR
------------------------------------------------------------------------------------
 1  25.1  27.6   12:00  21.9    7:00   0.0   6.8   0.0   5.1  25.7   15:00    SW
 2  26.3  32.6   14:30  21.8    5:30   0.0   8.0   0.0   4.7  30.6   15:30    SW
 3  24.8  28.8   16:00  21.3    6:30   0.0   6.5   0.0   4.0  17.7   13:30    NE
 4  24.5  28.4   18:30  21.2    5:00   0.0   6.2   0.0   5.0  25.7   19:30    SW
 5  26.2  31.5   12:00  22.4    2:00   0.0   7.9   0.0   5.3  30.6   13:30    SW
 6  25.2  28.9   11:00  21.6    5:00   0.0   6.9   0.0   4.3  25.7   16:00    NE
 7  25.3  28.7   15:30  21.8    4:00   0.0   7.0   0.0   4.7  27.4   17:30    NE
 8  26.9  30.2   13:30  23.6    0:30   0.0   8.7   7.4   6.4  30.6   15:00    NE
 9  26.2  30.2   17:30  22.8    4:30   0.0   7.8   0.0   5.8  25.7   15:00    SW
10  25.6  29.0   14:30  22.3    6:00   0.0   7.3   0.0   5.0  24.1   19:30    SW
11  25.2  28.9   15:30  22.5    7:00   0.0   6.9   0.0   3.7  20.9   16:00    NE
12  26.4  30.6   13:30  23.0    6:00   0.0   8.1   0.0   5.3  29.0   17:30     W
13  28.0  31.7   15:00  24.9    3:30   0.0   9.7   0.0  10.1  38.6    6:30   NNE
14  26.4  29.4   15:30  23.4    6:30   0.0   8.1   0.0   7.1  29.0   17:00    SW
15  26.4  33.7   14:00  23.1    7:00   0.0   8.1   0.0   4.8  25.7   15:00    SW
16  27.6  35.2   15:00  23.4    3:30   0.0   9.3   0.0   7.2  37.0   16:00    SW
17  25.7  28.7   12:00  22.1    6:00   0.0   7.4   0.0   4.7  27.4   16:30    NE
18  26.8  30.2   12:00  23.6    5:00   0.0   8.5   0.0   5.0  30.6   16:00    NE
19  25.7  29.7   14:30  22.4    6:00   0.0   7.4   0.0   4.3  22.5   23:30    SW
20  25.4  28.8   15:30  23.1    7:00   0.0   7.2   0.0   4.2  24.1   16:00    SW
21  25.7  28.7   19:00  22.5    7:00   0.0   7.4   0.0   5.1  27.4   16:00    SW
22  25.4  28.3   14:00  23.3    7:00   0.0   7.1   0.0   6.1  33.8   15:30    NE
23  26.1  29.9   13:30  22.7    7:30   0.0   7.8   0.6   4.8  25.7   19:00    SW
24  26.7  31.8   12:30  22.6    5:00   0.0   8.4   0.0   6.4  29.0   15:00    SW
25  25.9  29.2   16:30  22.7    7:30   0.0   7.6   0.0   3.2  20.9   15:00    SW
26  26.2  29.7   17:30  22.5    7:30   0.0   7.9   0.0   4.5  20.9   14:00    SW
27  25.8  29.4   12:00  22.8    4:30   0.0   7.5   0.0   4.3  20.9   12:30    SW
28  26.2  30.8   19:30  21.8    6:30   0.0   7.9   0.0   4.8  20.9   12:00    SW
29  26.6  29.4   15:00  23.7    3:00   0.0   8.3   0.0   5.6  25.7   13:00    SW
30  27.0  30.9   15:30  23.9    7:30   0.0   8.7   0.0   4.3  24.1   13:30    NE
31  27.3  31.5   17:30  23.8    7:30   0.0   9.0   0.0   3.2  19.3   14:00    SW
-------------------------------------------------------------------------------------
    26.1  35.2    16    21.2     4     0.0 241.2   8.0   5.1  38.6    13      SW

Max >=  32.0:  3
Max <=   0.0:  0
Min <=   0.0:  0
Min <= -18.0:  0
Max Rain: 7.39 ON 08/07/18
Days of Rain: 2 (> .2 mm) 1 (> 2 mm) 0 (> 20 mm)
Heat Base:  18.3  Cool Base:  18.3  Method: Integration