NOAA-Style Climate Reports

Select a Year or Month report
2019: Ene Feb Mar Abr May Jun Jul Ago Sep Oct Nov Dic
2018: Ene Feb Mar Abr May Jun Jul Ago Sep Oct Nov Dic
2017: Ene Feb Mar Abr May Jun Jul Ago Sep Oct Nov Dic
2016: Ene Feb Mar Abr May Jun Jul Ago Sep Oct Nov Dic
2015: Ene Feb Mar Abr May Jun Jul Ago Sep Oct Nov Dic
2014: Ene Feb Mar Abr May Jun Jul Ago Sep Oct Nov Dic
2013: Ene Feb Mar Abr May Jun Jul Ago Sep Oct Nov Dic
2012: Ene Feb Mar Abr May Jun Jul Ago Sep Oct Nov Dic

Report for 2018 Marzo
                   MONTHLY CLIMATOLOGICAL SUMMARY for MAR. 2018

NAME: Ayuntamiento de L'Alfàs del Pi   CITY: L'Alfàs del Pi   STATE: Alicante 
ELEV:    95 m  LAT:  38° 34' 47" N  LONG:   0° 06' 05" W

                   TEMPERATURE (°C), RAIN  (mm), WIND SPEED (km/hr)

                                      HEAT  COOL        AVG
    MEAN                              DEG   DEG         WIND                 DOM
DAY TEMP  HIGH   TIME   LOW    TIME   DAYS  DAYS  RAIN  SPEED HIGH   TIME    DIR
------------------------------------------------------------------------------------
 1  14.2  17.9   22:00   9.9    6:00   4.1   0.0   0.0  10.6  59.5   22:00    SW
 2  12.9  15.3    0:30  10.6    8:00   5.3   0.0   1.4   7.1  45.1    0:30   WSW
 3  13.9  17.9   11:30  11.1    2:00   4.4   0.0   1.8   6.6  35.4   10:30   WSW
 4  12.3  15.8   13:00   9.5    8:00   6.0   0.0   0.2   5.3  25.7   13:00    SW
 5  13.2  16.1   14:00  10.4    5:30   5.2   0.0   1.0  10.0  41.8   22:30   WSW
 6  13.4  15.9   13:30  11.6    4:30   4.9   0.0   0.0   9.3  48.3    9:30    SW
 7  13.8  18.7   15:00  10.4    5:30   4.5   0.0   0.0   6.6  35.4    6:00   WSW
 8  12.6  16.2   18:00   9.5    8:00   5.7   0.0   1.8   5.5  32.2   14:00    SW
 9  15.8  20.8   13:30  12.7    8:00   2.7   0.2   0.0   4.5  30.6   15:30    SW
10  16.2  20.6   17:30  12.4    4:00   2.5   0.4   0.0   4.8  30.6   15:00    SW
11  14.9  19.7   13:30  11.4    7:00   3.4   0.0   0.2  10.1  56.3   19:00    SW
12  15.3  18.9   17:00  12.3    0:30   3.0   0.0   0.0  13.8  83.7    9:30     W
13  15.2  19.2   14:00  12.1    8:30   3.2   0.0   0.0   3.7  27.4    2:30     W
14  15.3  19.3   14:00  12.1    7:00   3.1   0.0   0.0   4.0  29.0   16:00    SW
15  14.2  16.8    8:30  12.1   22:30   4.1   0.0   0.0   7.6  56.3    8:30   WSW
16  13.6  18.3   14:30   9.6    6:30   4.7   0.0   0.0   3.9  27.4   20:00    NE
17  12.6  15.3   14:00   9.1    5:30   5.7   0.0   0.2   9.0  40.2   14:00    SW
18  12.1  18.2   19:00 -40.6   10:00   6.3   0.0   0.0   3.4  24.1    7:30    NE
19  12.8  16.8   14:00  10.3   00:00   5.5   0.0   2.8  10.6  56.3   00:00   WSW
20  10.7  13.0   14:00   7.9   00:00   7.7   0.0   0.2   8.4  57.9    6:00    NW
21   9.7  13.0   17:30   6.6    6:00   8.6   0.0   0.0   6.9  33.8    1:00     N
22   9.6  12.6   13:00   6.1    7:30   8.7   0.0   0.0   9.3  45.1    1:00    SW
23  10.4  19.1   14:30 -40.6   10:30   7.9   0.0   0.0   4.8  32.2   22:30    NE
24  14.1  15.9    1:00  11.4    6:30   4.2   0.0   1.8  13.5  66.0    7:00   WNW
25  13.2  16.1   14:00  10.2   23:30   4.9   0.0   0.4   8.0  49.9    7:30    NW
26  12.8  16.7   17:00   8.7    7:00   5.5   0.0   0.0   5.1  24.1   14:30    SW
27  15.1  19.9   16:30 -40.6   14:00   3.3   0.1   0.0   5.5  30.6   18:30    SW
28  18.4  23.9   15:30  13.1    2:30   1.5   1.6   0.0   4.5  35.4   18:00    SW
29  17.4  22.5   14:00  13.1   00:00   1.5   0.6   0.0   3.4  24.1   15:00    NE
30  13.9  18.3   14:30  10.6   00:00   4.3   0.0   1.0   7.2  43.5   21:00     W
31  14.6  18.8   18:00  10.3    5:00   3.7   0.0   0.0  15.1  69.2    8:30     W
-------------------------------------------------------------------------------------
    13.7  23.9    28   -40.6    18   146.1   3.0  12.8   7.4  83.7    12      SW

Max >=  32.0:  0
Max <=   0.0:  0
Min <=   0.0:  3
Min <= -18.0:  3
Max Rain: 2.79 ON 19/03/18
Days of Rain: 12 (> .2 mm) 1 (> 2 mm) 0 (> 20 mm)
Heat Base:  18.3  Cool Base:  18.3  Method: Integration