NOAA-Style Climate Reports

Select a Year or Month report
2019: Ene Feb Mar Abr May Jun Jul Ago Sep Oct Nov Dic
2018: Ene Feb Mar Abr May Jun Jul Ago Sep Oct Nov Dic
2017: Ene Feb Mar Abr May Jun Jul Ago Sep Oct Nov Dic
2016: Ene Feb Mar Abr May Jun Jul Ago Sep Oct Nov Dic
2015: Ene Feb Mar Abr May Jun Jul Ago Sep Oct Nov Dic
2014: Ene Feb Mar Abr May Jun Jul Ago Sep Oct Nov Dic
2013: Ene Feb Mar Abr May Jun Jul Ago Sep Oct Nov Dic
2012: Ene Feb Mar Abr May Jun Jul Ago Sep Oct Nov Dic

Report for 2018 Febrero
                   MONTHLY CLIMATOLOGICAL SUMMARY for FEB. 2018

NAME: Ayuntamiento de L'Alfàs del Pi   CITY: L'Alfàs del Pi   STATE: Alicante 
ELEV:    95 m  LAT:  38° 34' 47" N  LONG:   0° 06' 05" W

                   TEMPERATURE (°C), RAIN  (mm), WIND SPEED (km/hr)

                                      HEAT  COOL        AVG
    MEAN                              DEG   DEG         WIND                 DOM
DAY TEMP  HIGH   TIME   LOW    TIME   DAYS  DAYS  RAIN  SPEED HIGH   TIME    DIR
------------------------------------------------------------------------------------
 1  12.3  16.1   15:00   8.1   00:00   6.0   0.0   2.8   5.8  33.8   20:30    SW
 2   7.0   9.4   17:30   5.3   11:00  11.3   0.0   5.6   8.4  38.6    9:00   NNE
 3   9.7  14.4   18:00   4.9    3:00   8.6   0.0   0.0   5.0  38.6    4:30    NW
 4   9.9  13.2   13:30   7.7    2:30   8.3   0.0   1.8   3.1  19.3   16:00    NW
 5   9.2  12.1   14:30   7.2   00:00   9.1   0.0   3.4   1.4  12.9   12:00    NW
 6   7.9  10.1   11:00   5.9   00:00  10.4   0.0   1.0   6.1  30.6   17:00   NNE
 7   7.4  10.1   13:00   5.4    1:30  10.8   0.0   1.6   2.3  19.3   14:00    NW
 8   7.9  11.8   15:30   5.3    6:30  10.4   0.0   0.0   4.8  27.4   12:00     N
 9   8.2  10.8   13:30   5.6    6:00  10.2   0.0   0.0   4.7  30.6    5:30    SW
10   9.4  12.2   13:00   7.1   00:00   8.8   0.0   0.0   7.2  41.8    3:00    NW
11  11.2  16.9   21:30   5.0    6:30   7.1   0.0   0.2   4.3  22.5   14:00    SW
12  11.9  15.4    8:30   6.9   00:00   6.4   0.0   1.4   5.1  29.0    8:00    NE
13   9.9  14.0   15:30   4.5    8:00   8.4   0.0   0.0   6.1  32.2   15:30    SW
14  13.6  18.1   16:30  10.2    1:00   4.7   0.0   0.0   2.4  19.3    2:30    NE
15  15.0  20.0   15:00  11.3    8:00   3.5   0.2   0.0   2.6  19.3   15:00     W
16  13.6  17.1   15:00  10.9    6:30   4.7   0.0   0.0   2.3  17.7   13:00    SW
17  13.1  16.1   13:30  10.1    7:30   5.2   0.0   0.0   3.9  38.6   00:00    NE
18  12.0  14.4    1:00   9.8   00:00   6.3   0.0   0.8   4.8  33.8    5:30   NNE
19  11.8  15.7   12:30   8.7    4:30   6.5   0.0   0.2   2.6  14.5   14:00   WNW
20  14.0  18.4   13:00   9.3    2:30   4.3   0.0   0.0   4.2  22.5   14:00    SW
21  11.6  14.6   13:30   7.4   00:00   6.7   0.0   3.8   7.4  35.4   15:00   NNE
22   8.9  12.4   13:30   5.8    8:00   9.4   0.0   0.0   4.0  22.5   15:30    NE
23   8.3  11.5   15:00   5.5    6:30  10.0   0.0   0.0   5.0  25.7   14:00   ESE
24   9.2  13.2   16:00   5.6    5:30   9.1   0.0   0.0   3.9  22.5   15:30    NW
25  11.2  15.8   16:00   6.7    5:30   7.1   0.0   0.0   2.9  20.9   15:30    SW
26  12.5  16.5   12:00   9.4    1:00   5.8   0.0   0.0   3.7  30.6   14:30    NE
27   9.9  11.7    0:30   8.6   20:30   8.3   0.0   3.0   2.6  19.3   22:30   NNE
28  11.6  14.6   16:30   8.7    0:30   6.8   0.0   0.0   3.5  27.4   13:00    SW
-------------------------------------------------------------------------------------
    10.6  20.0    15     4.5    13   214.4   0.2  25.6   4.3  41.8    10      NW

Max >=  32.0:  0
Max <=   0.0:  0
Min <=   0.0:  0
Min <= -18.0:  0
Max Rain: 5.59 ON 02/02/18
Days of Rain: 12 (> .2 mm) 5 (> 2 mm) 0 (> 20 mm)
Heat Base:  18.3  Cool Base:  18.3  Method: Integration