NOAA-Style Climate Reports

Select a Year or Month report
2019: Ene Feb Mar Abr May Jun Jul Ago Sep Oct Nov Dic
2018: Ene Feb Mar Abr May Jun Jul Ago Sep Oct Nov Dic
2017: Ene Feb Mar Abr May Jun Jul Ago Sep Oct Nov Dic
2016: Ene Feb Mar Abr May Jun Jul Ago Sep Oct Nov Dic
2015: Ene Feb Mar Abr May Jun Jul Ago Sep Oct Nov Dic
2014: Ene Feb Mar Abr May Jun Jul Ago Sep Oct Nov Dic
2013: Ene Feb Mar Abr May Jun Jul Ago Sep Oct Nov Dic
2012: Ene Feb Mar Abr May Jun Jul Ago Sep Oct Nov Dic

Report for 2017 Diciembre
                   MONTHLY CLIMATOLOGICAL SUMMARY for DEC. 2017

NAME: Ayuntamiento de L'Alfàs del Pi   CITY: L'Alfàs del Pi   STATE: Alicante 
ELEV:    95 m  LAT:  38° 34' 47" N  LONG:   0° 06' 05" W

                   TEMPERATURE (°C), RAIN  (mm), WIND SPEED (km/hr)

                                      HEAT  COOL        AVG
    MEAN                              DEG   DEG         WIND                 DOM
DAY TEMP  HIGH   TIME   LOW    TIME   DAYS  DAYS  RAIN  SPEED HIGH   TIME    DIR
------------------------------------------------------------------------------------
 1  10.3  15.1   14:30   6.4    7:00   7.9   0.0   0.0   8.2  46.7   16:00    NW
 2   9.2  11.7   14:30   6.6    1:00   9.1   0.0   0.0  14.8  64.4    8:30    NW
 3   8.8  13.1   16:00   4.7    6:30   9.5   0.0   0.0   3.4  19.3    3:00    NW
 4   9.7  13.9   14:30   6.2    1:30   8.6   0.0   0.0   3.5  16.1    6:00    NW
 5  10.4  14.8   13:00   6.8    6:00   7.8   0.0   0.0   3.2  22.5   13:30    SW
 6  11.7  15.9   15:30   7.8    1:30   6.6   0.0   0.0   2.3  17.7   13:00    NW
 7  12.3  15.9   12:30   9.2    3:30   6.0   0.0   0.0   4.5  22.5   15:00   WNW
 8  14.3  21.4   15:00   8.2    6:30   4.2   0.2   0.0   2.3  30.6   21:30    NW
 9  14.8  19.0   14:00  11.2   22:30   3.5   0.0   0.0   2.9  24.1    5:30    NW
10  15.4  19.2   13:00  11.3    5:30   2.9   0.1   0.0   7.1  40.2   13:00   WSW
11  13.8  16.8   11:30   8.1   00:00   4.5   0.0   0.2   9.3  49.9   12:30   WSW
12  10.0  15.0   12:30   7.4    1:00   8.3   0.0   2.6   3.2  29.0   16:00    NW
13  10.7  15.1   16:00   6.1    5:30   7.6   0.0   0.0   4.5  27.4   17:00    SW
14  14.0  18.7   13:30   8.7    1:00   4.3   0.0   0.0   3.4  29.0   14:30    NW
15  15.8  19.5   13:30  12.6   23:30   2.5   0.1   0.4   6.9  35.4    1:30   WSW
16  12.5  15.7   14:00   9.2   23:00   5.8   0.0   0.0   6.6  37.0    7:30    NW
17  10.4  13.3   15:00   7.3   23:30   7.9   0.0   0.0   7.1  27.4   11:30     N
18  10.0  13.8   13:30   5.8    6:00   8.3   0.0   0.0   4.0  22.5   16:00    NW
19  12.2  14.7    2:30  10.0    5:00   6.1   0.0   2.6  10.9  41.8    8:00   NNE
20  12.1  14.5   13:00  10.2    2:00   6.3   0.0   0.0   3.7  24.1   23:00   NNE
21  12.2  15.0   17:00   8.7   00:00   6.1   0.0   0.0   6.9  29.0    1:30   NNE
22  11.7  16.2   14:00   7.9    7:00   6.6   0.0   0.0   2.3  17.7   14:30     W
23  12.9  15.9   10:30  10.0    1:00   5.4   0.0   0.0   1.6  16.1   13:30   WNW
24  12.7  16.0   14:00   9.7    9:00   5.6   0.0   0.0   2.7  20.9   15:00    SW
25  12.1  15.6   11:00   9.2    4:00   6.2   0.0   0.0   3.2  24.1   16:00   WNW
26  13.1  16.3   12:30   9.9    3:00   5.2   0.0   0.0   7.6  57.9   23:30     W
27  14.8  18.1   12:00  12.1    1:30   3.5   0.0   0.0  14.8  78.9   10:00     W
28  16.4  21.0   17:30  11.9    8:00   2.5   0.6   0.0   7.1  43.5   17:30     W
29  18.1  22.7   15:30  14.1    9:00   1.1   0.8   0.0   4.0  27.4   13:30     W
30  16.7  22.6   15:30  12.9    8:30   2.3   0.7   0.0   2.7  14.5   12:00    NW
31  15.0  18.6   19:30  11.7    9:00   3.3   0.0   0.0   4.7  49.9   23:00    SW
-------------------------------------------------------------------------------------
    12.7  22.7    29     4.7     3   175.4   2.5   5.8   5.5  78.9    27      NW

Max >=  32.0:  0
Max <=   0.0:  0
Min <=   0.0:  0
Min <= -18.0:  0
Max Rain: 2.59 ON 12/12/17
Days of Rain: 4 (> .2 mm) 2 (> 2 mm) 0 (> 20 mm)
Heat Base:  18.3  Cool Base:  18.3  Method: Integration