NOAA-Style Climate Reports


Report for 2017 Noviembre
                   MONTHLY CLIMATOLOGICAL SUMMARY for NOV. 2017

NAME: Ayuntamiento de L'Alfàs del Pi   CITY: L'Alfàs del Pi   STATE: Alicante 
ELEV:    95 m  LAT:  38° 34' 47" N  LONG:   0° 06' 05" W

                   TEMPERATURE (°C), RAIN  (mm), WIND SPEED (km/hr)

                                      HEAT  COOL        AVG
    MEAN                              DEG   DEG         WIND                 DOM
DAY TEMP  HIGH   TIME   LOW    TIME   DAYS  DAYS  RAIN  SPEED HIGH   TIME    DIR
------------------------------------------------------------------------------------
 1  19.1  22.2   14:00  16.9   23:30   0.3   1.1   0.0   3.1  20.9   13:30   WNW
 2  18.7  21.9   13:30  16.0    7:30   0.6   1.0   0.2   3.1  16.1   14:30    NW
 3  18.4  22.0   14:00  15.9    6:00   0.7   0.9   0.0   2.3  16.1   00:00    NW
 4  19.5  22.8   17:00  17.1    1:00   0.2   1.4   0.0   4.2  27.4   17:30     W
 5  18.8  22.6   13:00  15.4    3:00   0.7   1.2   0.0   4.8  33.8    8:00    NW
 6  16.0  18.9   14:30  12.4   00:00   2.4   0.0   0.0   8.5  43.5    5:30    NW
 7  13.8  17.1   15:30  10.8    7:00   4.5   0.0   0.0   5.6  29.0    4:00    SW
 8  15.9  19.9   11:00  11.6    1:00   2.7   0.3   0.0   3.4  20.9   13:30   ESE
 9  13.9  17.5   17:00  11.4    8:00   4.3   0.0   0.0   6.3  29.0    2:00    NE
10  14.3  17.8   12:30  11.6    2:30   4.0   0.0   0.0   6.6  25.7    0:30    SW
11  16.2  19.7   13:30  12.3    5:00   2.4   0.3   0.0   4.3  22.5   14:00    SW
12  17.1  20.4   11:30  14.2    7:00   1.7   0.5   0.0   3.7  19.3   14:00    NW
13  16.6  19.2   12:00  11.4   23:30   1.8   0.1   0.0   7.9  48.3    8:00    NW
14  12.6  16.4   13:30   9.7    6:30   5.7   0.0   0.0   3.7  19.3   12:00    NW
15  13.4  17.4   15:00   9.7    5:00   4.9   0.0   0.0   6.3  32.2   13:00   WNW
16  14.5  18.0   11:00  11.3    4:30   3.8   0.0   0.0   3.1  16.1   14:30    NW
17  14.3  17.9   14:00  10.2    8:00   4.0   0.0   0.0   3.9  20.9   12:30   WNW
18  14.7  18.5   13:30  11.2    3:30   3.7   0.0   0.0   3.9  24.1   14:30    SW
19  15.1  18.7   15:30  12.2    6:30   3.2   0.0   0.0   4.0  20.9   13:30    SW
20  15.1  18.6   12:00  12.2    3:00   3.3   0.0   0.0   3.5  24.1   12:30    SW
21  14.9  19.8   15:00  11.5    5:00   3.4   0.0   0.0   2.4  14.5   15:30   WNW
22  15.2  19.3   14:30  11.9    5:30   3.2   0.0   0.0   3.5  20.9   15:00   WNW
23  16.1  21.3   13:30  11.8    8:00   2.7   0.5   0.0   2.3  19.3   14:30   WNW
24  17.1  20.3   13:00  14.9    7:30   1.6   0.3   0.0   3.7  22.5   14:00     W
25  16.9  19.8   15:00  14.4    2:30   1.5   0.1   0.0   2.3  24.1   21:30     W
26  14.4  17.2   14:30  10.7   21:30   3.9   0.0   0.0   7.9  30.6    7:30    NE
27  13.2  16.0   13:00  10.2    7:30   5.2   0.0   0.0   3.4  17.7   12:30    NW
28  14.9  17.4   13:00  11.6    2:00   3.4   0.0   0.0   5.6  30.6   13:30   WSW
29  13.1  15.3    0:30  11.7   23:00   5.2   0.0   5.8   4.2  25.7   18:30   NNE
30  11.1  12.9   15:30   9.1   22:30   7.2   0.0   0.0   8.4  33.8   14:30   NNE
-------------------------------------------------------------------------------------
    15.5  22.8     4     9.1    30    91.9   7.7   6.0   4.5  48.3    13      NW

Max >=  32.0:  0
Max <=   0.0:  0
Min <=   0.0:  0
Min <= -18.0:  0
Max Rain: 5.79 ON 29/11/17
Days of Rain: 2 (> .2 mm) 1 (> 2 mm) 0 (> 20 mm)
Heat Base:  18.3  Cool Base:  18.3  Method: Integration