NOAA-Style Climate Reports


Report for 2017 Agosto
                   MONTHLY CLIMATOLOGICAL SUMMARY for AUG. 2017

NAME: Ayuntamiento de L'Alfàs del Pi   CITY: L'Alfàs del Pi   STATE: Alicante 
ELEV:    95 m  LAT:  38° 34' 47" N  LONG:   0° 06' 05" W

                   TEMPERATURE (°C), RAIN  (mm), WIND SPEED (km/hr)

                                      HEAT  COOL        AVG
    MEAN                              DEG   DEG         WIND                 DOM
DAY TEMP  HIGH   TIME   LOW    TIME   DAYS  DAYS  RAIN  SPEED HIGH   TIME    DIR
------------------------------------------------------------------------------------
 1  28.7  34.2   16:30  25.1    7:00   0.0  10.4   0.0   4.7  30.6   20:00    NE
 2  31.7  36.7   17:00  28.7    2:30   0.0  13.4   0.0   5.1  32.2   14:30    NE
 3  30.2  33.6   12:30  27.3    7:30   0.0  11.9   0.0   5.0  24.1   14:30    SW
 4  29.2  34.4   13:30  24.9    5:30   0.0  10.9   0.0   3.1  20.9   14:30    NE
 5  28.8  32.4   11:00  25.3    7:00   0.0  10.5   0.0   3.5  22.5   12:30    SW
 6  27.7  30.3   11:00  24.3    7:00   0.0   9.4   0.4   5.5  32.2   15:30   ENE
 7  27.4  30.4   16:00  24.6    6:30   0.0   9.1   0.0   5.1  32.2   20:00    SW
 8  27.9  31.7   12:30  25.3    8:00   0.0   9.6   0.0   7.2  32.2    2:00   ENE
 9  26.7  30.3   13:30  22.7   00:00   0.0   8.4   1.2  11.9  37.0   00:00    NE
10  22.2  25.8   14:00  17.1    9:30   0.0   3.9   2.4  12.7  53.1    1:30   NNE
11  23.4  26.4   13:30  19.8    6:00   0.0   5.1   0.0   4.3  29.0   13:00   ENE
12  23.9  26.7   17:30  20.7    7:00   0.0   5.6   0.0   5.5  27.4   13:30   ENE
13  24.3  26.9   14:30  21.5    7:30   0.0   6.0   0.0   5.0  25.7   13:30    NW
14  25.4  28.4   19:00  22.6    4:00   0.0   7.1   0.0   7.1  30.6   13:00    NE
15  27.1  30.8   13:00  24.1    4:30   0.0   8.8   0.0   6.1  32.2   15:00   ENE
16  27.2  31.1   16:30  24.3    6:30   0.0   8.9   0.0   4.0  22.5   15:30    SW
17  26.9  30.7   11:30  24.6    5:00   0.0   8.6   3.6   3.9  24.1   14:00    NE
18  26.3  29.8   14:00  22.6    2:30   0.0   8.0   0.0   3.7  20.9   13:00    SW
19  26.3  29.9   11:30  23.5    8:00   0.0   8.0   0.0   5.6  30.6   13:00   ENE
20  25.6  27.9   15:30  23.6    7:30   0.0   7.3   0.0   4.7  25.7   16:30   ENE
21  25.6  28.6   17:30  22.5    4:30   0.0   7.3   0.0   3.2  22.5   16:00   ESE
22  25.3  28.5   14:30  21.8    6:00   0.0   7.0   0.0   4.5  22.5   14:30    SW
23  25.4  29.7   13:30  21.4    5:30   0.0   7.1   0.0   3.1  17.7   15:30   WNW
24  25.4  29.0   19:00  20.8    7:00   0.0   7.1   0.0   3.7  25.7   14:30   WNW
25  25.1  28.2   14:30  21.8    8:00   0.0   6.8   0.0   3.5  24.1   12:30    NE
26  25.7  28.3   14:00  22.9    8:00   0.0   7.4   0.0   3.7  24.1   13:00    NE
27  27.1  31.1   18:30  23.2    6:30   0.0   8.8   0.0   3.9  22.5   13:00   ESE
28  26.3  30.4   11:00  24.0    6:00   0.0   8.0   0.0   3.9  25.7   13:00    SW
29  23.7  25.9   17:00  20.9   00:00   0.0   5.3  16.6   3.1  49.9   00:00    NW
30  21.7  24.9   16:30  18.5    3:30   0.0   3.4  23.2   6.6  38.6    0:30    SW
31  24.7  29.1   15:30  21.5    8:30   0.0   6.4   0.2   3.9  20.9   13:00    NE
-------------------------------------------------------------------------------------
    26.2  36.7     2    17.1    10     0.0 245.1  47.6   5.1  53.1    10      NE

Max >=  32.0:  5
Max <=   0.0:  0
Min <=   0.0:  0
Min <= -18.0:  0
Max Rain: 23.19 ON 30/08/17
Days of Rain: 7 (> .2 mm) 4 (> 2 mm) 1 (> 20 mm)
Heat Base:  18.3  Cool Base:  18.3  Method: Integration