NOAA-Style Climate Reports


Report for 2017 Julio
                   MONTHLY CLIMATOLOGICAL SUMMARY for JUL. 2017

NAME: Ayuntamiento de L'Alfàs del Pi   CITY: L'Alfàs del Pi   STATE: Alicante 
ELEV:    95 m  LAT:  38° 34' 47" N  LONG:   0° 06' 05" W

                   TEMPERATURE (°C), RAIN  (mm), WIND SPEED (km/hr)

                                      HEAT  COOL        AVG
    MEAN                              DEG   DEG         WIND                 DOM
DAY TEMP  HIGH   TIME   LOW    TIME   DAYS  DAYS  RAIN  SPEED HIGH   TIME    DIR
------------------------------------------------------------------------------------
 1  21.2  23.6   18:30  18.8    5:30   0.0   2.9   1.6   5.3  30.6    7:30    NE
 2  22.2  25.7   18:00  18.7    1:30   0.0   3.9   0.0   4.0  24.1   13:00   ESE
 3  23.3  27.3   16:00  19.0    6:30   0.0   5.0   0.2   3.7  19.3   13:30   WSW
 4  23.8  27.2   11:30  20.3    6:30   0.0   5.5   0.0   4.7  25.7   14:00    NE
 5  24.3  28.2   10:30  20.0    6:00   0.0   6.0   0.0   4.8  33.8   13:30    NE
 6  26.9  31.9   11:30  22.2    6:30   0.0   8.6   0.0   5.5  32.2   10:00    NE
 7  26.0  28.4    9:00  22.9   15:00   0.0   7.7   6.6   6.1  35.4    5:30    NE
 8  25.2  28.8   19:00  21.8    7:00   0.0   6.9   0.0   5.8  32.2   18:30    SW
 9  26.3  30.8   17:30  21.9    5:30   0.0   8.0   0.0   4.5  20.9   15:00    SW
10  26.3  30.2   18:00  22.4    7:00   0.0   8.0   0.2   3.4  24.1   13:30    SW
11  27.0  31.6   12:00  23.7    6:00   0.0   8.7   0.0   4.5  27.4   15:30    NE
12  26.8  30.2   10:00  23.1    7:30   0.0   8.5   0.0   3.9  22.5   17:30    SW
13  26.2  29.4   12:00  23.5    6:30   0.0   7.9   0.0   4.3  24.1   14:30    SW
14  26.1  29.2   11:30  24.2   00:00   0.0   7.8   0.0   5.1  32.2   12:30    NE
15  25.7  28.1   10:30  22.9    4:30   0.0   7.4   0.4   3.5  24.1   14:00    NE
16  27.0  30.9   15:00  22.6    6:30   0.0   8.7   0.0   4.0  22.5   15:00    SW
17  26.3  29.8   12:30  22.7    6:30   0.0   8.0   0.0   4.0  24.1   15:00    NE
18  25.7  28.4   13:30  22.9    7:00   0.0   7.4   0.0   4.5  22.5   15:00    NE
19  26.3  29.4   12:00  22.7    4:00   0.0   8.0   0.0   5.5  33.8   14:30    NE
20  27.4  32.6   13:30  23.5    7:00   0.0   9.1   0.6   4.7  32.2   16:30    SW
21  26.3  29.3   17:00  23.8    7:00   0.0   8.1   0.8   4.2  22.5   13:00    NE
22  25.8  28.9   14:30  22.7    5:30   0.0   7.5   0.0   3.4  19.3   15:00    SW
23  26.4  30.8   16:30  23.4    2:30   0.0   8.1   0.0   3.9  20.9   13:30    SW
24  26.3  29.1   12:00  23.2    6:00   0.0   8.0   0.0   3.1  19.3   15:00    SW
25  25.7  27.9   10:30  23.8    4:30   0.0   7.3   0.0   5.1  32.2   12:00   ENE
26  26.1  29.0   14:00  23.2    5:00   0.0   7.8   0.0   4.2  20.9   12:30    SW
27  26.8  30.0   13:30  23.3    7:00   0.0   8.5   0.0   8.5  33.8   13:00    SW
28  27.2  31.0   13:30  23.4    6:00   0.0   8.8   1.2   3.9  25.7   16:30    NE
29  27.6  32.1   16:00  24.2    4:30   0.0   9.3   0.0   4.0  24.1   14:00    SW
30  27.7  31.9   15:30  23.7    8:00   0.0   9.4   0.0   3.7  19.3   14:00    SW
31  27.6  31.7   13:00  23.7    5:00   0.0   9.3   0.0   3.9  24.1   16:30    NE
-------------------------------------------------------------------------------------
    25.9  32.6    20    18.7     2     0.0 236.3  11.6   4.5  35.4     7      SW

Max >=  32.0:  2
Max <=   0.0:  0
Min <=   0.0:  0
Min <= -18.0:  0
Max Rain: 6.60 ON 07/07/17
Days of Rain: 8 (> .2 mm) 1 (> 2 mm) 0 (> 20 mm)
Heat Base:  18.3  Cool Base:  18.3  Method: Integration