NOAA-Style Climate Reports

Select a Year or Month report
2019: Ene Feb Mar Abr May Jun Jul Ago Sep Oct Nov Dic
2018: Ene Feb Mar Abr May Jun Jul Ago Sep Oct Nov Dic
2017: Ene Feb Mar Abr May Jun Jul Ago Sep Oct Nov Dic
2016: Ene Feb Mar Abr May Jun Jul Ago Sep Oct Nov Dic
2015: Ene Feb Mar Abr May Jun Jul Ago Sep Oct Nov Dic
2014: Ene Feb Mar Abr May Jun Jul Ago Sep Oct Nov Dic
2013: Ene Feb Mar Abr May Jun Jul Ago Sep Oct Nov Dic
2012: Ene Feb Mar Abr May Jun Jul Ago Sep Oct Nov Dic

Report for 2017 Junio
                   MONTHLY CLIMATOLOGICAL SUMMARY for JUN. 2017

NAME: Ayuntamiento de L'Alfàs del Pi   CITY: L'Alfàs del Pi   STATE: Alicante 
ELEV:    95 m  LAT:  38° 34' 47" N  LONG:   0° 06' 05" W

                   TEMPERATURE (°C), RAIN  (mm), WIND SPEED (km/hr)

                                      HEAT  COOL        AVG
    MEAN                              DEG   DEG         WIND                 DOM
DAY TEMP  HIGH   TIME   LOW    TIME   DAYS  DAYS  RAIN  SPEED HIGH   TIME    DIR
------------------------------------------------------------------------------------
 1  21.4  24.5   13:00  17.8    6:00   0.0   3.1   0.0   3.4  25.7   15:00   ENE
 2  22.1  26.3   12:00  17.7    6:00   0.0   3.8   0.0   3.5  24.1   13:30    NE
 3  23.1  27.3   15:30  19.7    2:30   0.0   4.7   0.0   5.1  33.8   17:00   ENE
 4  22.8  26.9   14:00  16.7   23:00   0.0   4.5   0.0   8.9  56.3   23:00   NNE
 5  20.8  23.6   12:30  17.8    7:30   0.0   2.5   0.0   5.6  27.4    4:00    SW
 6  22.2  27.8   17:00  17.3    6:00   0.1   4.0   0.0   5.1  22.5   12:00    SW
 7  21.9  25.8   10:30  19.4    4:30   0.0   3.7   0.0   6.8  32.2   11:30    NE
 8  21.5  24.7   11:00  17.8    5:30   0.0   3.2   0.4   5.0  30.6   13:30    NE
 9  21.4  24.4   16:30  18.8    4:00   0.0   3.1   0.0   3.9  25.7   13:00    NE
10  22.1  25.3   10:00  18.8    6:00   0.0   3.7   0.0   3.4  22.5   14:00    NE
11  24.1  28.2   11:30  19.5    5:00   0.0   5.8   0.2   3.1  20.9   15:00    NE
12  24.8  29.4   13:30  20.4    5:00   0.0   6.5   0.2   4.8  33.8   16:00   ENE
13  26.2  30.3   11:30  21.3    3:00   0.0   7.9   1.2   6.0  33.8   17:30    NE
14  26.2  30.1   13:30  23.0    1:30   0.0   7.9   0.2   4.5  25.7   12:00    NE
15  24.9  28.2   10:30  21.6    5:00   0.0   6.7   1.8   3.5  19.3   14:00    NE
16  26.9  32.7   13:00  23.1    4:30   0.0   8.6   0.2   4.0  30.6   16:30     E
17  26.9  31.4   13:30  23.1    5:00   0.0   8.6   0.0   4.5  25.7   13:30    SW
18  26.6  32.7   11:00  23.6    5:30   0.0   8.3   0.0   3.9  20.9   15:00    NE
19  24.9  26.9   14:00  22.2    5:00   0.0   6.6   0.0   5.0  29.0   15:00   ENE
20  25.5  28.8   11:00  22.7    6:30   0.0   7.2   0.0   4.2  25.7   15:00   ENE
21  25.7  28.8   18:30  22.6    5:30   0.0   7.4   0.2   3.9  22.5   15:00    NE
22  25.8  28.8   13:30  21.9    7:00   0.0   7.5   0.0   6.1  27.4   15:00    SW
23  25.9  28.7   18:00  22.9    6:30   0.0   7.6   0.0   6.6  29.0   14:30    SW
24  26.1  29.8   14:00  22.4    7:00   0.0   7.8   0.0   5.0  20.9   14:30    SW
25  26.1  29.9   13:00  22.8    6:30   0.0   7.8   0.2   5.0  33.8   18:30   ENE
26  27.0  30.3   15:30  24.2   00:00   0.0   8.7   0.0   7.4  25.7    7:30    SW
27  25.6  30.3   13:30  22.3    7:00   0.0   7.2   0.2   3.4  20.9   14:00    SW
28  28.4  31.9   20:30  23.4    1:30   0.0  10.1   0.0  10.1  45.1   13:30     W
29  26.2  29.0    0:30  22.6   00:00   0.0   7.9   0.0   7.6  38.6    0:30    SW
30  23.8  26.3   12:00  21.9    0:30   0.0   5.5   0.0   7.1  30.6    7:30   WSW
-------------------------------------------------------------------------------------
    24.6  32.7    18    16.7     4     0.2 188.0   4.8   5.2  56.3     4      NE

Max >=  32.0:  2
Max <=   0.0:  0
Min <=   0.0:  0
Min <= -18.0:  0
Max Rain: 1.80 ON 15/06/17
Days of Rain: 10 (> .2 mm) 0 (> 2 mm) 0 (> 20 mm)
Heat Base:  18.3  Cool Base:  18.3  Method: Integration