NOAA-Style Climate Reports

Select a Year or Month report
2019: Ene Feb Mar Abr May Jun Jul Ago Sep Oct Nov Dic
2018: Ene Feb Mar Abr May Jun Jul Ago Sep Oct Nov Dic
2017: Ene Feb Mar Abr May Jun Jul Ago Sep Oct Nov Dic
2016: Ene Feb Mar Abr May Jun Jul Ago Sep Oct Nov Dic
2015: Ene Feb Mar Abr May Jun Jul Ago Sep Oct Nov Dic
2014: Ene Feb Mar Abr May Jun Jul Ago Sep Oct Nov Dic
2013: Ene Feb Mar Abr May Jun Jul Ago Sep Oct Nov Dic
2012: Ene Feb Mar Abr May Jun Jul Ago Sep Oct Nov Dic

Report for 2017 Abril
                   MONTHLY CLIMATOLOGICAL SUMMARY for APR. 2017

NAME: Ayuntamiento de L'Alfàs del Pi   CITY: L'Alfàs del Pi   STATE: Alicante 
ELEV:    95 m  LAT:  38° 34' 47" N  LONG:   0° 06' 05" W

                   TEMPERATURE (°C), RAIN  (mm), WIND SPEED (km/hr)

                                      HEAT  COOL        AVG
    MEAN                              DEG   DEG         WIND                 DOM
DAY TEMP  HIGH   TIME   LOW    TIME   DAYS  DAYS  RAIN  SPEED HIGH   TIME    DIR
------------------------------------------------------------------------------------
 1  17.1  22.7   18:00  13.0   00:00   1.9   0.6   0.0   6.0  38.6   18:30    SW
 2  16.1  20.0   15:00  12.2    3:30   2.4   0.2   0.0   5.0  25.7    7:00    SW
 3  14.9  17.7   12:00  12.1    6:30   3.4   0.0   0.0   5.1  27.4   14:00   ESE
 4  15.3  19.8   14:00  11.6    6:30   3.0   0.1   0.0   3.2  20.9   16:30    SW
 5  15.3  18.5   17:30  11.7    4:30   3.0   0.0   0.0   6.8  45.1   14:00   NNE
 6  15.9  20.3   15:00  12.7    7:00   2.6   0.2   0.0   6.1  27.4    4:30    NE
 7  15.7  19.2   16:30  11.7    7:30   2.7   0.1   0.0   4.7  29.0   13:00   WNW
 8  15.2  18.1   13:30  11.8    7:30   3.1   0.0   0.0   3.9  22.5   14:30   ENE
 9  15.1  18.6   11:30  11.6    7:30   3.3   0.0   0.0   3.5  24.1   15:00    NW
10  15.0  18.3   13:00  11.3    7:00   3.3   0.0   0.0   2.9  20.9   16:30    NW
11  16.4  21.6   15:30  11.6    4:30   2.5   0.7   0.0   5.8  32.2   17:30    SW
12  16.5  20.8   16:00  12.7    7:30   2.1   0.4   0.0   4.7  22.5   14:00    SW
13  13.7  22.6   17:00 -40.6   18:30   5.5   0.9   0.0   3.2  17.7   14:30    SW
14  19.2  24.3   17:30  15.1    7:30   1.0   1.8   0.2   3.7  17.7   14:30    SW
15  17.8  21.8   17:00  14.3    9:00   1.3   0.8   0.0   2.7  17.7   15:00    SW
16  17.8  20.6   12:30  15.1    7:00   0.7   0.2   0.0   5.1  19.3   15:30    SW
17  17.6  22.1   18:00  13.7    7:30   1.3   0.7   0.0   3.5  22.5   14:00    SW
18  17.2  19.8   14:30  13.9    7:00   1.4   0.3   0.0   3.7  22.5   13:00   ENE
19  15.8  17.4   12:00  14.6   23:30   2.5   0.0   0.0  10.5  35.4   12:00    NE
20  14.3  16.4   13:00  12.3   23:30   4.0   0.0   0.0  13.0  38.6   11:30    NE
21  13.8  16.9   16:00  10.4    6:30   4.4   0.0   0.0  11.4  40.2   12:30    NE
22  14.0  16.9   15:00  10.9    7:30   4.3   0.0   0.0   7.2  32.2   12:30   ENE
23  14.4  17.8   15:00   9.9    6:00   3.9   0.0   0.0   3.7  25.7   16:00    NE
24  15.4  18.9   12:30  11.4    6:30   2.9   0.0   0.0   3.2  24.1   14:00   ENE
25  16.4  20.1   18:00  13.2    3:00   2.1   0.2   0.0   5.8  32.2   16:00    SW
26  18.0  24.3   12:00  14.3    7:00   1.2   0.9   0.0   4.2  25.7   13:00   ENE
27  13.6  17.3    1:30  11.2   21:30   4.7   0.0   1.8  11.4  43.5    9:00   NNE
28  11.9  13.2   16:30   9.6    7:30   6.4   0.0   1.4   5.8  27.4    3:30   NNE
29  13.7  16.1   17:30  11.2    0:30   4.6   0.0   0.0   3.1  19.3   12:00    NW
30  16.6  19.8   00:00  12.9    7:30   1.9   0.2   0.0   8.2  37.0   12:30    SW
-------------------------------------------------------------------------------------
    15.7  24.3    14   -40.6    13    87.7   8.2   3.4   5.6  45.1     5      NE

Max >=  32.0:  0
Max <=   0.0:  0
Min <=   0.0:  1
Min <= -18.0:  1
Max Rain: 1.80 ON 27/04/17
Days of Rain: 3 (> .2 mm) 0 (> 2 mm) 0 (> 20 mm)
Heat Base:  18.3  Cool Base:  18.3  Method: Integration