NOAA-Style Climate Reports

Select a Year or Month report
2019: Ene Feb Mar Abr May Jun Jul Ago Sep Oct Nov Dic
2018: Ene Feb Mar Abr May Jun Jul Ago Sep Oct Nov Dic
2017: Ene Feb Mar Abr May Jun Jul Ago Sep Oct Nov Dic
2016: Ene Feb Mar Abr May Jun Jul Ago Sep Oct Nov Dic
2015: Ene Feb Mar Abr May Jun Jul Ago Sep Oct Nov Dic
2014: Ene Feb Mar Abr May Jun Jul Ago Sep Oct Nov Dic
2013: Ene Feb Mar Abr May Jun Jul Ago Sep Oct Nov Dic
2012: Ene Feb Mar Abr May Jun Jul Ago Sep Oct Nov Dic

Report for 2017 Marzo
                   MONTHLY CLIMATOLOGICAL SUMMARY for MAR. 2017

NAME: Ayuntamiento de L'Alfàs del Pi   CITY: L'Alfàs del Pi   STATE: Alicante 
ELEV:    95 m  LAT:  38° 34' 47" N  LONG:   0° 06' 05" W

                   TEMPERATURE (°C), RAIN  (mm), WIND SPEED (km/hr)

                                      HEAT  COOL        AVG
    MEAN                              DEG   DEG         WIND                 DOM
DAY TEMP  HIGH   TIME   LOW    TIME   DAYS  DAYS  RAIN  SPEED HIGH   TIME    DIR
------------------------------------------------------------------------------------
 1  15.4  23.3   12:30  10.9   00:00   3.7   0.8   0.0   0.0   0.0     ---   ---
 2   3.3  23.3   11:00 -40.6   11:30  15.2   0.2   0.0   0.0   0.0     ---   ---
 3  12.9  21.2   12:00   9.4   00:00   5.4   0.1   1.6   5.1  72.4   21:00    SW
 4  10.2  12.8   12:30   7.8    7:30   8.1   0.0   0.6   9.5  53.1    4:30   WSW
 5  12.9  18.3   17:30   8.1    6:30   5.4   0.0   0.0   4.5  27.4   14:00    SW
 6   7.5  23.3   18:00 -40.6   13:30  11.6   0.8   0.0   3.2  27.4   14:30   WNW
 7  14.8  25.4   15:30 -40.6   15:30   5.6   2.1   0.0   4.8  37.0   12:00    NW
 8  17.6  20.6    2:30  13.7   00:00   1.1   0.4   0.6   4.5  27.4    2:30    SW
 9  17.5  23.1   14:00 -40.6   14:00   2.0   1.2   3.6   4.3  24.1   16:30    SW
10  14.2  25.4    9:30 -40.6    9:30   5.8   1.7   0.2   3.1  19.3   12:00    NE
11  16.0  20.8   16:00  12.3    7:00   2.6   0.3   0.0   3.5  19.3   16:30    SW
12  14.8  20.1   13:00  12.1    8:30   3.6   0.1  10.2   4.0  41.8   23:00    NE
13  10.8  13.7   00:00   7.7    5:00   7.5   0.0  46.4  15.4  53.1    3:00    NE
14  14.9  17.6   14:30  12.7    2:30   3.4   0.0   0.4  18.5  51.5   16:30    NE
15  14.6  18.2   15:00  12.2    7:00   3.7   0.0   0.0  14.8  53.1    0:30   NNE
16  14.4  18.1   12:00  11.7    5:30   3.9   0.0   0.0   6.6  29.0    2:00   NNE
17  13.4  16.6   13:30  10.9    6:30   4.9   0.0   0.0   5.5  32.2   14:30   ENE
18  14.0  18.8   13:30   9.7    6:30   4.3   0.0   0.0   3.2  20.9   16:30    SW
19  15.3  20.3   13:00  10.2    6:30   3.3   0.2   0.0   2.4  20.9   17:00    SW
20  15.7  19.6   13:30  13.1    6:30   2.8   0.1   0.0   3.5  24.1   14:00    SW
21  15.4  19.7   16:30  12.1    3:30   3.0   0.1   0.0   2.4  17.7   13:00   NNE
22  15.6  19.1   15:00  12.2    7:00   2.8   0.0   0.0   6.1  32.2   15:30    SW
23  11.9  14.6   17:00   9.7   23:00   6.4   0.0   0.0   4.7  35.4   17:30    SW
24  11.2  14.1   11:30   9.2   00:00   7.1   0.0   0.0   4.5  22.5   22:00   NNW
25  11.7  15.5   16:30   7.1    7:30   6.6   0.0   0.0   6.0  33.8   16:00    SW
26  13.8  17.8   12:00   9.2    7:00   4.3   0.0   0.0   5.0  32.2   17:00    NE
27  15.2  18.7   18:30  12.2    8:00   3.1   0.0   0.0   4.8  24.1   15:00   ESE
28  14.9  18.7   14:00  12.0    7:30   3.3   0.0   0.0   3.5  16.1   13:00    SW
29  15.0  18.8   13:30  11.8    8:00   3.3   0.0   0.0   3.5  19.3   14:00    SW
30  15.8  20.2   16:30  11.9    2:00   2.7   0.3   0.0   2.9  17.7   16:00    SW
31  15.1  18.6   13:30  11.8    6:00   3.2   0.0   0.0   4.5  29.0   19:00    SW
-------------------------------------------------------------------------------------
    13.7  25.4    10   -40.6     2   149.6   8.4  63.7   5.3  72.4     3      SW

Max >=  32.0:  0
Max <=   0.0:  0
Min <=   0.0:  5
Min <= -18.0:  5
Max Rain: 46.41 ON 13/03/17
Days of Rain: 8 (> .2 mm) 3 (> 2 mm) 1 (> 20 mm)
Heat Base:  18.3  Cool Base:  18.3  Method: Integration