NOAA-Style Climate Reports


Report for 2017
                            ANNUAL CLIMATOLOGICAL SUMMARY

NAME: Ayuntamiento de L'Alfàs del Pi  CITY: L'Alfàs del Pi   STATE: Alicante  
ELEV:    95 m  LAT:  38° 34' 47" N  LONG:   0° 06' 05" W

               TEMPERATURE (°C), HEAT BASE 18.3, COOL BASE 18.3
                          DEP.  HEAT  COOL                                          
        MEAN  MEAN        FROM  DEG   DEG                        MAX  MAX  MIN  MIN 
 YR MO  MAX   MIN   MEAN  NORM  DAYS  DAYS  HI  DATE  LOW  DATE  >=32 <=0  <=0  <=-18 
------------------------------------------------------------------------------------
 17  1  -1.$  -1.$  -1.$   0.0     0     0-32768.0   132767.0    1    0    0    0    0
 17  2  21.6  -6.6  12.7   0.0    31     2  25.3  27 -40.6   28    0    0    2    2
 17  3  19.2   2.5  13.7   0.0   150     8  25.4  10 -40.6    2    0    0    5    5
 17  4  19.4  10.6  15.7   0.0    88     8  24.3  14 -40.6   13    0    0    1    1
 17  5  23.8  16.5  20.1   0.0    15    72  28.5  27  11.8    4    0    0    0    0
 17  6  28.3  21.0  24.6   0.0     0   188  32.7  18  16.7    4    2    0    0    0
 17  7  29.5  22.5  25.9   0.0     0   236  32.6  20  18.7    2    2    0    0    0
 17  8  29.7  23.0  26.2   0.0     0   245  36.7   2  17.1   10    5    0    0    0
 17  9  26.7  19.8  23.0   0.0     0   142  31.1   9  17.3   17    0    0    0    0
 17 10  24.2  15.7  20.3   0.0    13    75  26.2   3 -40.6   27    0    0    1    1
 17 11  18.9  12.4  15.5   0.0    92     8  22.8   4   9.1   30    0    0    0    0
 17 12  16.6   9.1  12.7   0.0   175     2  22.7  29   4.7    3    0    0    0    0
------------------------------------------------------------------------------------
        23.6  14.9  19.6   0.0   564   988  36.7 AUG -40.6  FEB    9    0    9    9

                                PRECIPITATION (mm)

               DEP.   MAX        DAYS OF RAIN 
               FROM   OBS.          OVER
 YR MO  TOTAL  NORM   DAY  DATE  .2   2   20
---------------------------------------------
 17  1   0.0    0.0   0.0    1    0    0    0
 17  2   5.4    0.0   4.4   24    2    1    0
 17  3  63.7    0.0  46.4   13    8    3    1
 17  4   3.4    0.0   1.8   27    3    0    0
 17  5   1.6    0.0   1.6   30    1    0    0
 17  6   4.8    0.0   1.8   15   10    0    0
 17  7  11.6    0.0   6.6    7    8    1    0
 17  8  47.6    0.0  23.2   30    7    4    1
 17  9  36.8    0.0  16.6   23    8    3    0
 17 10  43.4    0.0  14.0    7   10    6    0
 17 11   6.0    0.0   5.8   29    2    1    0
 17 12   5.8    0.0   2.6   12    4    2    0
---------------------------------------------
       230.1   0.0  46.4  MAR   63   21    2

                                WIND SPEED (km/hr)
                          DOM
 YR MO   AVG.  HI   DATE  DIR
---------------------------------
 17  1   0.0   0.0    1   ---
 17  2   0.0   9.7   23   NNE
 17  3   5.3  72.4    3    SW
 17  4   5.6  45.1    5    NE
 17  5   5.3  41.8    1    SW
 17  6   5.2  56.3    4    NE
 17  7   4.5  35.4    7    SW
 17  8   5.1  53.1   10    NE
 17  9   5.7  46.7   15    SW
 17 10   3.7  53.1   18    SW
 17 11   4.5  48.3   13    NW
 17 12   5.5  78.9   27    NW
---------------------------------
         4.2  78.9  DEC   SW