NOAA-Style Climate Reports

Select a Year or Month report
2019: Ene Feb Mar Abr May Jun Jul Ago Sep Oct Nov Dic
2018: Ene Feb Mar Abr May Jun Jul Ago Sep Oct Nov Dic
2017: Ene Feb Mar Abr May Jun Jul Ago Sep Oct Nov Dic
2016: Ene Feb Mar Abr May Jun Jul Ago Sep Oct Nov Dic
2015: Ene Feb Mar Abr May Jun Jul Ago Sep Oct Nov Dic
2014: Ene Feb Mar Abr May Jun Jul Ago Sep Oct Nov Dic
2013: Ene Feb Mar Abr May Jun Jul Ago Sep Oct Nov Dic
2012: Ene Feb Mar Abr May Jun Jul Ago Sep Oct Nov Dic

Report for 2016 Diciembre
                   MONTHLY CLIMATOLOGICAL SUMMARY for DEC. 2016

NAME: Ayuntamiento de L'Alfàs del Pi   CITY: L'Alfàs del Pi   STATE: Alicante 
ELEV:    95 m  LAT:  38° 34' 47" N  LONG:   0° 06' 05" W

                   TEMPERATURE (°C), RAIN  (mm), WIND SPEED (km/hr)

                                      HEAT  COOL        AVG
    MEAN                              DEG   DEG         WIND                 DOM
DAY TEMP  HIGH   TIME   LOW    TIME   DAYS  DAYS  RAIN  SPEED HIGH   TIME    DIR
------------------------------------------------------------------------------------
 1  14.1  16.0   12:55 -67.8    3:30   3.2   0.0   0.0   2.3  19.3   19:00     E
 2  13.9  17.3   14:10  10.5    5:20   3.7   0.0   0.0   1.8  12.9   13:45     E
 3  14.2  17.8   13:10  10.8    5:15   3.5   0.0   0.0   1.6  14.5   13:50     E
 4  15.4  17.4   11:40  13.9    0:05   2.3   0.0   7.4   3.9  27.4   19:20     E
 5  16.3  18.8   13:50  14.6    0:05   1.5   0.0   2.8   2.7  24.1   21:40     E
 6  15.9  17.4   14:55  14.1   23:50   1.8   0.0   6.2   6.3  30.6    8:55     E
 7  15.2  17.6   14:20  13.3    4:30   2.7   0.0   0.0   4.7  27.4   13:15     E
 8  16.0  18.6   13:50  13.7    0:50   2.0   0.0   0.2   5.1  29.0   17:55     E
 9  16.5  19.3   14:30  14.9    0:10   1.5   0.0   0.8   3.4  22.5    4:40     E
10  15.7  19.2   14:15  12.7   23:55   2.2   0.0   0.4   1.3  12.9   13:50     E
11  13.9  17.2   14:10  11.4    5:30   3.8   0.0   0.0   1.1   9.7   10:55     E
12  17.6  22.4   15:10  10.4    5:00   1.7   1.2   4.8   0.2  20.9   12:30     E
13   ---   ---     ---   ---     ---   0.0   0.0   0.0   0.0   0.0     ---   ---
14   ---   ---     ---   ---     ---   0.0   0.0   0.0   0.0   0.0     ---   ---
15   ---   ---     ---   ---     ---   0.0   0.0   0.0   0.0   0.0     ---   ---
16   ---   ---     ---   ---     ---   0.0   0.0   0.0   0.0   0.0     ---   ---
17   ---   ---     ---   ---     ---   0.0   0.0   0.0   0.0   0.0     ---   ---
18   ---   ---     ---   ---     ---   0.0   0.0   0.0   0.0   0.0     ---   ---
19   ---   ---     ---   ---     ---   0.0   0.0   0.0   0.0   0.0     ---   ---
20   ---   ---     ---   ---     ---   0.0   0.0   0.0   0.0   0.0     ---   ---
21   ---   ---     ---   ---     ---   0.0   0.0   0.0   0.0   0.0     ---   ---
22   ---   ---     ---   ---     ---   0.0   0.0   0.0   0.0   0.0     ---   ---
23   ---   ---     ---   ---     ---   0.0   0.0   0.0   0.0   0.0     ---   ---
24   ---   ---     ---   ---     ---   0.0   0.0   0.0   0.0   0.0     ---   ---
25   ---   ---     ---   ---     ---   0.0   0.0   0.0   0.0   0.0     ---   ---
26   ---   ---     ---   ---     ---   0.0   0.0   0.0   0.0   0.0     ---   ---
27   ---   ---     ---   ---     ---   0.0   0.0   0.0   0.0   0.0     ---   ---
28   ---   ---     ---   ---     ---   0.0   0.0   0.0   0.0   0.0     ---   ---
29   ---   ---     ---   ---     ---   0.0   0.0   0.0   0.0   0.0     ---   ---
30   ---   ---     ---   ---     ---   0.0   0.0   0.0   0.0   0.0     ---   ---
31   ---   ---     ---   ---     ---   0.0   0.0   0.0   0.0   0.0     ---   ---
-------------------------------------------------------------------------------------
    15.4  22.4    12   -67.8     1    29.9   1.3  22.6   1.1  30.6     6       E

Max >=  32.0:  0
Max <=   0.0:  0
Min <=   0.0:  1
Min <= -18.0:  1
Max Rain: 7.39 ON 04/12/16
Days of Rain: 7 (> .2 mm) 4 (> 2 mm) 0 (> 20 mm)
Heat Base:  18.3  Cool Base:  18.3  Method: Integration