NOAA-Style Climate Reports


Report for 2016 Noviembre
                   MONTHLY CLIMATOLOGICAL SUMMARY for NOV. 2016

NAME: Ayuntamiento de L'Alfàs del Pi   CITY: L'Alfàs del Pi   STATE: Alicante 
ELEV:    95 m  LAT:  38° 34' 47" N  LONG:   0° 06' 05" W

                   TEMPERATURE (°C), RAIN  (mm), WIND SPEED (km/hr)

                                      HEAT  COOL        AVG
    MEAN                              DEG   DEG         WIND                 DOM
DAY TEMP  HIGH   TIME   LOW    TIME   DAYS  DAYS  RAIN  SPEED HIGH   TIME    DIR
------------------------------------------------------------------------------------
 1  18.8  22.8   16:15  15.9    7:10   0.7   1.2   0.0   3.7  17.7   13:35     E
 2  19.3  23.1   14:50  14.9    7:30   0.8   1.7   0.0   2.1  17.7   14:10     E
 3  20.9  25.3   16:00  17.6    5:00   0.0   2.6   0.0   1.6  12.9   13:15     E
 4  20.1  22.4   16:40  17.8    5:55   0.0   1.8   0.0   1.1  11.3   11:55     E
 5  20.5  23.6   15:25  18.2   00:00   0.0   2.2   0.0   5.1  33.8   19:45     E
 6  17.7  20.8   14:40  13.8   23:45   1.0   0.4   0.0   6.1  41.8    8:15     E
 7  13.8  18.0   12:25  11.2   21:20   4.5   0.0   0.0   3.9  24.1   12:25     E
 8  13.7  17.6   15:35   9.7    8:00   4.6   0.0   0.0   7.4  40.2    4:55     E
 9  16.4  21.4   15:15  11.8    0:10   2.3   0.4   0.0   6.6  35.4   14:30     E
10  16.4  19.9   11:40  13.4    6:35   2.2   0.2   0.0   3.5  24.1   15:15     E
11  15.8  19.7   13:25  11.8    4:40   2.6   0.2   0.0   3.1  17.7   12:40     E
12  16.7  20.2   12:45  13.6    8:15   2.0   0.3   0.0   3.2  17.7   14:45     E
13  16.7  21.1   12:25  13.3    3:10   2.1   0.4   0.0   1.6  14.5   14:15     E
14  14.6  16.8   11:40  11.7   16:10   3.8   0.0   1.0   7.2  33.8   21:40     E
15  13.9  15.8   15:55  12.1    3:25   4.4   0.0   5.4  10.0  45.1   23:50     E
16  15.1  17.6   12:45  12.9   23:05   3.2   0.0   0.0  10.1  35.4    4:20     E
17  14.4  19.3   13:30   9.8    8:05   3.9   0.0   0.0   2.1  16.1   14:25     E
18  15.3  19.4   14:20  11.3    4:35   3.2   0.2   0.0   2.1  19.3   12:10     E
19  16.2  19.8   12:20  13.6   23:15   2.2   0.1   0.0   2.1  20.9   13:10     E
20  15.1  18.4   14:05  12.1    4:55   3.2   0.0   0.0   2.9  25.7   14:30     E
21  16.6  19.2   12:40  14.7    5:25   1.8   0.1   0.0   4.8  30.6   14:25     E
22  16.6  20.1   13:30  14.5    7:00   1.9   0.2   1.2   1.9  19.3   19:45     E
23  12.3  15.3    2:20  10.7   23:20   5.9   0.0  20.0   2.9  20.9    6:25     E
24  12.1  16.2   13:15   8.6    4:40   6.2   0.0   0.0   3.5  20.9   14:45     E
25  12.0  15.8   12:25   8.7    6:15   6.3   0.0   0.0   2.3  14.5   14:20     E
26  15.1  18.4   12:50  11.4    0:05   3.2   0.0   0.2   2.3  16.1   13:25     E
27  15.3  19.5   13:10  12.1   23:50   2.8   0.1   8.4   1.9  30.6   21:55     E
28  14.2  16.4   13:10 -67.8    1:35   2.8   0.0   0.0   1.9  22.5   10:55     E
29  14.1  16.4   10:55  13.0   23:45   3.3   0.0   2.6   1.6  14.5   11:20     E
30  15.3  16.9   12:55  12.8    1:45   2.1   0.0   2.8   4.2  29.0   15:30     E
-------------------------------------------------------------------------------------
    15.8  25.3     3   -67.8    28    82.9  12.3  41.6   3.8  45.1    15       E

Max >=  32.0:  0
Max <=   0.0:  0
Min <=   0.0:  1
Min <= -18.0:  1
Max Rain: 19.99 ON 23/11/16
Days of Rain: 8 (> .2 mm) 5 (> 2 mm) 0 (> 20 mm)
Heat Base:  18.3  Cool Base:  18.3  Method: Integration