NOAA-Style Climate Reports

Select a Year or Month report
2019: Ene Feb Mar Abr May Jun Jul Ago Sep Oct Nov Dic
2018: Ene Feb Mar Abr May Jun Jul Ago Sep Oct Nov Dic
2017: Ene Feb Mar Abr May Jun Jul Ago Sep Oct Nov Dic
2016: Ene Feb Mar Abr May Jun Jul Ago Sep Oct Nov Dic
2015: Ene Feb Mar Abr May Jun Jul Ago Sep Oct Nov Dic
2014: Ene Feb Mar Abr May Jun Jul Ago Sep Oct Nov Dic
2013: Ene Feb Mar Abr May Jun Jul Ago Sep Oct Nov Dic
2012: Ene Feb Mar Abr May Jun Jul Ago Sep Oct Nov Dic

Report for 2016 Octubre
                   MONTHLY CLIMATOLOGICAL SUMMARY for OCT. 2016

NAME: Ayuntamiento de L'Alfàs del Pi   CITY: L'Alfàs del Pi   STATE: Alicante 
ELEV:    95 m  LAT:  38° 34' 47" N  LONG:   0° 06' 05" W

                   TEMPERATURE (°C), RAIN  (mm), WIND SPEED (km/hr)

                                      HEAT  COOL        AVG
    MEAN                              DEG   DEG         WIND                 DOM
DAY TEMP  HIGH   TIME   LOW    TIME   DAYS  DAYS  RAIN  SPEED HIGH   TIME    DIR
------------------------------------------------------------------------------------
 1  22.1  25.6   13:15  18.4    8:05   0.0   3.8   0.0   3.9  27.4   17:35     E
 2  22.4  26.3   16:40  18.3    7:55   0.0   4.2   0.0   2.9  22.5   13:10     E
 3  22.3  26.3   12:40  18.4    6:35   0.0   4.0   0.0   3.5  20.9   12:55     E
 4  22.4  26.1   16:30  19.2    7:20   0.0   4.1   0.0   2.6  17.7   12:20     E
 5  22.4  25.3   13:35  20.3    0:15   0.0   4.1   0.2   3.4  19.3   13:50     E
 6  22.1  24.9   14:55  19.2    7:50   0.0   3.7   0.0   4.5  32.2   17:30     E
 7  23.1  26.9   14:50  19.4    8:10   0.0   4.8   0.0   3.4  24.1    0:25     E
 8  22.4  26.6   15:05  19.2    5:25   0.0   4.1   0.0   1.8  16.1   12:50     E
 9  22.1  25.5   11:25  20.0    5:55   0.0   3.8   6.0   3.5  32.2   13:00     E
10  21.4  24.5   15:20  18.8    7:20   0.0   3.1   0.4   2.9  19.3   15:35     E
11  21.1  26.4   16:30  18.7    8:15   0.0   3.8   0.0   1.9  19.3   17:15     E
12  20.8  24.1   14:00  18.6    6:35   0.0   2.5   0.0   3.1  27.4   13:25     E
13  19.0  21.0    1:00  17.0   23:00   0.1   0.8   2.6   3.4  29.0   14:15     E
14  19.9  25.2   15:25  14.6    3:20   0.7   2.3   0.0   6.0  35.4   13:10     E
15  20.2  24.4   16:15  16.3    8:15   0.3   2.2   0.0   4.0  27.4   15:20     E
16  20.6  24.2   14:00  17.0    0:30   0.1   2.4   0.0   4.5  24.1   12:45     E
17  22.2  25.8   13:50  19.6    6:00   0.0   3.8   0.0   3.7  19.3   14:15     E
18  21.1  23.4   10:40  19.7    6:25   0.0   2.8   0.0   1.9  24.1   11:55     E
19  19.6  21.0   15:55  17.9    8:30   0.0   1.3   6.0   1.3  14.5   12:40     E
20  18.3  22.2   14:30  15.4   23:00   0.7   0.7  11.0   1.6  24.1   16:50     E
21  18.4  21.7   17:35  15.2    5:55   0.9   1.0   0.0   1.4  12.9   14:05     E
22  19.8  23.3   16:15  16.6    8:10   0.2   1.7   0.0   2.4  20.9   18:15     E
23  20.9  24.8   15:45  18.2    2:50   0.0   2.6   0.0   3.7  30.6   14:15     E
24  21.8  24.9   13:10  19.0    5:55   0.0   3.5   0.0   2.9  19.3   19:25     E
25  23.3  26.8   14:15  21.1    6:00   0.0   5.0   0.0   4.0  25.7   18:50     E
26  23.8  28.5   12:55  21.6    6:05   0.0   5.5   0.0   2.7  20.9    1:05     E
27  22.3  24.2   10:15  20.4   00:00   0.0   4.0   0.0   4.2  24.1    1:30     E
28  20.1  22.6   14:45  17.4   23:40   0.0   1.8   0.0   4.2  29.0   14:05     E
29  18.7  22.9   14:15  15.0    8:05   1.0   1.4   0.0   2.6  16.1   14:50     E
30  18.1  22.4   13:25  14.1    5:25   1.3   1.1   0.0   1.9  16.1   14:35     E
31  18.4  21.7    9:40  15.3    4:50   0.9   1.0   0.0   2.9  19.3   13:10     E
-------------------------------------------------------------------------------------
    21.0  28.5    26    14.1    30     6.4  91.2  26.2   3.1  35.4    14       E

Max >=  32.0:  0
Max <=   0.0:  0
Min <=   0.0:  0
Min <= -18.0:  0
Max Rain: 11.00 ON 20/10/16
Days of Rain: 6 (> .2 mm) 4 (> 2 mm) 0 (> 20 mm)
Heat Base:  18.3  Cool Base:  18.3  Method: Integration