NOAA-Style Climate Reports


Report for 2016 Junio
                   MONTHLY CLIMATOLOGICAL SUMMARY for MAY. 2016

NAME: Ayuntamiento de L'Alfàs del Pi   CITY: L'Alfàs del Pi   STATE: Alicante 
ELEV:    95 m  LAT:  38° 34' 47" N  LONG:   0° 06' 05" W

                   TEMPERATURE (°C), RAIN  (mm), WIND SPEED (km/hr)

                                      HEAT  COOL        AVG
    MEAN                              DEG   DEG         WIND                 DOM
DAY TEMP  HIGH   TIME   LOW    TIME   DAYS  DAYS  RAIN  SPEED HIGH   TIME    DIR
------------------------------------------------------------------------------------
 1  15.1  20.2   14:30  11.9    7:30   3.4   0.1   0.0   6.9  38.6   12:35     E
 2  15.0  19.1   13:10   9.8    6:40   3.4   0.1   0.0   4.0  25.7   18:05     E
 3  17.3  23.1   16:25  10.9    7:00   2.3   1.2   0.0   4.0  25.7   12:50     E
 4  17.5  21.2   13:35  12.0    6:40   1.6   0.8   0.0   3.9  25.7   14:15     E
 5  16.5  18.9   17:15  14.0    4:50   1.8   0.0   0.8   2.9  17.7   12:35     E
 6  16.6  20.2   14:10  13.4    7:25   1.9   0.1   0.6   4.5  24.1   17:25     E
 7  16.7  20.9   17:30  13.8    5:55   1.7   0.2   1.0   2.6  19.3   12:15     E
 8  16.6  19.1   15:45  14.5    4:35   1.7   0.0   0.0   2.3  19.3   14:45     E
 9  17.4  21.1   15:20  15.3   00:00   1.2   0.3   0.0   3.1  25.7   17:15     E
10  17.4  21.2   17:50  14.4    2:35   1.3   0.4   0.0   3.7  22.5   19:10     E
11  16.8  19.9   12:30  12.5    6:45   1.9   0.4   0.0   5.6  35.4   15:15     E
12  18.2  23.7   13:50  14.0    6:25   1.3   1.1   2.6   7.7  41.8    9:30     E
13  17.3  21.8   18:50 -40.6   15:35   1.8   0.8   0.0   3.1  20.9   12:05     E
14  20.3  24.6   14:35  15.8    5:40   0.3   2.3   3.6   4.7  33.8    7:20     E
15  19.7  22.7    0:30  16.8   00:00   0.1   1.5   2.0   4.3  25.7    0:15     E
16  18.9  21.9   17:30  15.3    6:05   0.6   1.2   0.2   4.5  22.5   12:55     E
17  17.4  20.5   15:30  14.8    6:00   1.2   0.3   0.0   4.0  20.9   13:15     E
18  18.4  22.9   14:00  14.5    3:25   1.1   1.2   0.0   4.8  32.2   17:35     E
19  18.9  22.9   11:30 -40.5   10:15   0.7   1.3   0.0   4.7  38.6   13:15     E
20  19.0  21.4   14:10  15.7    7:15   0.4   1.1   0.0   3.7  20.9   10:30     E
21  19.2  22.9   13:35  15.3    6:15   0.8   1.7   0.4   3.7  20.9   13:20     E
22  20.3  26.9   21:10  14.7    5:35   0.7   2.8   0.0   4.7  32.2   21:00     E
23  18.6  22.3    0:05  16.2    7:05   0.4   0.7   0.0   7.7  33.8    3:55     E
24  19.4  25.0   16:55  14.4    5:00   0.9   2.0   0.0   2.7  19.3   13:55     E
25  20.0  24.4   17:40  16.1    7:05   0.5   2.2   5.4   2.7  17.7   12:20     E
26  20.2  23.6   14:25  17.3    7:00   0.2   2.0   0.6   3.2  19.3   16:55     E
27  19.6  22.9   17:20  16.4    6:15   0.3   1.6   6.0   3.4  24.1   16:45     E
28  21.3  26.9   16:45  16.7    6:30   0.2   3.2   0.0   3.7  33.8   22:25     E
29  21.6  25.4   13:10  18.3    3:50   0.0   3.3   0.2   7.9  35.4   15:15     E
30  21.9  26.1   14:05  18.9    6:25   0.0   3.6   0.0   5.0  25.7   15:05     E
31  20.2  23.0    9:40  17.8   23:50   0.0   1.9   0.0   6.0  32.2   10:55     E
-------------------------------------------------------------------------------------
    18.5  26.9    22   -40.6    13    33.5  39.8  23.4   4.4  41.8    12       E

Max >=  32.0:  0
Max <=   0.0:  0
Min <=   0.0:  2
Min <= -18.0:  2
Max Rain: 5.99 ON 27/05/16
Days of Rain: 12 (> .2 mm) 5 (> 2 mm) 0 (> 20 mm)
Heat Base:  18.3  Cool Base:  18.3  Method: Integration