NOAA-Style Climate Reports

Select a Year or Month report
2019: Ene Feb Mar Abr May Jun Jul Ago Sep Oct Nov Dic
2018: Ene Feb Mar Abr May Jun Jul Ago Sep Oct Nov Dic
2017: Ene Feb Mar Abr May Jun Jul Ago Sep Oct Nov Dic
2016: Ene Feb Mar Abr May Jun Jul Ago Sep Oct Nov Dic
2015: Ene Feb Mar Abr May Jun Jul Ago Sep Oct Nov Dic
2014: Ene Feb Mar Abr May Jun Jul Ago Sep Oct Nov Dic
2013: Ene Feb Mar Abr May Jun Jul Ago Sep Oct Nov Dic
2012: Ene Feb Mar Abr May Jun Jul Ago Sep Oct Nov Dic

Report for 2016 Mayo
                   MONTHLY CLIMATOLOGICAL SUMMARY for APR. 2016

NAME: Ayuntamiento de L'Alfàs del Pi   CITY: L'Alfàs del Pi   STATE: Alicante 
ELEV:    95 m  LAT:  38° 34' 47" N  LONG:   0° 06' 05" W

                   TEMPERATURE (°C), RAIN  (mm), WIND SPEED (km/hr)

                                      HEAT  COOL        AVG
    MEAN                              DEG   DEG         WIND                 DOM
DAY TEMP  HIGH   TIME   LOW    TIME   DAYS  DAYS  RAIN  SPEED HIGH   TIME    DIR
------------------------------------------------------------------------------------
 1  13.9  17.2   17:45  10.7    7:35   4.3   0.0   0.0   5.8  29.0    3:25     E
 2  13.5  17.5   15:25   9.1    5:35   4.8   0.0   0.0   4.5  29.0   18:15     E
 3  14.6  18.4   15:00  10.8    7:05   3.7   0.0   4.6   6.0  30.6   12:25     E
 4  14.6  19.5   12:45  11.7    5:45   3.7   0.0   4.4   3.4  29.0   15:10     E
 5  13.1  15.5   13:35  10.3    6:30   5.2   0.0  21.2   3.9  32.2    6:25     E
 6  15.8  20.3   15:55  11.2    0:05   2.7   0.3   0.8   7.4  43.5   14:20     E
 7  15.6  19.9   10:10  13.4    6:40   2.8   0.0   0.0   4.5  30.6   13:50     E
 8  13.2  17.0   17:20   7.9   10:30   5.1   0.0   3.2   8.0  41.8    9:10     E
 9  14.4  20.6   15:45   8.6    4:30   4.1   0.2   0.0   5.0  33.8   19:25     E
10  14.6  17.9   14:05  10.5    6:45   3.7   0.0   0.0   4.5  33.8   14:35     E
11  15.3  18.8   16:55  11.5    7:00   3.1   0.0   0.0   3.5  27.4   15:10     E
12  16.2  20.7   12:50  12.0    5:25   2.6   0.4   0.0   3.1  25.7   18:10     E
13  17.7  23.7   15:30  13.3    5:15   1.6   1.0   0.0   3.9  35.4   15:30     E
14  17.2  21.6   13:00  12.7    7:05   1.7   0.6   0.0   3.7  20.9   18:55     E
15  16.6  21.3   14:20  12.9    2:45   2.1   0.5   0.0   4.3  27.4   18:55     E
16  17.6  23.0   13:40  12.6    6:20   1.9   1.2   0.0   3.7  25.7   17:40     E
17  19.0  24.3   14:35  15.1    6:00   0.9   1.7   0.0   2.7  20.9   13:05     E
18  18.8  22.8   13:55  15.7    8:05   0.8   1.3   0.0   5.3  29.0   11:00     E
19  17.2  20.9   14:25  15.2   21:05   1.6   0.5   7.6  12.1  46.7   15:45     E
20  16.2  19.5   13:25  13.9   23:50   2.2   0.1   0.2   8.4  45.1    4:15     E
21  17.1  21.5   14:05  13.1    7:35   1.9   0.6   0.0   3.9  29.0   15:55     E
22  16.2  19.2   16:05  14.0    3:15   2.2   0.0   0.0   2.9  22.5   15:30     E
23  17.8  22.1   11:25  13.0    5:30   1.6   1.1   0.0   3.9  29.0   18:30     E
24  17.9  21.7   14:00  14.5   23:55   1.0   0.7   0.0   4.3  29.0    0:30     E
25  15.3  18.4   19:10  12.7    4:15   3.0   0.0   0.0   5.1  30.6   12:25     E
26  16.2  20.3   15:35  11.9    7:20   2.4   0.3   0.0   5.0  30.6   17:15     E
27  16.7  21.7   13:20  13.2    4:10   2.0   0.5   0.0   3.1  20.9   17:25     E
28  17.0  21.6   15:50  14.1   22:35   1.8   0.5   1.0   6.0  38.6   16:35     E
29  14.7  16.2   18:05  13.7    6:45   3.6   0.0   0.8   5.0  27.4    3:50     E
30  15.9  19.9   15:40  13.3    6:15   2.5   0.2   1.4   2.6  19.3   13:45     E
-------------------------------------------------------------------------------------
    16.0  24.3    17     7.9     8    80.6  11.6  45.2   4.8  46.7    19       E

Max >=  32.0:  0
Max <=   0.0:  0
Min <=   0.0:  0
Min <= -18.0:  0
Max Rain: 21.21 ON 05/04/16
Days of Rain: 10 (> .2 mm) 5 (> 2 mm) 1 (> 20 mm)
Heat Base:  18.3  Cool Base:  18.3  Method: Integration