NOAA-Style Climate Reports


Report for 2016 Marzo
                   MONTHLY CLIMATOLOGICAL SUMMARY for MAR. 2016

NAME: Ayuntamiento de L'Alfàs del Pi   CITY: L'Alfàs del Pi   STATE: Alicante 
ELEV:    95 m  LAT:  38° 34' 47" N  LONG:   0° 06' 05" W

                   TEMPERATURE (°C), RAIN  (mm), WIND SPEED (km/hr)

                                      HEAT  COOL        AVG
    MEAN                              DEG   DEG         WIND                 DOM
DAY TEMP  HIGH   TIME   LOW    TIME   DAYS  DAYS  RAIN  SPEED HIGH   TIME    DIR
------------------------------------------------------------------------------------
 1  12.6  16.1   13:20   8.4    6:25   5.7   0.0   0.0   4.2  25.7   13:40     E
 2  17.8  24.9   16:40  10.1    0:10   2.3   1.7   0.0   2.9  25.7   17:10     E
 3  14.9  20.2    0:05  10.6   23:55   3.5   0.1   0.0   4.0  30.6   11:10     E
 4  14.0  17.9   11:30   9.7    5:55   4.3   0.0   0.4   4.5  33.8   14:20     E
 5  14.8  18.9   14:55  10.2    7:25   3.5   0.0   2.2   7.2  61.2    3:40     E
 6  12.9  16.5   14:30  10.3   23:55   5.4   0.0   2.4   9.2  46.7    7:00     E
 7  10.7  13.3   11:25   8.8   14:30   7.6   0.0   0.2   5.1  27.4    5:00     E
 8  11.2  15.1   16:10   8.6   22:25   7.1   0.0   0.0   6.8  38.6    9:05     E
 9  11.5  16.5   18:25   6.9    6:50   6.8   0.0   1.6   4.0  43.5   20:40     E
10  11.7  15.4   15:15   9.7   22:50   6.6   0.0   0.0  12.1  62.8    6:10     E
11  11.5  15.8   15:30   8.2    7:20   6.8   0.0   0.0   4.0  22.5   16:10     E
12  11.3  14.0   10:00   8.7    0:30   7.0   0.0   0.0   4.8  24.1   11:15     E
13  11.9  15.9   15:30   8.1    7:30   6.4   0.0   0.0   3.7  20.9   13:15     E
14  12.6  16.0   16:40   9.3    4:50   5.8   0.0   0.0   2.7  22.5   13:00     E
15  12.5  16.1   13:35   9.1    7:45   5.8   0.0   1.0   2.6  19.3   10:45     E
16  12.7  17.6   13:10   8.4    3:50   5.6   0.0   0.6   3.7  25.7   14:40     E
17  12.0  14.3    9:15  10.0    7:30   6.3   0.0   0.2   3.7  25.7   11:45     E
18  12.8  15.7   13:45  10.0    7:00   5.5   0.0   0.0   2.4  16.1   13:30     E
19  13.6  16.1   11:20  12.2    6:40   4.7   0.0   0.0   2.1  20.9   12:05     E
20  13.7  16.8    9:55  11.0    7:05   4.6   0.0   0.2   3.1  22.5   13:25     E
21  12.3  15.4   11:30  10.4   23:55   6.0   0.0   9.6   3.7  27.4   11:55     E
22  13.2  15.6   14:15  10.3    0:25   5.1   0.0   0.8   5.5  27.4   10:05     E
23  13.7  17.4   12:15  10.9   23:25   4.6   0.0   5.0   4.2  29.0   14:10     E
24  14.3  17.9    9:30  10.8    7:10   4.0   0.0   0.2   4.8  25.7    5:20     E
25  16.5  22.5   13:30   9.4    5:40   2.8   1.0   0.0   2.7  19.3   15:30     E
26  17.2  20.5   12:15  12.9    7:10   1.5   0.4   0.0   3.9  27.4   15:45     E
27  17.6  23.4   14:00  13.3    1:55   1.7   1.1   0.0   3.5  29.0   16:25     E
28  17.1  22.6   13:30  13.0    6:25   1.9   0.7   5.2   3.9  30.6   17:35     E
29  17.9  22.9   17:05  14.2    8:05   1.4   1.1   1.6   4.0  25.7   15:05     E
30  16.4  22.2   13:20  11.0    7:25   2.7   0.8   0.0   2.1  17.7   15:40     E
31  16.4  19.1   16:00  13.2    8:05   2.0   0.0   0.0   4.7  35.4   22:25     E
-------------------------------------------------------------------------------------
    13.9  24.9     2     6.9     9   144.7   6.9  31.2   4.4  62.8    10       E

Max >=  32.0:  0
Max <=   0.0:  0
Min <=   0.0:  0
Min <= -18.0:  0
Max Rain: 9.60 ON 21/03/16
Days of Rain: 15 (> .2 mm) 5 (> 2 mm) 0 (> 20 mm)
Heat Base:  18.3  Cool Base:  18.3  Method: Integration