NOAA-Style Climate Reports


Report for 2016 Febrero
                   MONTHLY CLIMATOLOGICAL SUMMARY for FEB. 2016

NAME: Ayuntamiento de L'Alfàs del Pi   CITY: L'Alfàs del Pi   STATE: Alicante 
ELEV:    95 m  LAT:  38° 34' 47" N  LONG:   0° 06' 05" W

                   TEMPERATURE (°C), RAIN  (mm), WIND SPEED (km/hr)

                                      HEAT  COOL        AVG
    MEAN                              DEG   DEG         WIND                 DOM
DAY TEMP  HIGH   TIME   LOW    TIME   DAYS  DAYS  RAIN  SPEED HIGH   TIME    DIR
------------------------------------------------------------------------------------
 1  15.5  19.8   13:35  12.1    8:05   2.9   0.1  10.2   1.8  16.1   14:15     W
 2  14.2  18.8   15:10  10.4    7:55   4.2   0.0   6.0   2.3  22.5   13:40    SW
 3  13.3  17.0   13:05  10.2    7:45   5.0   0.0   0.0   2.1  22.5    9:30    SW
 4  11.8  14.0   10:45   9.1   00:00   6.5   0.0   0.0   3.5  24.1    9:25     E
 5  11.6  15.9   13:05   7.7    2:55   6.7   0.0   5.0   1.6  14.5   15:50   WNW
 6  12.3  15.4   14:10   9.6    1:00   6.0   0.0   0.0   3.9  29.0   15:10   WNW
 7  13.7  17.3   15:40  10.8    2:25   4.6   0.0   0.0   8.7  72.4   12:00     E
 8  14.2  18.8   13:05  10.4    5:25   4.1   0.0   1.6   1.8  17.7   13:05     E
 9  15.2  19.7   17:45  11.1    6:30   3.2   0.1   0.0   3.9  35.4   17:15     E
10  18.1  21.4   17:30  15.3    0:05   0.7   0.5   0.0  10.6  53.1   10:20     E
11  19.4  21.7   13:35  17.1   17:55   0.0   1.2   8.0   7.2  53.1    1:00     E
12  17.9  21.4   23:10  14.3    7:15   0.8   0.4   0.0   8.0  38.6   23:10     E
13  20.8  23.3   16:25  17.4   21:25   0.0   2.5   0.0  13.0  59.5   10:30     E
14  16.3  19.1   13:35  11.7   21:35   2.1   0.0   0.0  12.6  62.8    6:25     E
15  12.3  16.0   15:30   9.9    7:25   6.0   0.0   0.0  13.4  56.3    8:35     E
16  10.2  13.2   12:45   7.4   22:25   8.1   0.0   0.8   5.5  33.8    0:40     E
17   9.9  14.5   16:20   5.4    3:45   8.4   0.0   2.0   4.8  35.4   15:40     E
18  11.4  15.2   15:30   7.6    4:55   6.9   0.0   0.2   2.6  20.9    2:00     E
19  11.6  13.8   16:25  10.8   20:30   6.8   0.0   0.0   6.8  32.2   14:05     E
20  12.2  15.4   13:05   9.6    7:25   6.1   0.0   0.0   6.4  32.2   14:10     E
21  13.3  15.8   13:15  11.0    7:15   5.0   0.0   0.0   6.6  33.8    4:10     E
22  15.9  19.7   13:25  12.6   22:45   2.5   0.1   0.0   2.4  22.5   23:55     E
23  17.0  20.9   17:25  13.2    7:55   1.9   0.5   0.0   3.9  37.0    2:25     E
24  14.7  18.4   13:00  12.1   22:05   3.6   0.0   0.0   3.9  30.6   15:55     E
25  15.7  20.1   16:10  11.7    1:05   2.8   0.2   0.2   5.1  43.5   22:35     E
26  13.3  16.7   12:25   9.2    5:55   5.0   0.0   0.0   4.3  30.6    0:05     E
27  10.6  12.9    0:45   8.4    6:20   7.7   0.0   0.0  11.4  51.5    7:55     E
28  11.6  15.3   15:25   7.9    7:05   6.8   0.0   0.0   6.4  41.8    3:45     E
29  13.6  18.2   15:40  10.9    6:30   4.8   0.0   0.0   8.5  45.1   10:45     E
-------------------------------------------------------------------------------------
    14.1  23.3    13     5.4    17   128.8   5.7  34.0   6.0  72.4     7       E

Max >=  32.0:  0
Max <=   0.0:  0
Min <=   0.0:  0
Min <= -18.0:  0
Max Rain: 10.21 ON 01/02/16
Days of Rain: 9 (> .2 mm) 5 (> 2 mm) 0 (> 20 mm)
Heat Base:  18.3  Cool Base:  18.3  Method: Integration