NOAA-Style Climate Reports


Report for 2016 Enero
                   MONTHLY CLIMATOLOGICAL SUMMARY for JAN. 2016

NAME: Ayuntamiento de L'Alfàs del Pi   CITY: L'Alfàs del Pi   STATE: Alicante 
ELEV:    95 m  LAT:  38° 34' 47" N  LONG:   0° 06' 05" W

                   TEMPERATURE (°C), RAIN  (mm), WIND SPEED (km/hr)

                                      HEAT  COOL        AVG
    MEAN                              DEG   DEG         WIND                 DOM
DAY TEMP  HIGH   TIME   LOW    TIME   DAYS  DAYS  RAIN  SPEED HIGH   TIME    DIR
------------------------------------------------------------------------------------
 1  14.7  17.6   12:40  12.7   23:55   3.6   0.0   0.0   1.6  16.1   14:45     W
 2  14.5  19.0   15:20  11.8    2:35   3.8   0.0   0.0   3.5  35.4   16:30   WNW
 3  14.1  17.8   13:25  10.1    2:40   4.2   0.0   0.0   4.5  30.6   12:05    SW
 4  16.5  20.1   19:35  14.6    0:35   1.8   0.0   0.0   2.4  29.0   19:25   ESE
 5  15.3  18.3   11:50  10.7   23:20   3.0   0.0   0.0   5.0  43.5   15:00   WNW
 6  12.0  14.5   12:40   8.3    5:25   6.3   0.0   0.0   6.4  48.3    7:10   WNW
 7  17.4  22.4   16:10  12.7    0:55   1.8   0.9   0.0   9.2  40.2   14:20    SW
 8  15.7  19.2   13:10  12.7    8:05   2.7   0.0   0.0   3.1  24.1   15:30     W
 9  16.1  21.2   14:55  12.9    8:20   2.5   0.2   0.0   3.1  25.7   20:20    SW
10  14.1  16.9   14:00  11.2    8:55   4.2   0.0   0.0   4.3  30.6   13:25    SW
11  15.4  20.7   14:40  11.8    0:15   3.1   0.2   0.0   6.0  40.2   19:45   WNW
12  14.3  18.3   14:35  10.7    8:35   4.0   0.0   0.0   6.0  32.2   12:50    NW
13  12.9  16.2   14:25   9.7    6:45   5.4   0.0   0.0   3.2  19.3    0:50   WNW
14  12.6  16.6   21:40   9.3    6:50   5.7   0.0   0.0   3.1  17.7   14:25    SW
15  12.4  16.2    0:50  10.3   19:55   5.9   0.0   2.8   3.4  32.2   23:00   NNE
16  10.3  13.3   15:55   7.2   00:00   8.0   0.0   0.0   7.7  46.7    1:10    NW
17   9.2  13.0   16:05   5.3    6:00   9.1   0.0   0.0   2.4  16.1   13:00    NW
18  13.6  19.1   15:25   8.9    0:05   4.7   0.1   0.0   3.9  38.6   15:50     W
19  13.2  16.6   13:45  10.2    8:55   5.1   0.0   0.0   2.1  29.0    0:35    SE
20  12.4  15.8   12:20   9.1    7:05   5.9   0.0  12.2   2.6  20.9   14:20     W
21  12.9  16.6   16:10   9.9    6:50   5.4   0.0   0.6   2.4  17.7   13:30   WNW
22  13.1  17.6   10:40   9.6    2:45   5.2   0.0   0.2   1.4  12.9    6:55     W
23  13.6  16.9   13:30  11.0    8:10   4.8   0.0   0.0   1.3  14.5   14:05     E
24  13.0  16.7   12:35  10.7    6:30   5.3   0.0   0.0   1.0  14.5   14:35   ENE
25  13.2  17.4   14:20  10.4    6:40   5.1   0.0   0.0   1.8  16.1   12:15   ENE
26  13.9  17.1   13:55  11.4    3:40   4.4   0.0   0.0   2.3  16.1   13:45   WNW
27  13.9  17.6   11:45  11.4    8:25   4.3   0.0   0.0   1.9  16.1    9:50     W
28  13.2  17.6   14:30   9.7    6:45   5.1   0.0   0.0   2.7  19.3   12:10   WNW
29  13.8  16.3   13:20  11.4    0:50   4.5   0.0   0.0   3.2  25.7   14:05     E
30  14.2  18.8   12:40  11.1   23:55   4.1   0.0   3.4   3.2  19.3    2:25   NNE
31  14.7  20.3   15:35   9.7    3:35   3.8   0.2   2.4   1.4  11.3    6:00     W
-------------------------------------------------------------------------------------
    13.8  22.4     7     5.3    17   142.5   1.6  21.6   3.4  48.3     6       W

Max >=  32.0:  0
Max <=   0.0:  0
Min <=   0.0:  0
Min <= -18.0:  0
Max Rain: 12.19 ON 20/01/16
Days of Rain: 6 (> .2 mm) 4 (> 2 mm) 0 (> 20 mm)
Heat Base:  18.3  Cool Base:  18.3  Method: Integration