NOAA-Style Climate Reports


Report for 2016
                            ANNUAL CLIMATOLOGICAL SUMMARY

NAME: Ayuntamiento de L'Alfàs del Pi  CITY: L'Alfàs del Pi   STATE: Alicante  
ELEV:    95 m  LAT:  38° 34' 47" N  LONG:   0° 06' 05" W

               TEMPERATURE (°C), HEAT BASE 18.3, COOL BASE 18.3
                          DEP.  HEAT  COOL                                          
        MEAN  MEAN        FROM  DEG   DEG                        MAX  MAX  MIN  MIN 
 YR MO  MAX   MIN   MEAN  NORM  DAYS  DAYS  HI  DATE  LOW  DATE  >=32 <=0  <=0  <=-18 
------------------------------------------------------------------------------------
 16  1  17.6  10.5  13.8   0.0   143     2  22.4   7   5.3   17    0    0    0    0
 16  2  17.6  10.9  14.1   0.0   129     6  23.3  13   5.4   17    0    0    0    0
 16  3  17.8  10.2  13.9   0.0   145     7  24.9   2   6.9    9    0    0    0    0
 16  4  20.1  12.4  16.0   0.0    81    12  24.3  17   7.9    8    0    0    0    0
 16  5  22.5  11.3  18.5   0.0    34    40  26.9  22 -40.6   13    0    0    2    2
 16  6  26.7  12.5  22.6   0.0     5   121  30.8  13 -40.4    7    0    0    3    3
 16  7
 16  8
 16  9  27.8  20.7  24.0   0.0     0   147  36.1   5  17.6   19    2    0    0    0
 16 10  24.5  18.1  21.0   0.0     6    91  28.5  26  14.1   30    0    0    0    0
 16 11  19.2  10.2  15.8   0.0    83    12  25.3   3 -67.8   28    0    0    1    1
 16 12  18.3   6.1  15.4   0.0    30     1  22.4  12 -67.8    1    0    0    1    1
------------------------------------------------------------------------------------
        21.3  12.6  17.5   0.0   655   438  36.1 SEP -67.8  NOV    2    0    7    7

                                PRECIPITATION (mm)

               DEP.   MAX        DAYS OF RAIN 
               FROM   OBS.          OVER
 YR MO  TOTAL  NORM   DAY  DATE  .2   2   20
---------------------------------------------
 16  1  21.6    0.0  12.2   20    6    4    0
 16  2  34.0    0.0  10.2    1    9    5    0
 16  3  31.2    0.0   9.6   21   15    5    0
 16  4  45.2    0.0  21.2    5   10    5    1
 16  5  23.4    0.0   6.0   27   12    5    0
 16  6  15.2    0.0  10.0    7    6    2    0
 16  7
 16  8
 16  9  22.0    0.0  10.6   28    6    2    0
 16 10  26.2    0.0  11.0   20    6    4    0
 16 11  41.6    0.0  20.0   23    8    5    0
 16 12  22.6    0.0   7.4    4    7    4    0
---------------------------------------------
       282.9   0.0  21.2  APR   85   41    1

                                WIND SPEED (km/hr)
                          DOM
 YR MO   AVG.  HI   DATE  DIR
---------------------------------
 16  1   3.4  48.3    6     W
 16  2   6.0  72.4    7     E
 16  3   4.4  62.8   10     E
 16  4   4.8  46.7   19     E
 16  5   4.4  41.8   12     E
 16  6   4.5  38.6   16     E
 16  7
 16  8
 16  9   3.7  40.2   23     E
 16 10   3.1  35.4   14     E
 16 11   3.8  45.1   15     E
 16 12   1.1  30.6    6     E
---------------------------------
         3.9  72.4  FEB    E