NOAA-Style Climate Reports


Report for 2015 Diciembre
                   MONTHLY CLIMATOLOGICAL SUMMARY for DEC. 2015

NAME: Ayuntamiento de L'Alfàs del Pi   CITY: L'Alfàs del Pi   STATE: Alicante 
ELEV:    95 m  LAT:  38° 34' 47" N  LONG:   0° 06' 05" W

                   TEMPERATURE (°C), RAIN  (mm), WIND SPEED (km/hr)

                                      HEAT  COOL        AVG
    MEAN                              DEG   DEG         WIND                 DOM
DAY TEMP  HIGH   TIME   LOW    TIME   DAYS  DAYS  RAIN  SPEED HIGH   TIME    DIR
------------------------------------------------------------------------------------
 1  13.2  17.0   15:35  10.0    7:40   5.1   0.0   1.4   1.3  11.3   14:55    NW
 2  13.3  18.0   13:05  10.3    3:50   5.0   0.0   5.2   0.6   9.7    1:50   NNW
 3  13.9  18.3   13:50  10.6    7:10   4.4   0.0   0.2   1.4   9.7   13:10    NW
 4  13.9  18.7   13:50  10.7    7:30   4.4   0.0   0.0   1.3   9.7   14:15    NW
 5  13.7  17.3   14:45  11.2    8:10   4.6   0.0   0.0   1.9  17.7   13:45    NW
 6  14.7  19.0   11:45  11.7    7:05   3.7   0.0   0.0   1.4  12.9   14:15   NNW
 7  15.1  18.5   13:55  12.5    2:50   3.2   0.0   0.0   1.6  12.9   11:55   NNW
 8  15.3  18.9   15:00  12.7    8:25   3.0   0.0   0.0   1.3  12.9   13:10    NW
 9  14.6  17.6   11:45  12.1    3:35   3.7   0.0   0.0   2.6  19.3    7:55    NE
10  14.5  17.4   15:45  12.8    7:15   3.8   0.0   0.8   2.4  19.3   14:25   NNW
11  13.8  16.4   15:25  12.3    5:45   4.5   0.0   0.2   2.4  17.7   14:10   NNW
12  14.1  16.8   15:20  12.2    5:30   4.3   0.0   0.0   2.4  19.3   12:45   NNW
13  13.6  18.8   14:05  10.5    7:55   4.7   0.0   0.0   1.3  11.3   13:00   NNW
14  14.0  18.8   13:35  10.6    7:40   4.3   0.0   0.0   1.4  16.1   14:50    NW
15  15.8  21.3   14:30  12.0    2:15   2.8   0.4   0.4   1.6  12.9   15:30   WNW
16  16.9  20.6   10:55  13.2   23:40   1.7   0.3   0.0   1.6  12.9   12:55    NW
17  15.2  19.5   12:25  11.9    4:30   3.2   0.1   0.0   1.0  12.9   12:45   NNW
18  15.1  19.8   14:25  12.9    8:05   3.3   0.1   0.0   1.0   9.7   10:45     N
19  14.9  20.3   16:20  11.4    8:40   3.6   0.2   0.0   0.8  11.3   14:10   WNW
20  14.1  18.1   13:45  11.6    7:50   4.2   0.0   0.0   1.3  11.3   14:35   NNW
21  14.0  18.6   15:35  11.1    4:00   4.3   0.0   0.0   1.1  12.9   13:40    NW
22  14.4  18.1   16:15  12.1    3:05   3.9   0.0   0.0   2.1  14.5   14:50    NW
23  13.5  17.1   13:30  10.2    6:50   4.8   0.0   0.0   1.6  12.9   13:45    NW
24  14.1  18.6   13:55  11.9    3:40   4.2   0.0   2.6   1.3  17.7   15:45   NNW
25  13.8  17.4   14:35  11.6    2:10   4.5   0.0   5.8   1.6  16.1   14:05   NNW
26  13.5  17.5   12:00  10.4    5:25   4.8   0.0   0.0   2.3  12.9    3:05   NNW
27  13.6  16.8   13:05  11.2    4:05   4.7   0.0   0.0   1.6  16.1   14:55   NNW
28  14.3  17.4   13:15  12.7    7:05   4.0   0.0   0.0   1.9  17.7   13:50     N
29  14.2  19.0   16:15  11.8    3:45   4.1   0.0   0.0   1.4  12.9   11:15   WNW
30  14.2  17.8   14:35  10.6    7:00   4.1   0.0   2.0   2.7  20.9   12:35    NW
31  15.4  20.2   16:25  11.3    8:15   3.1   0.2   0.0   1.4  11.3   13:20   WNW
-------------------------------------------------------------------------------------
    14.3  21.3    15    10.0     1   124.0   1.2  18.6   1.6  20.9    30     NNW

Max >=  32.0:  0
Max <=   0.0:  0
Min <=   0.0:  0
Min <= -18.0:  0
Max Rain: 5.79 ON 25/12/15
Days of Rain: 9 (> .2 mm) 4 (> 2 mm) 0 (> 20 mm)
Heat Base:  18.3  Cool Base:  18.3  Method: Integration