NOAA-Style Climate Reports

Select a Year or Month report
2019: Ene Feb Mar Abr May Jun Jul Ago Sep Oct Nov Dic
2018: Ene Feb Mar Abr May Jun Jul Ago Sep Oct Nov Dic
2017: Ene Feb Mar Abr May Jun Jul Ago Sep Oct Nov Dic
2016: Ene Feb Mar Abr May Jun Jul Ago Sep Oct Nov Dic
2015: Ene Feb Mar Abr May Jun Jul Ago Sep Oct Nov Dic
2014: Ene Feb Mar Abr May Jun Jul Ago Sep Oct Nov Dic
2013: Ene Feb Mar Abr May Jun Jul Ago Sep Oct Nov Dic
2012: Ene Feb Mar Abr May Jun Jul Ago Sep Oct Nov Dic

Report for 2015 Noviembre
                   MONTHLY CLIMATOLOGICAL SUMMARY for NOV. 2015

NAME: Ayuntamiento de L'Alfàs del Pi   CITY: L'Alfàs del Pi   STATE: Alicante 
ELEV:    95 m  LAT:  38° 34' 47" N  LONG:   0° 06' 05" W

                   TEMPERATURE (°C), RAIN  (mm), WIND SPEED (km/hr)

                                      HEAT  COOL        AVG
    MEAN                              DEG   DEG         WIND                 DOM
DAY TEMP  HIGH   TIME   LOW    TIME   DAYS  DAYS  RAIN  SPEED HIGH   TIME    DIR
------------------------------------------------------------------------------------
 1  18.7  20.7   16:25  16.3    1:25   0.4   0.8   0.0   7.2  38.6   19:35   ENE
 2  17.4  19.5    0:05  14.3   00:00   1.0   0.1  60.4   8.5  45.1    4:00   WNW
 3  17.3  20.7   16:20  14.0    0:40   1.5   0.5   0.0   4.3  25.7   11:50   WNW
 4  18.1  23.1   12:40  14.9    6:05   1.2   0.9   0.0   1.8  17.7   15:00    NW
 5  18.9  24.3   13:00  15.3    1:15   0.9   1.5   2.4   1.1  12.9   13:40   WNW
 6  19.2  23.4   12:30  15.3    7:00   0.6   1.4   0.6   1.6  12.9   14:45   WNW
 7  18.0  22.4   12:05  14.9    6:50   1.2   0.9   0.0   1.0  11.3   12:55   ESE
 8  17.8  21.5   13:40  15.3    0:15   1.2   0.7   0.0   1.4  12.9   14:45   NNW
 9  17.6  21.4   15:40  14.5    4:20   1.3   0.6   0.0   1.6  14.5   12:25    NW
10  16.8  21.7   16:00  13.6    7:45   2.1   0.6   0.0   1.6  12.9   13:10    NW
11  16.4  20.6   12:00  12.6    7:00   2.2   0.4   0.4   1.3  11.3   12:35    NW
12  16.4  20.2   13:30  12.9    2:15   2.0   0.1   0.0   1.6  14.5   11:10   NNW
13  17.2  20.2   11:25  14.4    4:40   1.4   0.3   0.0   2.4  16.1   15:05   NNW
14  16.9  19.8   10:40  15.0    6:10   1.5   0.1   0.0   3.1  20.9   13:45   ESE
15  16.1  19.9   13:10  12.8    6:50   2.4   0.3   0.0   3.1  20.9   13:30    NW
16  15.8  19.9   14:55  12.7    7:40   2.7   0.2   0.0   1.1  11.3   12:30   ENE
17  16.3  21.7    9:55  13.2    5:10   2.4   0.4   0.0   1.1  12.9   12:20   NNW
18  15.8  20.2   12:20  12.2    6:00   2.8   0.3   0.0   1.6  12.9   14:10    NW
19  16.5  22.0   15:35  12.6    6:30   2.5   0.6   0.0   1.1   9.7   13:25   WNW
20  18.3  22.7   14:20  14.3    6:25   1.2   1.2   0.2   2.1  17.7   14:30   WNW
21  18.4  22.9   10:30  13.2   23:15   0.9   1.1   0.0   9.8  56.3   23:00   WNW
22  12.9  17.1   14:55   9.9    8:10   5.4   0.0   0.0   5.6  61.2    0:10   NNW
23   9.8  13.3   14:20   7.2   17:25   8.5   0.0   3.6   6.1  35.4   15:35    NE
24  10.4  15.2   16:05   5.7    5:25   7.9   0.0   0.0   3.7  24.1    8:10   NNW
25  15.1  20.8   16:15   7.8    2:45   3.6   0.4   0.0   3.7  32.2   21:40    NW
26  18.2  21.8   13:50  14.1   23:20   0.9   0.7   0.0   6.1  40.2    5:45    NW
27  14.2  16.6   14:55  12.7    3:05   4.1   0.0   0.0   3.5  22.5    3:50   WNW
28  14.8  19.7   13:45  11.0    4:50   3.6   0.2   0.0   2.1  14.5   13:55    NW
29  14.3  18.5   14:50  10.7    7:50   4.0   0.0   0.0   3.1  16.1    3:00   NNW
30  13.6  17.4   13:50   9.9    7:05   4.7   0.0   0.2   2.3  19.3   13:25    NW
-------------------------------------------------------------------------------------
    16.3  24.3     5     5.7    24    76.0  14.5  67.8   3.2  61.2    22      NW

Max >=  32.0:  0
Max <=   0.0:  0
Min <=   0.0:  0
Min <= -18.0:  0
Max Rain: 60.40 ON 02/11/15
Days of Rain: 7 (> .2 mm) 3 (> 2 mm) 1 (> 20 mm)
Heat Base:  18.3  Cool Base:  18.3  Method: Integration