NOAA-Style Climate Reports

Select a Year or Month report
2019: Ene Feb Mar Abr May Jun Jul Ago Sep Oct Nov Dic
2018: Ene Feb Mar Abr May Jun Jul Ago Sep Oct Nov Dic
2017: Ene Feb Mar Abr May Jun Jul Ago Sep Oct Nov Dic
2016: Ene Feb Mar Abr May Jun Jul Ago Sep Oct Nov Dic
2015: Ene Feb Mar Abr May Jun Jul Ago Sep Oct Nov Dic
2014: Ene Feb Mar Abr May Jun Jul Ago Sep Oct Nov Dic
2013: Ene Feb Mar Abr May Jun Jul Ago Sep Oct Nov Dic
2012: Ene Feb Mar Abr May Jun Jul Ago Sep Oct Nov Dic

Report for 2015 Octubre
                   MONTHLY CLIMATOLOGICAL SUMMARY for OCT. 2015

NAME: Ayuntamiento de L'Alfàs del Pi   CITY: L'Alfàs del Pi   STATE: Alicante 
ELEV:    95 m  LAT:  38° 34' 47" N  LONG:   0° 06' 05" W

                   TEMPERATURE (°C), RAIN  (mm), WIND SPEED (km/hr)

                                      HEAT  COOL        AVG
    MEAN                              DEG   DEG         WIND                 DOM
DAY TEMP  HIGH   TIME   LOW    TIME   DAYS  DAYS  RAIN  SPEED HIGH   TIME    DIR
------------------------------------------------------------------------------------
 1  20.4  23.7   13:35  17.3    8:05   0.1   2.2   0.0   3.5  20.9   18:15    SW
 2  21.1  24.8   13:45  17.3    7:55   0.1   2.9   0.0   2.7  22.5   18:05   WSW
 3  21.2  24.9   15:30  18.8    1:10   0.0   2.9   0.2   1.9  17.7   10:15   WNW
 4  22.7  27.2   13:00  19.0    8:25   0.0   4.3   0.0   2.4  20.9   15:05    SW
 5  24.6  30.4   14:35  21.1    6:15   0.0   6.2   0.0   1.8  19.3   14:40    SW
 6  25.1  30.1   17:35  20.1    7:25   0.0   6.7   0.0   4.0  46.7   14:45    NW
 7  22.2  25.7   11:05  19.4   22:10   0.0   3.9   0.0   4.7  25.7   16:00   ESE
 8  19.2  22.4   11:05  17.4   16:25   0.2   1.1   5.8   3.5  20.9   13:45    NE
 9  19.6  22.6   13:15  17.6    0:05   0.1   1.4   0.0   4.3  22.5   13:00   ESE
10  19.6  23.3   13:05  15.9    7:20   0.5   1.8   0.0   2.9  24.1   16:30    SW
11  20.9  23.9   14:50  18.0    7:15   0.0   2.7   0.0   4.0  25.7   11:50    SW
12  22.2  26.6   13:00  18.9    7:35   0.0   3.9   0.0   2.1  20.9   16:05    SW
13  19.7  22.3   15:40  16.7   19:20   0.2   1.6  28.4   2.6  22.5   13:45   NNW
14  18.1  21.7   13:35  15.3   23:50   0.8   0.6   0.0   3.4  19.3    3:05   NNW
15  17.8  21.7   16:30  14.2    6:40   1.4   0.9   0.2   2.3  17.7   14:50   NNW
16  19.4  22.0   15:15  17.4    3:50   0.2   1.3   0.6   3.7  20.9   13:10   NNW
17  19.6  23.0   13:55  17.2    7:25   0.3   1.5   1.0   2.9  17.7   15:50   NNW
18  20.3  24.6   15:20  17.1    7:15   0.1   2.1   4.8   2.4  16.1   13:20   NNW
19  20.7  24.1   13:40  17.7    8:25   0.0   2.4   1.0   4.0  24.1    2:25   NNW
20  19.5  21.0   15:15  18.2   19:35   0.0   1.2   2.0   6.1  29.0    5:20    NE
21  15.7  18.2    0:05  13.7   22:20   2.7   0.0   3.8   2.9  19.3   15:05    NE
22  15.9  19.6   14:20  12.1    4:00   2.5   0.2   0.6   1.9  19.3   14:00    NW
23  17.5  22.8   15:55  13.7    1:50   1.6   0.8   0.0   1.8  14.5   16:25    NW
24  18.1  20.1   13:35  15.8    7:05   0.7   0.5   0.0   1.1   9.7   12:20   NNW
25  19.2  21.8   12:15  17.4   00:00   0.0   1.0   0.4   3.1  17.7   11:25    NE
26  18.4  21.4   12:25  16.4    7:05   0.5   0.6   0.2   1.4   9.7    0:30   NNW
27  18.6  21.9   12:10  15.5    5:55   0.9   1.2   0.0   3.4  24.1   12:25   WNW
28  18.8  22.7   15:05  14.1    7:40   0.7   1.3   0.0   4.5  30.6   15:30   WNW
29  18.7  23.2   10:50  14.3    4:35   1.1   1.4   0.0   2.6  17.7   15:40    NW
30  18.7  22.2   12:25  15.9    4:35   0.6   1.1   0.0   1.9  14.5   12:55   ESE
31  18.3  21.2   12:25  16.1    2:45   0.8   0.8   0.0   4.2  27.4   13:15   ENE
-------------------------------------------------------------------------------------
    19.7  30.4     5    12.1    22    15.9  60.5  49.0   3.0  46.7     6     NNW

Max >=  32.0:  0
Max <=   0.0:  0
Min <=   0.0:  0
Min <= -18.0:  0
Max Rain: 28.40 ON 13/10/15
Days of Rain: 13 (> .2 mm) 5 (> 2 mm) 1 (> 20 mm)
Heat Base:  18.3  Cool Base:  18.3  Method: Integration