NOAA-Style Climate Reports


Report for 2015 Septiembre
                   MONTHLY CLIMATOLOGICAL SUMMARY for SEP. 2015

NAME: Ayuntamiento de L'Alfàs del Pi   CITY: L'Alfàs del Pi   STATE: Alicante 
ELEV:    95 m  LAT:  38° 34' 47" N  LONG:   0° 06' 05" W

                   TEMPERATURE (°C), RAIN  (mm), WIND SPEED (km/hr)

                                      HEAT  COOL        AVG
    MEAN                              DEG   DEG         WIND                 DOM
DAY TEMP  HIGH   TIME   LOW    TIME   DAYS  DAYS  RAIN  SPEED HIGH   TIME    DIR
------------------------------------------------------------------------------------
 1  26.5  30.4   14:10  24.6    6:35   0.0   8.2   0.6   4.3  29.0   13:20   ESE
 2  25.9  29.4   12:30  23.2    6:10   0.0   7.7   2.8   3.1  25.7   14:15   ESE
 3  25.6  29.3   13:05  21.8    7:25   0.0   7.3   0.0   2.6  22.5   14:55   ESE
 4  24.1  28.1   16:00  20.4   21:45   0.0   5.8   9.0   4.5  22.5   18:10    NE
 5  22.6  24.7   14:40  20.8    7:25   0.0   4.3   0.0   5.6  27.4    1:20    NE
 6  20.2  22.4    0:05  18.5    9:55   0.0   1.9   6.2   5.5  27.4   15:00    NE
 7  21.2  24.2   11:45  19.1   14:30   0.0   2.9  64.2   1.8  19.3   13:30   NNW
 8  20.7  24.0   12:15  17.4   13:20   0.0   2.4  16.6   2.7  25.7   13:10   NNW
 9  21.7  25.7   16:45  17.6    6:50   0.1   3.5   0.0   3.4  22.5   11:15    SW
10  23.2  26.4   14:55  20.4    2:50   0.0   4.9   0.0   5.6  29.0   10:35    SW
11  24.1  28.4   15:25  21.3    5:45   0.0   5.8   0.0   2.7  16.1   12:15   NNW
12  23.7  27.3   15:40  20.4    7:40   0.0   5.4   0.4   2.6  24.1   14:45   ESE
13  24.2  28.0   17:25  20.8    6:05   0.0   5.9   0.0   3.7  25.7   13:00    SW
14  25.0  29.4   13:30  21.5    7:45   0.0   6.7   0.0   3.1  25.7   14:45    SE
15  23.9  27.6   12:55  19.7    8:05   0.0   5.6   0.0   3.2  27.4   17:00    NW
16  24.1  27.2   12:20  20.5    8:05   0.0   5.8   0.0   4.7  30.6   14:40    SW
17  24.3  29.0   16:00  20.8    7:15   0.0   6.0   0.0   3.1  25.7   16:45    NW
18  22.7  26.1   15:05  19.4    2:25   0.0   4.4   0.0   6.1  32.2   12:55   ENE
19  22.7  25.9   14:10  20.7   23:15   0.0   4.3   0.0   6.1  35.4   15:30    NE
20  22.1  25.6   14:35  18.3    4:40   0.0   3.8   0.0   4.3  25.7   14:50    SW
21  22.8  27.0   16:15  18.3    6:55   0.0   4.5   2.0   3.5  20.9   13:20    SW
22  24.3  29.8   17:55  19.9    7:30   0.0   6.0   0.2   2.6  17.7   12:00   WNW
23  22.7  25.7   14:20  20.6    3:20   0.0   4.4   1.8   4.3  22.5    8:35   ESE
24  21.7  24.6   12:35  19.2   23:40   0.0   3.4   1.0   3.2  24.1   13:00   ESE
25  21.2  25.2   16:10  17.1    7:55   0.1   3.0   0.0   3.2  20.9   13:30    SW
26  21.3  25.2   15:35  18.0    8:10   0.0   3.0   0.0   2.9  17.7   13:25    NW
27  20.6  23.9   12:05  18.8   22:25   0.0   2.3   0.0   1.8  17.7   16:35   NNW
28  20.5  24.8   16:00  18.4    5:35   0.0   2.2   0.2   5.8  24.1   11:45    NE
29  19.4  22.7   12:05  17.7   23:35   0.1   1.1   0.4   3.5  25.7   14:45     N
30  20.3  24.6   14:25  16.8    8:45   0.2   2.1   1.2   4.8  29.0    6:05    NE
-------------------------------------------------------------------------------------
    22.8  30.4     1    16.8    30     0.5 134.8 106.6   3.8  35.4    19      NW

Max >=  32.0:  0
Max <=   0.0:  0
Min <=   0.0:  0
Min <= -18.0:  0
Max Rain: 64.21 ON 07/09/15
Days of Rain: 14 (> .2 mm) 6 (> 2 mm) 1 (> 20 mm)
Heat Base:  18.3  Cool Base:  18.3  Method: Integration