NOAA-Style Climate Reports


Report for 2015 Agosto
                   MONTHLY CLIMATOLOGICAL SUMMARY for AUG. 2015

NAME: Ayuntamiento de L'Alfàs del Pi   CITY: L'Alfàs del Pi   STATE: Alicante 
ELEV:    95 m  LAT:  38° 34' 47" N  LONG:   0° 06' 05" W

                   TEMPERATURE (°C), RAIN  (mm), WIND SPEED (km/hr)

                                      HEAT  COOL        AVG
    MEAN                              DEG   DEG         WIND                 DOM
DAY TEMP  HIGH   TIME   LOW    TIME   DAYS  DAYS  RAIN  SPEED HIGH   TIME    DIR
------------------------------------------------------------------------------------
 1  26.7  30.3   15:45  23.3    5:10   0.0   8.3   0.0   7.9  32.2   17:50    NE
 2  26.4  29.4   11:10  23.6    7:05   0.0   8.2   0.0   6.1  27.4   14:40   ESE
 3  28.1  34.1   16:10  24.6    4:35   0.0   9.8   0.0   3.2  20.9   11:35   ENE
 4  27.9  31.1   13:55  25.1    5:35   0.0   9.6   0.0   3.2  19.3   11:30   ESE
 5  27.7  31.2   17:25  24.4    5:05   0.0   9.4   0.0   3.7  22.5   11:10   ESE
 6  28.0  31.1   10:20  26.2    7:30   0.0   9.7   0.0   3.5  20.9   11:15   ESE
 7  28.8  32.8   16:40  26.2    8:00   0.0  10.5   0.2   2.9  24.1   22:15   ESE
 8  29.1  34.3   16:15  26.2   19:10   0.0  10.8   0.0   3.9  33.8   19:00   ESE
 9  26.8  28.7   11:45  25.3    6:55   0.0   8.5   0.0   6.0  27.4   12:35   ESE
10  27.7  31.4   14:35  24.9    7:15   0.0   9.4   0.2   3.9  20.9   13:45    SW
11  27.6  31.2   14:25  26.0    6:25   0.0   9.3   1.0   2.4  16.1   15:05    SW
12  27.8  30.3   17:10  24.7    7:10   0.0   9.5   5.0   3.4  20.9   14:20   ESE
13  29.7  37.1   18:15  25.2    6:05   0.0  11.3   4.0   4.5  32.2   17:50   WNW
14  27.4  29.8    9:55  25.3    7:00   0.0   9.1   0.0   5.8  27.4   12:20   ESE
15  25.2  28.1   16:15  22.7   23:30   0.0   6.9   0.8   4.2  27.4   19:20    NE
16  24.9  28.7   13:55  21.2    7:30   0.0   6.7   0.0   4.2  22.5   15:00    SW
17  26.3  29.8   15:40  24.3    5:00   0.0   8.0   0.2   3.2  19.3   10:55     W
18  26.3  30.9   14:45  23.2    7:30   0.0   8.0   0.0   4.7  29.0   16:50   NNW
19  26.2  28.7   11:25  24.2    5:55   0.0   7.9   0.0   5.8  27.4   13:10   ESE
20  26.3  29.6   14:15  23.3    7:40   0.0   8.0   1.0   2.4  19.3   12:40   ESE
21  26.2  30.3   17:10  22.8    6:15   0.0   7.9   0.0   3.2  22.5   14:25    SW
22  25.8  28.8   19:10  21.4    7:15   0.0   7.5   0.0   4.2  27.4   13:10   ESE
23  27.1  31.7   12:20  22.8    7:05   0.0   8.8   0.0   4.2  32.2   17:05   WNW
24  27.1  32.2   15:15  23.4    6:40   0.0   8.8   0.0   4.0  29.0   17:35    SW
25  26.4  30.7   11:40  22.9    5:00   0.0   8.1   0.2   5.0  29.0   15:45   ESE
26  25.9  28.6   13:35  23.7    1:10   0.0   7.7   0.0   3.7  22.5   16:00   ESE
27  26.0  29.7   16:30  22.7    4:35   0.0   7.7   0.0   3.1  24.1   11:15    SW
28  25.7  28.9   13:55  22.7    7:10   0.0   7.4   0.0   3.1  22.5   13:20   ESE
29  26.6  29.8   15:10  23.3    7:10   0.0   8.3   0.0   5.8  32.2   15:15   ESE
30  27.1  31.1   12:30  24.9    0:30   0.0   8.8   0.0   6.1  30.6   13:50   ESE
31  26.8  30.7   15:05  24.7    7:00   0.0   8.5   3.0   3.2  27.4   21:40    SW
-------------------------------------------------------------------------------------
    27.0  37.1    13    21.2    16     0.0 268.3  15.6   4.2  33.8     8     ESE

Max >=  32.0:  5
Max <=   0.0:  0
Min <=   0.0:  0
Min <= -18.0:  0
Max Rain: 5.00 ON 12/08/15
Days of Rain: 10 (> .2 mm) 3 (> 2 mm) 0 (> 20 mm)
Heat Base:  18.3  Cool Base:  18.3  Method: Integration