NOAA-Style Climate Reports


Report for 2015 Julio
                   MONTHLY CLIMATOLOGICAL SUMMARY for JUL. 2015

NAME: Ayuntamiento de L'Alfàs del Pi   CITY: L'Alfàs del Pi   STATE: Alicante 
ELEV:    95 m  LAT:  38° 34' 47" N  LONG:   0° 06' 05" W

                   TEMPERATURE (°C), RAIN  (mm), WIND SPEED (km/hr)

                                      HEAT  COOL        AVG
    MEAN                              DEG   DEG         WIND                 DOM
DAY TEMP  HIGH   TIME   LOW    TIME   DAYS  DAYS  RAIN  SPEED HIGH   TIME    DIR
------------------------------------------------------------------------------------
 1  28.9  34.8   12:35  24.6    5:05   0.0  10.5   0.0   5.3  35.4   15:35   ESE
 2  29.9  33.7   14:35  26.5    3:45   0.0  11.6   0.2   7.4  37.0   17:50    NE
 3  28.6  33.0   13:20  23.2    4:35   0.0  10.2   0.0   6.1  30.6   17:50   ESE
 4  29.3  35.0   14:00  26.4    5:40   0.0  11.1   0.0   6.8  30.6   15:20   ESE
 5  28.3  31.4   14:45  25.4   23:45   0.0  10.0   0.0   3.7  24.1   15:15   ENE
 6  29.4  33.9   13:20  25.5    7:20   0.0  11.2   0.0   3.1  22.5   15:20   ESE
 7  31.1  36.3   15:05  27.1    4:10   0.0  12.8   0.0   3.5  19.3   16:20    NW
 8  29.6  36.3   12:30  25.3    4:05   0.0  11.2   0.0   3.9  24.1   18:40   ESE
 9  26.2  28.6   14:30  24.6    6:45   0.0   7.9   0.0   4.3  24.1   12:55   ESE
10  26.4  29.8   16:00  22.9    7:15   0.0   8.1   0.0   5.5  29.0   14:10    SW
11  26.0  28.4   17:40  23.6    5:40   0.0   7.7   0.0   3.5  20.9   12:10   ESE
12  26.2  30.1   16:50  22.3    6:30   0.0   7.9   0.0   3.5  19.3   13:25    SW
13  26.7  29.8   15:45  23.1    7:05   0.0   8.4   0.2   3.7  22.5   15:20    SW
14  27.6  32.4   14:00  24.1    3:20   0.0   9.2   0.0   3.2  19.3   14:30    SW
15  28.1  33.3   16:10  22.9    6:45   0.0   9.8   1.0   2.7  17.7   16:50    SW
16  28.6  32.8   16:10  24.3    5:55   0.0  10.3   0.0   2.9  22.5   16:55    SW
17  27.6  31.7   16:35  23.9    4:30   0.0   9.3   0.0   2.9  19.3   15:05   ENE
18  27.1  30.3   18:00  23.9    6:45   0.0   8.8   0.0   3.9  20.9   14:00   ESE
19  26.7  30.1   14:05  23.6    7:50   0.0   8.4   0.0   2.9  19.3   13:00    SW
20  27.1  30.7   16:30  23.7    6:10   0.0   8.8   0.0   3.2  19.3   14:45   WSW
21  27.7  31.1   17:50  24.3    6:30   0.0   9.4   1.2   4.2  25.7   15:15    SW
22  27.8  31.4   15:25  24.1    5:25   0.0   9.5   0.2   3.9  30.6   21:05   WNW
23  28.0  31.7   10:10  24.6    6:45   0.0   9.7   0.0   4.2  25.7   13:05   ESE
24  27.6  30.7   14:45  24.1    7:00   0.0   9.3   0.0   5.6  29.0   15:30    SW
25  29.1  33.2   15:15  25.7    3:20   0.0  10.8   0.0   6.4  32.2    7:05    NE
26  27.7  31.0   16:20  25.4    5:50   0.0   9.4   0.0   4.5  22.5   16:25    SW
27  28.8  33.7   19:15  24.1    7:20   0.0  10.5   0.0   3.2  16.1   14:40   WNW
28  27.9  30.5   15:40  25.2    5:45   0.0   9.6   0.0   4.3  25.7   10:55   ESE
29  28.2  31.7   14:10  25.1    7:10   0.0   9.8   0.2   3.2  19.3   19:15    SW
30  27.8  30.2    9:25  25.3   15:40   0.0   9.5   0.2   4.5  27.4   13:45   ESE
31  26.8  29.2   15:45  25.4    4:30   0.0   8.6   0.0   5.3  25.7   13:35   ESE
-------------------------------------------------------------------------------------
    28.0  36.3     8    22.3    12     0.0 299.2   3.2   4.2  37.0     2     ESE

Max >=  32.0: 12
Max <=   0.0:  0
Min <=   0.0:  0
Min <= -18.0:  0
Max Rain: 1.19 ON 21/07/15
Days of Rain: 7 (> .2 mm) 0 (> 2 mm) 0 (> 20 mm)
Heat Base:  18.3  Cool Base:  18.3  Method: Integration