NOAA-Style Climate Reports


Report for 2015 Junio
                   MONTHLY CLIMATOLOGICAL SUMMARY for JUN. 2015

NAME: Ayuntamiento de L'Alfàs del Pi   CITY: L'Alfàs del Pi   STATE: Alicante 
ELEV:    95 m  LAT:  38° 34' 47" N  LONG:   0° 06' 05" W

                   TEMPERATURE (°C), RAIN  (mm), WIND SPEED (km/hr)

                                      HEAT  COOL        AVG
    MEAN                              DEG   DEG         WIND                 DOM
DAY TEMP  HIGH   TIME   LOW    TIME   DAYS  DAYS  RAIN  SPEED HIGH   TIME    DIR
------------------------------------------------------------------------------------
 1  20.3  23.3   15:30  17.1    5:35   0.1   2.2   0.4   3.5  24.1   15:05   ESE
 2  21.7  26.0   18:55  17.1    6:25   0.1   3.5   5.8   2.7  19.3   14:40    SW
 3  23.2  27.3   14:25  19.2    7:00   0.0   4.9   0.0   5.1  32.2   15:05   ESE
 4  24.3  28.2   11:55  20.5    0:05   0.0   6.0   0.2   6.0  32.2   13:40   ESE
 5  23.8  27.2   15:55  18.9    6:25   0.0   5.5   0.0   3.9  19.3   14:20   ESE
 6  23.7  27.2   13:45  18.6    7:10   0.0   5.4   0.0   3.7  24.1   14:25   ESE
 7  24.3  28.3   16:35  19.4    4:35   0.0   6.0   0.0   5.3  30.6   14:00   ESE
 8  24.9  29.1   12:10  20.3    5:05   0.0   6.6   0.0   3.7  27.4   16:20   ESE
 9  24.4  29.5   12:20  20.2    5:15   0.0   6.1   0.0   3.2  24.1   15:15   ESE
10  24.6  28.4    9:55  21.4    2:35   0.0   6.3   1.8   6.6  29.0   13:30   ESE
11  23.4  26.2   14:30  20.6   23:10   0.0   5.1   0.6   6.4  32.2   18:00   WNW
12  22.9  27.6   15:50  19.4    3:45   0.0   4.7   4.0   3.5  30.6   11:35    SW
13  22.9  26.4   18:30  19.2    6:30   0.0   4.6   0.2   3.2  22.5   14:20   ESE
14  22.7  26.8   14:45  19.3    5:10   0.0   4.4   0.0   4.3  30.6   15:15    SW
15  22.8  26.5   12:50  19.1    6:35   0.0   4.5   4.6   4.2  25.7   15:25   ESE
16  20.9  23.9   15:40  16.8    5:45   0.2   2.8  14.2   4.0  27.4    3:35   ESE
17  21.6  25.9    9:10  17.7    5:10   0.0   3.2   0.0   3.4  25.7   14:20   ESE
18  22.4  26.6   17:25  18.5    6:10   0.0   4.2   0.0   3.4  24.1   15:45    SW
19  23.1  27.3   16:35  18.4    6:40   0.0   4.8   0.0   4.8  24.1   20:30    SW
20  23.7  27.2   16:35  19.4    5:35   0.0   5.4   0.0   3.4  20.9   14:50    SW
21  24.4  28.4   15:50  19.4    6:55   0.0   6.1   0.8   3.5  20.9   15:20    SW
22  25.2  28.7   12:05  21.4    4:55   0.0   6.9   6.6   3.2  20.9   14:50   ESE
23  26.3  29.7   15:15  22.7    1:15   0.0   8.0   2.4   5.0  37.0   19:30    SW
24  25.2  28.9   12:45  22.1   00:00   0.0   6.9   0.0   7.2  40.2   14:15   ESE
25  24.4  28.6   14:20  20.2    4:05   0.0   6.1   1.0   3.4  22.5   15:15    SW
26  25.2  28.7   13:40  21.2    6:20   0.0   6.9   1.2   4.8  27.4   19:55    SW
27  27.1  32.1   17:15  21.2    5:35   0.0   8.7   2.0   5.1  24.1   12:50    SW
28  28.8  34.3   13:40  23.8    6:30   0.0  10.5   4.0   4.3  27.4   16:05    SW
29  27.5  33.2   12:15  21.5    6:40   0.0   9.2  30.6   2.7  19.3   17:00   ESE
30  28.1  31.5   13:25  23.2    5:20   0.0   9.8   0.2   3.4  22.5   12:40   ESE
-------------------------------------------------------------------------------------
    24.1  34.3    28    16.8    16     0.4 175.5  80.6   4.2  40.2    24     ESE

Max >=  32.0:  3
Max <=   0.0:  0
Min <=   0.0:  0
Min <= -18.0:  0
Max Rain: 30.61 ON 29/06/15
Days of Rain: 18 (> .2 mm) 9 (> 2 mm) 1 (> 20 mm)
Heat Base:  18.3  Cool Base:  18.3  Method: Integration