NOAA-Style Climate Reports

Select a Year or Month report
2019: Ene Feb Mar Abr May Jun Jul Ago Sep Oct Nov Dic
2018: Ene Feb Mar Abr May Jun Jul Ago Sep Oct Nov Dic
2017: Ene Feb Mar Abr May Jun Jul Ago Sep Oct Nov Dic
2016: Ene Feb Mar Abr May Jun Jul Ago Sep Oct Nov Dic
2015: Ene Feb Mar Abr May Jun Jul Ago Sep Oct Nov Dic
2014: Ene Feb Mar Abr May Jun Jul Ago Sep Oct Nov Dic
2013: Ene Feb Mar Abr May Jun Jul Ago Sep Oct Nov Dic
2012: Ene Feb Mar Abr May Jun Jul Ago Sep Oct Nov Dic

Report for 2015 Abril
                   MONTHLY CLIMATOLOGICAL SUMMARY for APR. 2015

NAME: Ayuntamiento de L'Alfàs del Pi   CITY: L'Alfàs del Pi   STATE: Alicante 
ELEV:    95 m  LAT:  38° 34' 47" N  LONG:   0° 06' 05" W

                   TEMPERATURE (°C), RAIN  (mm), WIND SPEED (km/hr)

                                      HEAT  COOL        AVG
    MEAN                              DEG   DEG         WIND                 DOM
DAY TEMP  HIGH   TIME   LOW    TIME   DAYS  DAYS  RAIN  SPEED HIGH   TIME    DIR
------------------------------------------------------------------------------------
 1  16.7  20.3    1:10  13.6   00:00   1.8   0.2   0.4   6.3  32.2   12:25   ESE
 2  14.6  17.8   15:40  12.0    7:45   3.7   0.0   2.8   3.2  20.9   14:40    SW
 3  14.8  19.3   16:05  10.7    7:20   3.6   0.1   0.8   3.1  19.3   15:45    SW
 4  14.3  17.8   13:25  12.0    8:15   4.0   0.0   0.4   4.5  37.0   13:50   ESE
 5  14.7  18.9   12:50  10.8    7:00   3.7   0.0   0.2   3.2  20.9   17:10   ENE
 6  14.2  16.6   11:35  12.1   23:45   4.1   0.0   0.0   7.2  35.4   12:30   ENE
 7  13.8  16.9   12:40  12.1    0:05   4.4   0.0   0.0   9.2  33.8   14:25   ENE
 8  13.3  15.3   17:15  11.4    7:40   5.0   0.0   0.0  10.0  37.0   13:40   ENE
 9  14.1  18.5   15:15  10.8    6:05   4.2   0.0   0.0   7.6  29.0   22:10   ENE
10  15.1  19.5   12:40  12.6    3:30   3.4   0.1   0.0   7.2  33.8   17:05    NE
11  14.5  17.6   18:45  11.7    3:35   3.8   0.0   0.0   4.2  30.6   23:15     N
12  16.6  20.9   15:55  14.3    4:40   2.0   0.3   0.0  10.6  41.8    6:10     N
13  18.5  22.3   13:50  14.9    7:55   1.0   1.2   0.0   8.4  32.2    4:50    NE
14  19.7  22.4   12:30  16.4    4:30   0.3   1.6   0.0   7.2  35.4   21:40   ENE
15  17.3  19.8   13:00  15.0   21:55   1.0   0.1   2.0   7.2  30.6   10:40   ENE
16  16.6  20.4   15:05  13.7    7:20   2.0   0.3   0.0   3.4  25.7   17:10    SW
17  18.6  23.1   13:30  14.2    1:50   1.3   1.5   0.0   2.9  19.3   15:40    SW
18  17.0  21.9   15:05  13.4    6:35   1.8   0.5   0.0   3.7  19.3   15:20    SW
19  17.8  22.9   16:20  13.7    4:30   1.6   1.0   0.0   3.5  20.9   12:35    SW
20  16.1  19.6   14:15  11.9    6:30   2.3   0.1   0.0   4.3  29.0   14:35   ESE
21  16.8  20.5   18:05  13.3    4:25   1.9   0.3   0.0   6.9  33.8   14:30    NE
22  17.4  22.2   16:15  14.9   23:55   1.4   0.5   0.0   6.1  32.2   16:25   ESE
23  16.8  20.9   14:35  13.7    6:55   1.9   0.5   0.0   2.7  19.3   14:45    SW
24  16.2  19.4   14:55  13.9    7:50   2.2   0.1   0.0   4.3  27.4   15:30    SW
25  17.8  23.3   12:30  14.2    7:15   1.5   1.0   0.0   3.7  22.5    2:10    SW
26  18.2  22.9   15:50  14.5    7:05   1.1   1.1   4.0   4.7  40.2   18:35   WSW
27  19.8  23.6   17:45  16.1    6:40   0.4   1.9   0.0  11.3  48.3   20:25    NW
28  18.8  21.5   11:40  15.5   00:00   0.4   0.9   0.0   6.0  40.2    3:10   ESE
29  17.2  20.6   11:10  13.8    6:35   1.7   0.5   0.0   4.2  29.0   12:05    SW
30  17.7  21.4   14:45  14.4    1:45   1.4   0.8   0.0   3.1  19.3   16:30    SW
-------------------------------------------------------------------------------------
    16.5  23.6    27    10.7     3    69.0  14.7  10.6   5.7  48.3    27     ENE

Max >=  32.0:  0
Max <=   0.0:  0
Min <=   0.0:  0
Min <= -18.0:  0
Max Rain: 3.99 ON 26/04/15
Days of Rain: 7 (> .2 mm) 3 (> 2 mm) 0 (> 20 mm)
Heat Base:  18.3  Cool Base:  18.3  Method: Integration