NOAA-Style Climate Reports

Select a Year or Month report
2019: Ene Feb Mar Abr May Jun Jul Ago Sep Oct Nov Dic
2018: Ene Feb Mar Abr May Jun Jul Ago Sep Oct Nov Dic
2017: Ene Feb Mar Abr May Jun Jul Ago Sep Oct Nov Dic
2016: Ene Feb Mar Abr May Jun Jul Ago Sep Oct Nov Dic
2015: Ene Feb Mar Abr May Jun Jul Ago Sep Oct Nov Dic
2014: Ene Feb Mar Abr May Jun Jul Ago Sep Oct Nov Dic
2013: Ene Feb Mar Abr May Jun Jul Ago Sep Oct Nov Dic
2012: Ene Feb Mar Abr May Jun Jul Ago Sep Oct Nov Dic

Report for 2015 Marzo
                   MONTHLY CLIMATOLOGICAL SUMMARY for FEB. 2015

NAME: Ayuntamiento de L'Alfàs del Pi   CITY: L'Alfàs del Pi   STATE: Alicante 
ELEV:    95 m  LAT:  38° 34' 47" N  LONG:   0° 06' 05" W

                   TEMPERATURE (°C), RAIN  (mm), WIND SPEED (km/hr)

                                      HEAT  COOL        AVG
    MEAN                              DEG   DEG         WIND                 DOM
DAY TEMP  HIGH   TIME   LOW    TIME   DAYS  DAYS  RAIN  SPEED HIGH   TIME    DIR
------------------------------------------------------------------------------------
 1  10.9  13.2   14:45   8.7    7:35   7.4   0.0   0.0  18.8  67.6    6:45    NW
 2  11.3  14.3   16:35   9.8    8:05   6.9   0.0   0.0   6.8  40.2    1:30   WNW
 3  12.8  15.8   13:30   9.6    4:00   5.5   0.0   0.0  11.3  69.2    6:20   WNW
 4   8.7  13.2    0:35   5.1   00:00   9.6   0.0   0.0   8.4  46.7   12:15    NW
 5   7.4  13.6   15:40   2.8    3:15  10.9   0.0   0.0   7.2  56.3   21:55    NW
 6   7.8  11.4   14:05   4.3   23:25  10.5   0.0   0.0   8.0  51.5    9:45   WNW
 7   6.4  10.4   12:55   2.7    7:30  11.9   0.0   0.0   4.7  20.9   13:10    NW
 8   8.3  11.8   15:50   5.1    7:55  10.0   0.0   0.0   4.5  25.7   15:35    SW
 9  10.0  13.1   15:00   6.0    1:05   8.3   0.0   0.0   6.0  29.0   11:15   ENE
10  10.7  12.9   13:40   8.7    1:05   7.6   0.0   0.0   4.5  25.7   13:05   ENE
11  12.1  15.8   14:00  10.2    1:35   6.2   0.0   0.0   5.6  29.0   15:05   ENE
12  12.1  14.3   14:00  10.3    0:05   6.3   0.0   0.0   4.0  20.9    4:45    NE
13  11.9  16.4   16:25   8.7    6:55   6.3   0.0   0.2   1.6  14.5   13:25   WNW
14  14.0  18.3   13:05   8.7    6:55   4.3   0.0   0.0   4.0  27.4   13:35   WNW
15  16.2  21.3   16:45  11.2    7:55   2.5   0.4   0.0   6.1  35.4   22:55    NW
16  15.8  20.6   14:25  11.8   00:00   2.7   0.2   0.2   8.4  43.5    8:10   NNW
17  11.7  15.3   12:25   9.6   16:20   6.6   0.0   7.6   9.3  40.2   16:50    NE
18  12.2  14.1   12:40  10.8   16:20   6.2   0.0   0.0  11.1  41.8    3:45   ENE
19  11.8  15.1   15:25  10.2    5:15   6.4   0.0   0.0   8.2  29.0    9:55    NE
20  11.7  16.1   13:15   9.3   23:55   6.6   0.0   0.0   6.1  29.0   15:15   ESE
21  10.8  16.3   16:20   7.6    5:05   7.5   0.0   2.6   3.4  38.6   00:00   WNW
22  12.0  16.9   15:25   8.6   23:20   6.3   0.0   0.0  10.3  56.3   14:10    NW
23  15.3  21.7   14:35   9.1    6:15   3.4   0.4   0.0   5.0  54.7   23:55   WNW
24  14.2  17.0    0:05  11.4    8:00   4.1   0.0   0.0   9.0  56.3    4:40    NW
25  14.8  18.0   17:10  11.5    5:45   3.5   0.0   0.0  14.0  61.2    2:15    NW
26  16.8  20.5   12:05  12.7   23:10   1.8   0.2   0.0   7.2  56.3    1:10   NNW
27  16.3  19.4   14:35  10.7   23:15   2.2   0.1   0.0   7.4  56.3   13:05    NW
28  12.2  15.7   16:15   8.7    7:40   6.1   0.0   0.0   3.1  19.3   13:55   WNW
-------------------------------------------------------------------------------------
    12.0  21.7    23     2.7     7   177.7   1.3  10.6   7.3  69.2     3      NW

Max >=  32.0:  0
Max <=   0.0:  0
Min <=   0.0:  0
Min <= -18.0:  0
Max Rain: 7.59 ON 17/02/15
Days of Rain: 4 (> .2 mm) 2 (> 2 mm) 0 (> 20 mm)
Heat Base:  18.3  Cool Base:  18.3  Method: Integration