NOAA-Style Climate Reports


Report for 2015 Enero
                   MONTHLY CLIMATOLOGICAL SUMMARY for JAN. 2015

NAME: Ayuntamiento de L'Alfàs del Pi   CITY: L'Alfàs del Pi   STATE: Alicante 
ELEV:    95 m  LAT:  38° 34' 47" N  LONG:   0° 06' 05" W

                   TEMPERATURE (°C), RAIN  (mm), WIND SPEED (km/hr)

                                      HEAT  COOL        AVG
    MEAN                              DEG   DEG         WIND                 DOM
DAY TEMP  HIGH   TIME   LOW    TIME   DAYS  DAYS  RAIN  SPEED HIGH   TIME    DIR
------------------------------------------------------------------------------------
 1  11.0  14.9   16:20   7.7   23:20   7.3   0.0   0.0   2.4  16.1    8:05   ESE
 2  11.1  17.1   11:15   6.4    8:15   7.2   0.0   0.0   1.9  12.9   13:20   WNW
 3  12.0  16.8   16:40   7.8    8:35   6.3   0.0   0.0   2.4  16.1   14:25   WNW
 4  14.1  17.8   10:25  11.9    8:15   4.2   0.0   0.0   1.8  17.7   13:15   ENE
 5  12.6  15.5   14:25   9.6    7:30   5.7   0.0   0.0   2.6  16.1   13:20   WNW
 6  10.9  14.4   15:50   8.3    7:35   7.4   0.0   0.0   1.8  12.9   12:45    NW
 7  11.7  15.0   14:50   9.0    2:35   6.7   0.0   0.0   2.7  16.1   14:15   ESE
 8  11.5  15.7   15:15   8.6    6:05   6.8   0.0   0.0   1.9  14.5   13:20    NW
 9  11.4  16.3   15:15   7.5    5:20   6.8   0.0   0.0   2.6  24.1   14:35   WNW
10  12.2  17.7   15:30   7.9    3:35   6.1   0.0   0.0   2.4  14.5   14:10   WNW
11  14.3  19.9   13:10  10.4    2:40   4.1   0.1   0.0   2.3  19.3   16:05   WNW
12  13.9  17.6   16:10  11.5    0:05   4.4   0.0   0.0   2.4  17.7    1:35    SW
13  12.6  16.6   14:30   9.7    4:10   5.7   0.0   0.0   2.3  16.1   13:05   WNW
14  14.0  19.4   14:40  10.2    7:25   4.4   0.0   0.0   1.6  11.3   13:10   WNW
15  12.6  16.7   13:45   9.4    6:55   5.7   0.0   0.0   2.9  22.5   15:10   WNW
16  12.0  16.8   13:30   8.5   00:00   6.3   0.0   0.2   2.4  22.5   14:30   WNW
17  10.1  14.2   15:50   7.1    2:10   8.2   0.0   0.0   4.0  24.1   11:30   WNW
18   9.5  13.8   13:50   5.7    5:10   8.8   0.0   2.6   2.9  22.5   14:10    SW
19   8.8   9.7   12:50   7.8    6:30   9.5   0.0   2.2   6.8  41.8   12:05   NNE
20   8.6  12.2   15:20   5.5    8:00   9.7   0.0   0.0   3.9  24.1   15:00    NW
21   9.3  14.6   16:05   5.8    3:15   9.0   0.0   0.0   4.0  27.4   16:30    NW
22  10.0  12.4   16:35   8.2    7:30   8.3   0.0   0.0   6.6  32.2    6:55    NW
23  10.1  14.0   14:10   6.7    7:15   8.2   0.0   0.0   4.8  30.6    5:00    NW
24  10.4  15.1   14:30   6.7    7:20   7.9   0.0   0.0   3.1  17.7   15:10    NW
25  12.6  17.4   13:25   8.2   21:30   5.8   0.0   0.0   4.0  27.4    7:00    NW
26  10.3  14.7   16:10   7.1    4:00   8.0   0.0   0.0   2.7  17.7   13:50    NW
27  11.1  15.1   16:10   7.9    1:10   7.2   0.0   0.0   2.4  17.7   13:30    NW
28  11.7  14.6   14:25   8.6   00:00   6.6   0.0   0.0   3.9  22.5   14:40    SW
29  13.9  20.9   16:25   8.0    4:35   4.6   0.2   0.0   4.7  32.2   18:25    SW
30  19.6  23.2   14:25  15.9    0:05   0.4   1.7   0.0  12.6  53.1    2:00   WNW
31  16.1  20.9    0:25  10.7    9:30   2.9   0.6   6.0  18.0  78.9   10:20   WNW
-------------------------------------------------------------------------------------
    11.9  23.2    30     5.5    20   200.1   2.6  11.0   3.9  78.9    31     WNW

Max >=  32.0:  0
Max <=   0.0:  0
Min <=   0.0:  0
Min <= -18.0:  0
Max Rain: 5.99 ON 31/01/15
Days of Rain: 4 (> .2 mm) 3 (> 2 mm) 0 (> 20 mm)
Heat Base:  18.3  Cool Base:  18.3  Method: Integration