NOAA-Style Climate Reports


Report for 2015
                            ANNUAL CLIMATOLOGICAL SUMMARY

NAME: Ayuntamiento de L'Alfàs del Pi  CITY: L'Alfàs del Pi   STATE: Alicante  
ELEV:    95 m  LAT:  38° 34' 47" N  LONG:   0° 06' 05" W

               TEMPERATURE (°C), HEAT BASE 18.3, COOL BASE 18.3
                          DEP.  HEAT  COOL                                          
        MEAN  MEAN        FROM  DEG   DEG                        MAX  MAX  MIN  MIN 
 YR MO  MAX   MIN   MEAN  NORM  DAYS  DAYS  HI  DATE  LOW  DATE  >=32 <=0  <=0  <=-18 
------------------------------------------------------------------------------------
 15  1  16.2   8.5  11.9   0.0   200     3  23.2  30   5.5   20    0    0    0    0
 15  2  15.8   8.7  12.0   0.0   178     1  21.7  23   2.7    7    0    0    0    0
 15  3  18.0  10.4  14.0   0.0   146    12  29.4  30   6.6   17    0    0    0    0
 15  4  20.3  13.4  16.5   0.0    69    15  23.6  27  10.7    3    0    0    0    0
 15  5  25.3  16.7  20.6   0.0    12    84  34.8  14  13.6   22    2    0    0    0
 15  6  28.1  19.9  24.1   0.0     0   175  34.3  28  16.8   16    3    0    0    0
 15  7  31.8  24.5  28.0   0.0     0   299  36.3   8  22.3   12   12    0    0    0
 15  8  30.7  24.0  27.0   0.0     0   268  37.1  13  21.2   16    5    0    0    0
 15  9  26.4  19.7  22.8   0.0     0   135  30.4   1  16.8   30    0    0    0    0
 15 10  23.3  16.8  19.7   0.0    16    60  30.4   5  12.1   22    0    0    0    0
 15 11  20.3  12.8  16.3   0.0    76    14  24.3   5   5.7   24    0    0    0    0
 15 12  18.4  11.5  14.3   0.0   124     1  21.3  15  10.0    1    0    0    0    0
------------------------------------------------------------------------------------
        22.9  15.6  19.0   0.0   821  1068  37.1 AUG   2.7  FEB   22    0    0    0

                                PRECIPITATION (mm)

               DEP.   MAX        DAYS OF RAIN 
               FROM   OBS.          OVER
 YR MO  TOTAL  NORM   DAY  DATE  .2   2   20
---------------------------------------------
 15  1  11.0    0.0   6.0   31    4    3    0
 15  2  10.6    0.0   7.6   17    4    2    0
 15  3  27.6    0.0   8.0   14   11    4    0
 15  4  10.6    0.0   4.0   26    7    3    0
 15  5  23.4    0.0   6.2    8   13    4    0
 15  6  80.6    0.0  30.6   29   18    9    1
 15  7   3.2    0.0   1.2   21    7    0    0
 15  8  15.6    0.0   5.0   12   10    3    0
 15  9 106.6    0.0  64.2    7   14    6    1
 15 10  49.0    0.0  28.4   13   13    5    1
 15 11  67.8    0.0  60.4    2    7    3    1
 15 12  18.6    0.0   5.8   25    9    4    0
---------------------------------------------
       424.6   0.0  64.2  SEP  117   46    4

                                WIND SPEED (km/hr)
                          DOM
 YR MO   AVG.  HI   DATE  DIR
---------------------------------
 15  1   3.9  78.9   31   WNW
 15  2   7.3  69.2    3    NW
 15  3   4.2  54.7   19   WNW
 15  4   5.7  48.3   27   ENE
 15  5   4.4  38.6   19   ESE
 15  6   4.2  40.2   24   ESE
 15  7   4.2  37.0    2   ESE
 15  8   4.2  33.8    8   ESE
 15  9   3.8  35.4   19    NW
 15 10   3.0  46.7    6   NNW
 15 11   3.2  61.2   22    NW
 15 12   1.6  20.9   30   NNW
---------------------------------
         4.1  78.9  JAN   NW