NOAA-Style Climate Reports

Select a Year or Month report
2019: Ene Feb Mar Abr May Jun Jul Ago Sep Oct Nov Dic
2018: Ene Feb Mar Abr May Jun Jul Ago Sep Oct Nov Dic
2017: Ene Feb Mar Abr May Jun Jul Ago Sep Oct Nov Dic
2016: Ene Feb Mar Abr May Jun Jul Ago Sep Oct Nov Dic
2015: Ene Feb Mar Abr May Jun Jul Ago Sep Oct Nov Dic
2014: Ene Feb Mar Abr May Jun Jul Ago Sep Oct Nov Dic
2013: Ene Feb Mar Abr May Jun Jul Ago Sep Oct Nov Dic
2012: Ene Feb Mar Abr May Jun Jul Ago Sep Oct Nov Dic

Report for 2014 Diciembre
                   MONTHLY CLIMATOLOGICAL SUMMARY for DEC. 2014

NAME: Ayuntamiento de L'Alfàs del Pi   CITY: L'Alfàs del Pi   STATE: Alicante 
ELEV:    95 m  LAT:  38° 34' 47" N  LONG:   0° 06' 05" W

                   TEMPERATURE (°C), RAIN  (mm), WIND SPEED (km/hr)

                                      HEAT  COOL        AVG
    MEAN                              DEG   DEG         WIND                 DOM
DAY TEMP  HIGH   TIME   LOW    TIME   DAYS  DAYS  RAIN  SPEED HIGH   TIME    DIR
------------------------------------------------------------------------------------
 1  15.8  20.3   16:00  13.1    4:30   2.6   0.1   3.8   1.8  27.4   21:05   WNW
 2  14.6  18.4   14:35  12.4    6:40   3.7   0.0   0.0   5.6  30.6    3:55   NNW
 3  13.1  16.6   13:35  11.1    1:50   5.2   0.0   0.0   3.4  16.1    8:35   NNW
 4  11.8  14.9   14:00   9.6   22:05   6.5   0.0   4.8   2.7  19.3   14:35     N
 5  12.7  17.8   15:10   8.7    0:50   5.6   0.0   0.0   2.4  19.3   15:35   WNW
 6  12.2  15.8   13:00   8.8    5:00   6.2   0.0   0.0   5.3  41.8   17:30    NW
 7  10.7  15.3   12:45   6.7    7:50   7.6   0.0   0.0   4.3  43.5    2:45    NW
 8  12.2  16.3   15:45   7.9    4:45   6.1   0.0   0.0   3.4  25.7   23:10   WNW
 9  12.9  15.0    0:10  10.1   23:10   5.4   0.0   0.0   9.8  43.5   15:45    NW
10  11.4  15.2   16:05   6.9    7:45   6.8   0.0   0.0   3.5  30.6    0:10    SW
11  13.0  18.4   15:10   8.4    6:40   5.2   0.0   0.0   2.1  14.5   13:25   WNW
12  12.2  15.6   14:40   8.9    5:20   6.1   0.0   0.0   4.0  27.4   13:35   WNW
13  12.7  16.9   14:15   8.9    4:30   5.6   0.0   0.0   1.6  16.1   15:10    SW
14  13.3  17.0   14:00  10.2   22:50   5.0   0.0  11.2   2.6  27.4   17:45   NNW
15  11.2  14.7   14:40   9.7    3:40   7.1   0.0  12.0   3.7  24.1   18:20   NNW
16  12.6  16.7   15:20   8.8    7:00   5.7   0.0   0.0   1.6  11.3   15:35   WNW
17  13.5  17.2   13:50   9.6    6:45   4.8   0.0   0.0   3.4  25.7   15:20   WNW
18  14.2  17.7   14:30  11.9    2:20   4.1   0.0   0.0   2.7  16.1   11:00   WNW
19  14.1  18.1   13:30  11.1    6:05   4.2   0.0   0.0   2.3  20.9   13:55   WNW
20  12.9  15.6   15:50  10.3    5:30   5.3   0.0   0.0   1.3  11.3   14:35    NW
21  12.6  16.3   14:20   9.7    7:45   5.7   0.0   0.0   1.1  11.3   12:35   ESE
22  12.1  16.3   14:05   9.2    7:30   6.2   0.0   0.0   1.6  11.3   14:10   WNW
23  11.7  16.1   17:00   8.2    5:55   6.6   0.0   0.0   1.9  19.3   13:55   WNW
24  12.0  16.8   16:15   9.2    4:30   6.3   0.0   0.0   1.4  12.9   14:30   WNW
25  11.9  15.9   12:05   9.5    6:40   6.4   0.0   0.0   2.3  12.9    7:05    NW
26  11.5  15.8   11:10   7.9    6:40   6.8   0.0   0.0   1.6  14.5   13:55   WNW
27  12.9  19.2   14:50   8.4    5:50   5.4   0.0   0.0   2.3  16.1   14:40   WNW
28  14.0  17.2   11:25   8.9   23:55   4.3   0.0   0.0   9.0  62.8   12:25    NW
29   8.3  10.7   15:30   6.6    8:35  10.0   0.0   0.0   7.7  37.0    0:05     N
30   8.1  12.4   13:10   3.9    5:15  10.2   0.0   0.0   3.1  22.5   14:25   WNW
31   9.7  15.4   12:15   4.7    4:25   8.6   0.0   0.0   1.3  11.3   13:30   WNW
-------------------------------------------------------------------------------------
    12.3  20.3     1     3.9    30   185.3   0.2  31.8   3.3  62.8    28      NW

Max >=  32.0:  0
Max <=   0.0:  0
Min <=   0.0:  0
Min <= -18.0:  0
Max Rain: 11.99 ON 15/12/14
Days of Rain: 4 (> .2 mm) 4 (> 2 mm) 0 (> 20 mm)
Heat Base:  18.3  Cool Base:  18.3  Method: Integration