NOAA-Style Climate Reports

Select a Year or Month report
2019: Ene Feb Mar Abr May Jun Jul Ago Sep Oct Nov Dic
2018: Ene Feb Mar Abr May Jun Jul Ago Sep Oct Nov Dic
2017: Ene Feb Mar Abr May Jun Jul Ago Sep Oct Nov Dic
2016: Ene Feb Mar Abr May Jun Jul Ago Sep Oct Nov Dic
2015: Ene Feb Mar Abr May Jun Jul Ago Sep Oct Nov Dic
2014: Ene Feb Mar Abr May Jun Jul Ago Sep Oct Nov Dic
2013: Ene Feb Mar Abr May Jun Jul Ago Sep Oct Nov Dic
2012: Ene Feb Mar Abr May Jun Jul Ago Sep Oct Nov Dic

Report for 2014 Noviembre
                   MONTHLY CLIMATOLOGICAL SUMMARY for OCT. 2014

NAME: Ayuntamiento de L'Alfàs del Pi   CITY: L'Alfàs del Pi   STATE: Alicante 
ELEV:    95 m  LAT:  38° 34' 47" N  LONG:   0° 06' 05" W

                   TEMPERATURE (°C), RAIN  (mm), WIND SPEED (km/hr)

                                      HEAT  COOL        AVG
    MEAN                              DEG   DEG         WIND                 DOM
DAY TEMP  HIGH   TIME   LOW    TIME   DAYS  DAYS  RAIN  SPEED HIGH   TIME    DIR
------------------------------------------------------------------------------------
 1  22.5  24.8   15:45  21.3    0:35   0.0   4.2   0.4   5.1  30.6    5:10    NE
 2  22.8  25.8   11:30  20.7    2:20   0.0   4.5   1.4   5.0  29.0   12:45   ENE
 3  22.5  26.8   13:25  20.3   23:10   0.0   4.2   0.0   5.8  30.6   14:50   ESE
 4  21.9  25.3   13:35  18.4    6:45   0.0   3.6   0.0   3.7  22.5   15:35    SW
 5  21.9  26.7   12:10  18.4   14:10   0.0   3.7  54.0   1.8  22.5   13:10   WNW
 6  22.4  25.2   15:05  19.9    7:45   0.0   4.0   0.0   4.0  25.7   14:05    SW
 7  22.7  27.2   11:25  18.7    4:45   0.0   4.4   0.0   3.4  30.6   16:05   WNW
 8  22.3  26.9   13:10  18.7    7:00   0.0   4.0   0.0   3.2  19.3   17:10   WNW
 9  22.8  28.6   14:55  18.6    7:45   0.0   4.5   0.0   2.4  14.5   13:35   WNW
10  22.7  27.4   11:40  19.1    7:25   0.0   4.4   0.0   2.7  24.1   21:55    SW
11  22.2  25.0   12:30  19.8    5:35   0.0   3.9   0.0   1.9  17.7   14:40   WNW
12  22.2  25.4   14:15  18.9    9:00   0.0   3.9   0.8   4.3  29.0   13:05    SW
13  20.6  24.1   15:30  16.5    8:10   0.1   2.4   0.0   4.8  29.0   13:35    SW
14  18.7  22.0   16:30  16.4    9:35   0.3   0.8   0.8   2.6  24.1   12:45   WNW
15  20.3  25.6   15:50  15.6    1:20   0.6   2.6   0.0   4.2  29.0   19:10   WNW
16  21.7  28.0   13:00  18.3    6:15   0.0   3.4   0.0   4.2  29.0   13:25    SW
17  21.7  26.6   13:35  18.3    7:25   0.0   3.4   0.0   2.6  20.9   17:00    SW
18  21.7  25.8    9:55  18.4    5:05   0.0   3.4   0.0   1.9  17.7   13:30   ENE
19  23.3  27.5   10:40  19.2    0:05   0.0   5.1   0.0   2.9  20.9   12:40   ESE
20  22.6  27.3   13:15  19.4   22:45   0.0   4.3   0.0   2.1  14.5   12:00   ENE
21  23.1  29.8   16:50  17.9    5:35   0.0   4.8   0.0   2.3  19.3   14:55    SW
22  24.3  30.2    3:05  18.2   23:55   0.0   6.0   0.0   6.3  37.0   15:45   ESE
23  19.9  24.5   16:25  15.6    6:15   0.4   2.1   0.0   3.1  20.9   14:30   WNW
24  21.2  26.6   15:25  17.2    7:55   0.1   3.0   0.0   1.9  16.1   16:55   WNW
25  22.2  28.1   16:25  17.7    6:55   0.0   3.9   0.0   1.4   9.7   13:10   WNW
26  22.2  28.7    9:35  18.8    3:50   0.0   3.9   0.0   1.9  17.7   12:45   WNW
27  21.3  25.1   13:25  19.6    0:45   0.0   3.0   0.0   5.3  32.2   14:20   ESE
28  20.2  23.4   12:55  17.8    7:20   0.0   1.9   0.0   1.9  14.5   14:00    NW
29  19.7  23.7   14:15  16.4    7:05   0.4   1.8   0.0   2.3  16.1   13:05    SW
30  20.0  23.8   13:50  16.7    4:20   0.4   2.1   0.0   1.4  14.5   14:20    SW
31  19.7  23.6   13:45  17.0    5:40   0.2   1.6   0.0   2.3  16.1   12:55    NW
-------------------------------------------------------------------------------------
    21.7  30.2    22    15.6    23     2.6 108.6  57.4   3.2  37.0    22     WNW

Max >=  32.0:  0
Max <=   0.0:  0
Min <=   0.0:  0
Min <= -18.0:  0
Max Rain: 54.00 ON 05/10/14
Days of Rain: 5 (> .2 mm) 1 (> 2 mm) 1 (> 20 mm)
Heat Base:  18.3  Cool Base:  18.3  Method: Integration