NOAA-Style Climate Reports

Select a Year or Month report
2019: Ene Feb Mar Abr May Jun Jul Ago Sep Oct Nov Dic
2018: Ene Feb Mar Abr May Jun Jul Ago Sep Oct Nov Dic
2017: Ene Feb Mar Abr May Jun Jul Ago Sep Oct Nov Dic
2016: Ene Feb Mar Abr May Jun Jul Ago Sep Oct Nov Dic
2015: Ene Feb Mar Abr May Jun Jul Ago Sep Oct Nov Dic
2014: Ene Feb Mar Abr May Jun Jul Ago Sep Oct Nov Dic
2013: Ene Feb Mar Abr May Jun Jul Ago Sep Oct Nov Dic
2012: Ene Feb Mar Abr May Jun Jul Ago Sep Oct Nov Dic

Report for 2014 Septiembre
                   MONTHLY CLIMATOLOGICAL SUMMARY for SEP. 2014

NAME: Ayuntamiento de L'Alfàs del Pi   CITY: L'Alfàs del Pi   STATE: Alicante 
ELEV:    95 m  LAT:  38° 34' 47" N  LONG:   0° 06' 05" W

                   TEMPERATURE (°C), RAIN  (mm), WIND SPEED (km/hr)

                                      HEAT  COOL        AVG
    MEAN                              DEG   DEG         WIND                 DOM
DAY TEMP  HIGH   TIME   LOW    TIME   DAYS  DAYS  RAIN  SPEED HIGH   TIME    DIR
------------------------------------------------------------------------------------
 1  26.0  29.9   15:20  22.4    6:45   0.0   7.7   0.0   3.4  25.7   18:05    SW
 2  26.6  30.0   15:15  22.6    7:35   0.0   8.2   0.0   3.7  20.9   15:30    SW
 3  26.9  30.8   11:00  23.6    7:20   0.0   8.6   1.0   3.4  19.3    1:05    SW
 4  26.6  30.1   12:30  24.0    7:40   0.0   8.3   0.0   2.6  17.7   12:35    SW
 5  26.6  29.4   12:35  24.5    7:30   0.0   8.2   0.0   2.7  17.7   14:00    SW
 6  26.5  29.3   12:10  23.9   23:30   0.0   8.2   0.0   3.7  22.5   15:00    SW
 7  25.9  29.4   16:20  22.9    7:45   0.0   7.6   0.0   2.9  19.3   18:00    SW
 8  26.4  30.2   12:30  22.4    6:05   0.0   8.1   0.0   3.5  22.5   13:45   ESE
 9  26.3  30.2   13:20  24.1    4:10   0.0   8.0   0.0   4.8  27.4   14:55   ESE
10  26.0  28.9   13:35  23.1    5:05   0.0   7.7   0.0   5.0  30.6   14:20    SW
11  27.7  33.9   13:40  22.6    6:20   0.0   9.4   0.0   3.7  27.4   17:30    SW
12  28.2  32.8   13:30  24.6    4:15   0.0   9.8   0.0   3.7  22.5   15:10    SW
13  26.3  29.9   13:45  23.4    6:30   0.0   8.1   0.0   3.7  20.9   12:55    SW
14  25.8  29.9   14:45  22.1    5:45   0.0   7.5   0.0   3.4  27.4   13:20    SW
15  25.9  29.0   14:30  23.1    6:00   0.0   7.6   0.0   3.4  22.5   12:35    SW
16  25.0  28.3   14:15  21.6    6:35   0.0   6.7   0.4   3.4  20.9   21:45   WNW
17  25.7  29.6   13:15  22.1    6:40   0.0   7.4   0.0   3.1  22.5   15:50   WNW
18  25.3  29.5   15:05  21.7    5:45   0.0   7.0   0.0   3.7  24.1   16:30    SW
19  25.3  28.9   12:45  21.7    7:10   0.0   7.0   0.0   2.9  20.9   13:05    SW
20  25.7  30.0   13:50  22.0    6:10   0.0   7.3   0.0   3.1  19.3   14:55    SW
21  24.9  28.3   15:55  22.3    5:15   0.0   6.6   0.0   2.4  16.1   14:00   ESE
22  23.5  26.1   11:15  21.2   00:00   0.0   5.2   1.4   2.3  24.1   16:40   WNW
23  23.2  27.2   15:00  19.4    7:45   0.0   4.9   1.0   3.7  19.3   13:55    SW
24  22.1  26.2   13:35  19.6   22:15   0.0   3.8   4.0   3.7  25.7   17:10    NW
25  21.6  25.1   12:55  19.3    5:45   0.0   3.3   0.0   6.0  29.0   15:10   NNW
26  20.7  23.1   17:25  19.3   14:10   0.0   2.4  18.4   3.4  19.3    6:15   NNW
27  21.3  24.3   14:25  19.1   23:20   0.0   3.0   2.0   5.3  32.2   13:45   ENE
28  21.7  25.8   13:30  18.4    4:05   0.0   3.4   5.8   3.7  22.5   10:20   NNW
29  22.3  25.1   13:55  19.8   00:00   0.0   4.0   4.2   2.6  20.9   18:05   ESE
30  22.3  27.4   16:25  18.9    7:00   0.0   4.0   0.0   4.5  29.0   15:45   ESE
-------------------------------------------------------------------------------------
    24.9  33.9    11    18.4    28     0.0 199.1  38.2   3.6  32.2    27      SW

Max >=  32.0:  2
Max <=   0.0:  0
Min <=   0.0:  0
Min <= -18.0:  0
Max Rain: 18.39 ON 26/09/14
Days of Rain: 9 (> .2 mm) 5 (> 2 mm) 0 (> 20 mm)
Heat Base:  18.3  Cool Base:  18.3  Method: Integration