NOAA-Style Climate Reports


Report for 2014 Agosto
                   MONTHLY CLIMATOLOGICAL SUMMARY for AUG. 2014

NAME: Ayuntamiento de L'Alfàs del Pi   CITY: L'Alfàs del Pi   STATE: Alicante 
ELEV:    95 m  LAT:  38° 34' 47" N  LONG:   0° 06' 05" W

                   TEMPERATURE (°C), RAIN  (mm), WIND SPEED (km/hr)

                                      HEAT  COOL        AVG
    MEAN                              DEG   DEG         WIND                 DOM
DAY TEMP  HIGH   TIME   LOW    TIME   DAYS  DAYS  RAIN  SPEED HIGH   TIME    DIR
------------------------------------------------------------------------------------
 1  26.0  29.6   14:35  22.8    6:30   0.0   7.7   0.0   4.0  19.3   15:45    SW
 2  26.6  29.9   15:10  22.9    7:30   0.0   8.3   0.0   4.5  27.4   16:50    SW
 3  25.9  29.2   12:50  22.9    6:50   0.0   7.6   0.0   3.7  19.3   14:30   ESE
 4  25.9  30.1   14:55  22.1    6:25   0.0   7.7   0.0   3.2  22.5   17:30    SW
 5  25.8  30.4   11:30  22.7    7:10   0.0   7.5   0.0   4.0  27.4   13:20   ESE
 6  26.2  29.4   15:35  23.2    6:20   0.0   7.9   0.0   4.7  24.1   18:05    SW
 7  26.1  29.5   12:55  22.6    7:10   0.0   7.8   0.0   3.5  19.3   16:00    SW
 8  26.4  30.8   18:40  22.5    6:00   0.0   8.1   0.0   3.5  22.5   11:40   ESE
 9  26.6  30.7   11:35  23.2    5:00   0.0   8.3   0.0   3.7  22.5   12:05   ESE
10  27.4  30.8   16:05  24.4    7:30   0.0   9.1   0.0   3.4  17.7   13:35    SW
11  27.6  33.3   16:10  23.7    6:15   0.0   9.3   0.0   5.1  29.0   16:55   ESE
12  27.2  30.3   14:35  25.0    7:10   0.0   8.8   0.0   4.5  20.9   12:35   ESE
13  27.2  34.1   12:55  23.7    7:15   0.0   8.9   0.0   6.8  40.2   15:25   ESE
14  25.1  27.3   16:00  23.9    6:40   0.0   6.8   0.0   6.0  30.6   10:10    NE
15  25.6  28.2   12:55  23.9    4:30   0.0   7.2   0.0   2.7  19.3   16:25   ESE
16  24.4  27.0   18:20  22.7   14:00   0.0   6.1   0.0   4.7  32.2   14:55   NNE
17  23.9  26.2   16:35  21.9    7:25   0.0   5.6   2.0   3.9  22.5   12:30   ESE
18  23.9  26.7   14:25  20.0    5:45   0.0   5.6   0.0   4.0  25.7   13:30   ESE
19  25.3  28.6   14:30  21.2    5:45   0.0   7.0   0.0   3.9  22.5   14:55    SW
20  26.1  29.5   15:05  23.7    7:05   0.0   7.8   0.0   3.9  22.5   15:00    SW
21  25.2  28.4   15:25  22.8    7:35   0.0   6.9   0.0   3.7  20.9   11:35   ESE
22  25.4  28.3   14:35  22.8    5:50   0.0   7.1   0.0   3.5  19.3   14:45    SW
23  25.1  27.2   11:25  23.5    7:20   0.0   6.8   0.0   6.8  33.8   12:20   ESE
24  25.5  28.7   16:05  22.9    2:35   0.0   7.2   0.0   3.4  19.3   11:55    SW
25  25.7  28.8   16:10  21.6    7:35   0.0   7.4   0.0   3.9  22.5   15:10    SW
26  27.7  32.2   12:30  23.8    5:20   0.0   9.4   0.0   4.5  25.7   15:05    SW
27  27.7  32.3   14:45  23.9    4:40   0.0   9.4   0.0   3.7  22.5   17:05   ESE
28  26.7  30.1   11:50  23.5    7:10   0.0   8.4   0.0   3.5  20.9   14:10   ESE
29  25.7  28.7   15:20  23.3    6:55   0.0   7.4   0.0   4.2  25.7   18:40   ESE
30  26.5  30.1   12:55  24.7   23:20   0.0   8.2   0.0   7.6  32.2   14:00   ESE
31  25.4  27.9   13:00  22.9    5:55   0.0   7.1   0.0   4.3  22.5   13:30   ESE
-------------------------------------------------------------------------------------
    26.0  34.1    13    20.0    18     0.0 238.5   2.0   4.3  40.2    13     ESE

Max >=  32.0:  4
Max <=   0.0:  0
Min <=   0.0:  0
Min <= -18.0:  0
Max Rain: 2.01 ON 17/08/14
Days of Rain: 1 (> .2 mm) 1 (> 2 mm) 0 (> 20 mm)
Heat Base:  18.3  Cool Base:  18.3  Method: Integration