NOAA-Style Climate Reports

Select a Year or Month report
2019: Ene Feb Mar Abr May Jun Jul Ago Sep Oct Nov Dic
2018: Ene Feb Mar Abr May Jun Jul Ago Sep Oct Nov Dic
2017: Ene Feb Mar Abr May Jun Jul Ago Sep Oct Nov Dic
2016: Ene Feb Mar Abr May Jun Jul Ago Sep Oct Nov Dic
2015: Ene Feb Mar Abr May Jun Jul Ago Sep Oct Nov Dic
2014: Ene Feb Mar Abr May Jun Jul Ago Sep Oct Nov Dic
2013: Ene Feb Mar Abr May Jun Jul Ago Sep Oct Nov Dic
2012: Ene Feb Mar Abr May Jun Jul Ago Sep Oct Nov Dic

Report for 2014 Julio
                   MONTHLY CLIMATOLOGICAL SUMMARY for JUN. 2014

NAME: Ayuntamiento de L'Alfàs del Pi   CITY: L'Alfàs del Pi   STATE: Alicante 
ELEV:    95 m  LAT:  38° 34' 47" N  LONG:   0° 06' 05" W

                   TEMPERATURE (°C), RAIN  (mm), WIND SPEED (km/hr)

                                      HEAT  COOL        AVG
    MEAN                              DEG   DEG         WIND                 DOM
DAY TEMP  HIGH   TIME   LOW    TIME   DAYS  DAYS  RAIN  SPEED HIGH   TIME    DIR
------------------------------------------------------------------------------------
 1  19.3  24.2   17:20  15.8    0:25   0.6   1.6   0.0   5.6  27.4   14:50     N
 2  20.6  24.2   13:05  17.8    0:45   0.0   2.3   0.0   5.1  29.0   13:10   ESE
 3  19.9  23.1   16:15  16.2    6:35   0.3   1.9   0.0   5.5  29.0   18:15    SW
 4  22.2  29.1   17:25  16.7    5:30   0.2   4.1   0.0   3.4  22.5   18:35    SW
 5  21.1  26.4   12:00  18.4    4:05   0.0   2.8   0.0   5.8  33.8    8:20   ESE
 6  21.5  26.8   17:30  18.3    6:35   0.0   3.2   0.0   3.5  20.9   13:55   ESE
 7  24.0  28.1   14:40  20.0   23:45   0.0   5.7   0.0   5.6  22.5    6:35    SW
 8  21.8  24.4   16:10  19.2    5:45   0.0   3.5   0.0   3.2  19.3   14:30   ESE
 9  21.9  25.3   11:20  18.1    7:15   0.0   3.7   0.0   3.9  22.5   13:55   ENE
10  22.6  25.2   12:30  19.2    6:30   0.0   4.2   0.0   3.9  25.7   16:10   ESE
11  25.6  29.6   11:45  20.6    4:45   0.0   7.3   0.0   5.3  33.8   12:50   ESE
12  26.4  29.8   13:50  21.8    4:15   0.0   8.1   0.0   4.0  22.5   11:55   ESE
13  26.2  31.1   13:15  22.1    4:10   0.0   7.8   0.0   3.7  27.4   18:50    SW
14  26.1  30.6   14:35  20.9    6:15   0.0   7.8   0.0   3.5  24.1   17:35    SW
15  23.8  28.2   12:55  21.2   22:40   0.0   5.5   0.0   7.6  35.4   10:00    NE
16  22.1  24.9   13:10  19.8    6:25   0.0   3.8   0.0   3.7  22.5   14:40   ESE
17  21.9  25.6   12:55  18.8    5:10   0.0   3.6   0.2   3.9  29.0   11:30    SW
18  22.8  27.1   14:35  18.6    6:30   0.0   4.5   0.0   3.9  20.9   16:20    SW
19  22.3  25.2   13:35  19.8    6:35   0.0   4.0   0.0   4.5  27.4   13:40   ESE
20  24.2  28.4   12:55  20.1    3:40   0.0   5.9   0.0   5.5  25.7   15:30   ESE
21  23.3  26.2   11:45  20.4    5:15   0.0   5.0   0.0   3.4  25.7   11:40    SW
22  23.7  29.7   15:35  20.7    5:50   0.0   5.4   0.0   3.1  20.9   16:35   ESE
23  23.1  25.8   14:25  20.4    5:50   0.0   4.8   0.0   5.8  37.0   14:20   ESE
24  22.1  24.3   17:35  19.9   11:55   0.0   3.8   2.6   5.1  29.0    3:45    SW
25  23.3  27.6   14:20  18.4    5:45   0.0   5.0   0.0   2.6  19.3   14:20   WNW
26  24.6  28.3   15:20  20.4    6:05   0.0   6.3   0.0   3.4  19.3   10:25    SW
27  24.9  29.6   18:25  20.3    4:50   0.0   6.7   0.0   3.2  24.1   15:55    SW
28  25.1  28.7   19:55  21.4    6:45   0.0   6.7   0.0   4.7  24.1   17:50    SW
29  23.8  26.6   10:15  21.3    4:40   0.0   5.5   0.0   5.8  32.2   14:30   ESE
30  23.8  27.6   14:25  19.9    6:35   0.0   5.5   0.0   3.9  22.5   16:15    SW
-------------------------------------------------------------------------------------
    23.1  31.1    13    15.8     1     1.2 146.0   2.8   4.4  37.0    23      SW

Max >=  32.0:  0
Max <=   0.0:  0
Min <=   0.0:  0
Min <= -18.0:  0
Max Rain: 2.59 ON 24/06/14
Days of Rain: 2 (> .2 mm) 1 (> 2 mm) 0 (> 20 mm)
Heat Base:  18.3  Cool Base:  18.3  Method: Integration