NOAA-Style Climate Reports

Select a Year or Month report
2019: Ene Feb Mar Abr May Jun Jul Ago Sep Oct Nov Dic
2018: Ene Feb Mar Abr May Jun Jul Ago Sep Oct Nov Dic
2017: Ene Feb Mar Abr May Jun Jul Ago Sep Oct Nov Dic
2016: Ene Feb Mar Abr May Jun Jul Ago Sep Oct Nov Dic
2015: Ene Feb Mar Abr May Jun Jul Ago Sep Oct Nov Dic
2014: Ene Feb Mar Abr May Jun Jul Ago Sep Oct Nov Dic
2013: Ene Feb Mar Abr May Jun Jul Ago Sep Oct Nov Dic
2012: Ene Feb Mar Abr May Jun Jul Ago Sep Oct Nov Dic

Report for 2014 Mayo
                   MONTHLY CLIMATOLOGICAL SUMMARY for MAY. 2014

NAME: Ayuntamiento de L'Alfàs del Pi   CITY: L'Alfàs del Pi   STATE: Alicante 
ELEV:    95 m  LAT:  38° 34' 47" N  LONG:   0° 06' 05" W

                   TEMPERATURE (°C), RAIN  (mm), WIND SPEED (km/hr)

                                      HEAT  COOL        AVG
    MEAN                              DEG   DEG         WIND                 DOM
DAY TEMP  HIGH   TIME   LOW    TIME   DAYS  DAYS  RAIN  SPEED HIGH   TIME    DIR
------------------------------------------------------------------------------------
 1  19.9  24.3   15:10  16.5    4:40   0.3   2.0   0.0   4.0  17.7   10:50    SW
 2  18.6  22.9   11:45  15.7    6:45   0.7   1.1   0.0   5.5  33.8   15:00   ESE
 3  17.3  20.7   16:20  13.8    5:20   1.6   0.5   0.0   5.1  25.7   13:15   ESE
 4  17.4  21.1   18:10  13.1    5:55   1.5   0.6   0.0   4.2  27.4   12:55   ESE
 5  17.8  21.7   10:35  14.7    5:30   1.3   0.9   0.0   3.2  22.5   11:40    SW
 6  18.0  22.2   17:50  13.8    6:10   1.4   1.1   0.0   3.2  19.3   13:20    SW
 7  17.8  21.1   10:55  14.6    6:15   1.1   0.6   0.0   2.4  17.7   13:00   ESE
 8  19.0  23.3   10:00  16.2    7:00   0.6   1.3   0.0   3.7  25.7   14:55   ESE
 9  19.2  23.7   18:05  15.5    6:40   0.7   1.6   0.0   3.2  25.7   12:15   ESE
10  20.7  24.7   14:50  16.7    5:40   0.2   2.6   0.0   4.5  25.7   16:30    SW
11  20.7  24.1   19:05  17.2    4:45   0.2   2.6   0.0   3.5  20.9   13:25   ENE
12  19.8  22.6    0:55  18.2    5:45   0.0   1.5   0.0   6.6  27.4   10:35   ESE
13  19.5  23.1   16:45  17.3   23:20   0.1   1.3   0.0   6.4  32.2   12:00   ENE
14  16.9  20.0   17:45  15.2    6:00   1.5   0.1   0.2   2.3  17.7   12:50    SW
15  17.7  21.3   14:15  14.2    3:30   1.4   0.7   0.0   3.4  19.3   13:00    SW
16  18.0  21.0   15:50  15.3    5:30   1.0   0.8   0.0   4.2  27.4   16:00   ESE
17  18.0  22.1   11:30  14.0    4:35   1.3   1.0   0.0   5.8  30.6   12:50   ENE
18  17.0  19.6   15:05  15.1   00:00   1.4   0.1   0.8   4.3  20.9   16:05    NE
19  18.0  22.1   18:15  13.9    6:05   1.2   1.0   0.0   7.4  32.2   13:05    SW
20  18.9  23.3   14:15  15.3    6:40   0.8   1.3   0.0   3.2  20.9   14:35    SW
21  19.9  23.7   13:30  15.8    5:40   0.7   2.2   0.0   5.5  43.5   14:15    SW
22  20.3  23.8   12:30  17.3   23:15   0.0   2.1   0.0   6.1  35.4   13:10    SW
23  20.2  24.5   15:10  15.9    6:20   0.4   2.3   0.0   4.3  27.4   14:50    SW
24  18.5  23.0   13:50  15.6    6:50   0.9   1.0   0.0   2.9  17.7   10:50    SW
25  18.7  21.4   13:10  15.5    6:05   0.7   1.1   0.0   4.0  22.5   13:40    SW
26  19.2  23.7   16:30  14.6    5:45   0.9   1.8   0.0   3.4  19.3   13:20    SW
27  18.9  22.1   15:40  15.3    3:20   0.6   1.2   0.0   4.0  22.5   13:35    SW
28  19.5  23.8   12:40  15.9   00:00   0.3   1.5   2.8   4.3  41.8   23:20    SW
29  18.6  21.8   17:55  14.8    6:20   0.9   1.2   0.0   4.2  22.5   14:55    SW
30  19.2  23.1   12:50  15.8    6:45   0.5   1.4   2.6   3.4  25.7   19:55   WNW
31  17.8  19.9    1:40  15.9   15:10   0.7   0.2   5.0   4.7  24.1    0:10    NE
-------------------------------------------------------------------------------------
    18.7  24.7    10    13.1     4    25.1  38.7  11.4   4.3  43.5    21      SW

Max >=  32.0:  0
Max <=   0.0:  0
Min <=   0.0:  0
Min <= -18.0:  0
Max Rain: 5.00 ON 31/05/14
Days of Rain: 5 (> .2 mm) 3 (> 2 mm) 0 (> 20 mm)
Heat Base:  18.3  Cool Base:  18.3  Method: Integration