NOAA-Style Climate Reports


Report for 2014 Abril
                   MONTHLY CLIMATOLOGICAL SUMMARY for APR. 2014

NAME: Ayuntamiento de L'Alfàs del Pi   CITY: L'Alfàs del Pi   STATE: Alicante 
ELEV:    95 m  LAT:  38° 34' 47" N  LONG:   0° 06' 05" W

                   TEMPERATURE (°C), RAIN  (mm), WIND SPEED (km/hr)

                                      HEAT  COOL        AVG
    MEAN                              DEG   DEG         WIND                 DOM
DAY TEMP  HIGH   TIME   LOW    TIME   DAYS  DAYS  RAIN  SPEED HIGH   TIME    DIR
------------------------------------------------------------------------------------
 1  15.0  20.1   14:20  11.2    4:35   3.4   0.1   0.0   3.7  25.7   14:45   ESE
 2  16.7  20.1   14:20  14.1   00:00   1.8   0.2   0.0   5.3  29.0    6:35    NW
 3  15.8  20.5   18:15  11.7    7:35   2.8   0.3   6.6   7.1  41.8   17:00   WNW
 4  19.5  23.9   16:50  16.1    6:30   0.7   1.9   0.0  13.5  62.8    5:15    NW
 5  20.8  26.1   14:10  17.9    7:10   0.0   2.5   0.0   8.4  48.3    0:25    NW
 6  20.2  24.0   14:15  16.3   23:20   0.2   2.1   0.0   4.7  20.9    2:55    SW
 7  17.1  22.1   14:30  13.4   22:25   1.9   0.7   0.0   3.4  19.3   15:20    SW
 8  17.0  21.8   10:35  12.3    2:50   1.8   0.5   0.0   2.4  19.3   14:15   ENE
 9  16.9  20.4   11:55  14.3   23:30   1.7   0.2   0.0   4.0  24.1   13:05   ESE
10  16.9  21.0   11:15  13.2    4:05   1.9   0.5   0.0   2.9  20.9   12:20    SW
11  18.0  24.2   17:15  14.8    6:50   1.2   0.9   0.0   3.4  25.7   14:30    SW
12  20.1  24.8   15:05  15.9    1:45   0.3   2.1   0.0   9.7  33.8   14:00     N
13  19.2  22.8   10:10  15.1   23:00   0.5   1.4   0.0   4.8  22.5   13:25   ESE
14  17.8  23.5   14:10  13.0    7:30   1.6   1.1   0.0   2.1  17.7   18:20   ESE
15  18.9  23.1   13:15  14.6    6:20   1.1   1.6   0.0   3.5  20.9   12:30    SW
16  17.9  22.4   16:35  14.1    6:00   1.4   1.0   0.0   2.7  16.1   17:10    SW
17  17.4  21.7   14:25  15.1    7:10   1.4   0.6   0.0   2.9  19.3   15:15   ESE
18  17.2  20.9   13:15  13.3    6:30   1.8   0.7   0.0   4.2  27.4   16:30    SW
19  18.9  26.6   14:20  14.6    2:55   1.3   1.9   0.0   3.2  24.1   14:25    SW
20  18.8  22.4   18:10  14.8    6:40   0.8   1.4   0.0   6.0  32.2    9:30    SW
21  18.2  21.1   14:40  14.1    7:00   0.8   0.7   0.0   4.5  30.6   15:30    SW
22  18.8  22.3   14:25  15.1    4:45   0.8   1.3   0.0   4.3  25.7    9:25    SW
23  19.8  23.3   16:00  15.7   23:55   0.4   1.9   0.0   5.5  30.6   16:25    SW
24  17.3  20.4   11:35  12.6    6:30   1.4   0.4   0.6   4.2  24.1   16:30    SW
25  18.6  23.3   16:35  14.4    7:15   0.8   1.1   0.0   8.4  48.3    8:40    NW
26  20.1  24.6   13:55  15.8    7:00   0.3   2.1   0.0   5.5  35.4    0:10   WNW
27  18.5  21.9    0:35  14.7   23:50   0.6   0.8   0.0   6.9  30.6    2:35   ESE
28  18.1  23.5   12:05  13.4    3:50   1.5   1.3   0.0   3.5  20.9   13:10    SW
29  17.9  22.7   14:00  14.3    6:55   1.3   0.9   0.0   2.6  22.5   14:10   ESE
30  18.8  22.8   14:25  14.2    6:20   1.0   1.6   0.0   2.9  19.3   15:00   ESE
-------------------------------------------------------------------------------------
    18.2  26.6    19    11.2     1    36.6  33.9   7.2   4.9  62.8     4      SW

Max >=  32.0:  0
Max <=   0.0:  0
Min <=   0.0:  0
Min <= -18.0:  0
Max Rain: 6.60 ON 03/04/14
Days of Rain: 2 (> .2 mm) 1 (> 2 mm) 0 (> 20 mm)
Heat Base:  18.3  Cool Base:  18.3  Method: Integration