NOAA-Style Climate Reports


Report for 2014 Marzo
                   MONTHLY CLIMATOLOGICAL SUMMARY for MAR. 2014

NAME: Ayuntamiento de L'Alfàs del Pi   CITY: L'Alfàs del Pi   STATE: Alicante 
ELEV:    95 m  LAT:  38° 34' 47" N  LONG:   0° 06' 05" W

                   TEMPERATURE (°C), RAIN  (mm), WIND SPEED (km/hr)

                                      HEAT  COOL        AVG
    MEAN                              DEG   DEG         WIND                 DOM
DAY TEMP  HIGH   TIME   LOW    TIME   DAYS  DAYS  RAIN  SPEED HIGH   TIME    DIR
------------------------------------------------------------------------------------
 1  12.7  17.3   23:50   9.6    3:00   5.6   0.0   6.4   2.7  25.7   13:00   WNW
 2  18.3  21.7   16:45  15.9    1:20   0.6   0.6   0.0   5.8  32.2    9:55   WNW
 3  16.3  17.9    2:45  14.3   00:00   1.9   0.0   0.0  16.6  75.6   21:45   WNW
 4  15.2  18.9   16:55  12.1    7:20   3.1   0.0   0.0  12.7  75.6    1:05    NW
 5  15.9  20.3   13:05  12.2   23:15   2.6   0.3   0.0   6.3  48.3    9:15    NW
 6  13.4  16.7   16:05  10.4    5:20   4.8   0.0   0.0   4.2  32.2   12:40    SW
 7  12.8  16.8   15:35   9.3   23:30   5.5   0.0   0.0   3.2  17.7   13:20    SW
 8  12.9  18.0   14:55   8.1    6:45   5.4   0.0   0.0   2.6  19.3   11:30   WNW
 9  13.4  17.8   14:05  10.2    0:35   4.9   0.0   0.0   6.9  32.2   10:25    NE
10  12.6  16.9   12:25   9.6   23:55   5.7   0.0   0.0   4.2  20.9   16:05   ESE
11  12.5  16.4   16:05   8.3    3:05   5.8   0.0   0.0   5.0  29.0   15:00   ESE
12  12.7  15.2   15:55  10.6    4:05   5.6   0.0   0.2   6.3  33.8   14:55   ENE
13  12.6  15.1   15:40   9.7    6:05   5.7   0.0   0.4   6.0  29.0   15:05    NE
14  14.0  18.3   13:55  11.1   23:55   4.3   0.0   0.0   6.1  25.7   14:05    NE
15  13.8  19.5   13:45   9.3    3:40   4.6   0.0   0.0   2.4  14.5   15:00   WNW
16  15.4  20.2   14:10  10.7    6:50   3.3   0.3   0.0   1.9  12.9   11:50   WNW
17  15.8  22.4   13:20  11.6    3:05   3.3   0.8   0.0   2.4  16.1   14:15    SW
18  15.6  21.4   12:15  10.6    4:20   3.3   0.5   0.0   2.3  16.1   13:30    SW
19  15.1  18.6   12:30  12.3   23:45   3.3   0.0   0.0   4.8  30.6   12:10   ESE
20  14.1  18.2   12:50  10.6    6:40   4.2   0.0   0.0   2.7  17.7   13:15    SW
21  13.8  17.1   13:35  10.6    2:50   4.4   0.0   0.2   3.2  22.5   13:05    SW
22  15.7  19.8   16:00  12.8    5:45   2.6   0.1   0.0   3.7  24.1   22:35    SW
23  14.8  18.6   14:10  11.3    6:50   3.5   0.0   0.0   4.8  30.6    1:50   ESE
24  14.1  17.6   23:00   8.6    5:25   4.2   0.0   0.0   5.8  56.3   23:50    SW
25  16.1  20.7   13:20  10.2   22:20   2.4   0.2   0.2  10.3  57.9   18:40   WNW
26  13.1  17.3   15:35   8.7    7:00   5.2   0.0   0.0   7.1  48.3   13:10    NW
27  13.8  17.7   11:10  10.7   00:00   4.5   0.0   0.0   6.4  33.8    3:55    NW
28  12.8  15.8   14:55   9.4    5:15   5.4   0.0   0.0   6.0  35.4   23:35   ENE
29  15.1  19.1   13:10  12.9   23:00   3.2   0.0   0.0   7.4  37.0    1:00   ENE
30  14.4  18.9   14:00  11.4    7:15   3.7   0.0   0.0   2.6  20.9   13:35    SW
31  15.4  20.2   11:40  11.1    7:35   3.1   0.2   0.0   2.9  24.1   15:35    SW
-------------------------------------------------------------------------------------
    14.3  22.4    17     8.1     8   126.1   3.1   7.4   5.3  75.6     3     WNW

Max >=  32.0:  0
Max <=   0.0:  0
Min <=   0.0:  0
Min <= -18.0:  0
Max Rain: 6.40 ON 01/03/14
Days of Rain: 5 (> .2 mm) 1 (> 2 mm) 0 (> 20 mm)
Heat Base:  18.3  Cool Base:  18.3  Method: Integration