NOAA-Style Climate Reports

Select a Year or Month report
2019: Ene Feb Mar Abr May Jun Jul Ago Sep Oct Nov Dic
2018: Ene Feb Mar Abr May Jun Jul Ago Sep Oct Nov Dic
2017: Ene Feb Mar Abr May Jun Jul Ago Sep Oct Nov Dic
2016: Ene Feb Mar Abr May Jun Jul Ago Sep Oct Nov Dic
2015: Ene Feb Mar Abr May Jun Jul Ago Sep Oct Nov Dic
2014: Ene Feb Mar Abr May Jun Jul Ago Sep Oct Nov Dic
2013: Ene Feb Mar Abr May Jun Jul Ago Sep Oct Nov Dic
2012: Ene Feb Mar Abr May Jun Jul Ago Sep Oct Nov Dic

Report for 2014 Febrero
                   MONTHLY CLIMATOLOGICAL SUMMARY for FEB. 2014

NAME: Ayuntamiento de L'Alfàs del Pi   CITY: L'Alfàs del Pi   STATE: Alicante 
ELEV:    95 m  LAT:  38° 34' 47" N  LONG:   0° 06' 05" W

                   TEMPERATURE (°C), RAIN  (mm), WIND SPEED (km/hr)

                                      HEAT  COOL        AVG
    MEAN                              DEG   DEG         WIND                 DOM
DAY TEMP  HIGH   TIME   LOW    TIME   DAYS  DAYS  RAIN  SPEED HIGH   TIME    DIR
------------------------------------------------------------------------------------
 1  14.1  18.5   16:30  10.2    1:45   4.2   0.0   0.0   4.8  46.7   18:20    NW
 2  10.8  14.7   14:40   6.7    6:05   7.5   0.0   0.0   3.7  29.0    1:45    NW
 3   9.9  13.2   16:00   6.0    5:40   8.4   0.0   0.0   3.9  27.4   15:15   WNW
 4  11.6  15.1   13:40   8.6    7:50   6.7   0.0   0.0   4.8  29.0   12:30   WNW
 5  14.8  20.6   14:35  10.4    2:10   3.7   0.2   0.0  10.1  59.5   19:10   WNW
 6  14.6  19.2   12:35  11.4   20:25   3.7   0.0   0.0   4.7  35.4    0:05    SW
 7  14.3  18.1   14:15  10.4    1:35   4.0   0.0   0.0   6.6  45.1   15:25   WNW
 8  13.1  16.9   21:20   9.8    7:05   5.2   0.0   0.0   5.5  41.8   21:35   WNW
 9  12.7  15.9   10:05   8.6    6:30   5.6   0.0   0.0   4.2  20.9   10:10    SW
10  12.8  15.4    4:35  11.2   13:20   5.5   0.0   0.0  16.1  74.0   21:15    NW
11  11.1  13.5   12:10   8.9   17:00   7.3   0.0   1.6   7.7  51.5    0:30   WNW
12  12.5  17.8   15:35   8.8    4:50   5.8   0.0   0.0   3.4  20.9    0:10   WNW
13  15.8  21.1   16:30  10.3    0:15   3.0   0.4   0.0   3.5  22.5   23:25   WNW
14  15.7  20.8   13:35  11.9   23:25   2.8   0.2   0.0   3.5  24.1   14:20    SW
15  14.3  19.4   14:45  10.4    7:10   4.1   0.1   0.0   2.6  20.9   13:50    SW
16  13.7  17.1   12:50  10.9    3:10   4.6   0.0   0.0   5.1  32.2    5:50   ESE
17  12.4  14.8   16:00  10.6    7:40   5.9   0.0   0.0   4.5  35.4   23:55   ESE
18  13.2  15.3   12:40  11.4   23:25   5.1   0.0   0.0   7.4  40.2    5:30    NW
19  13.0  17.2   13:45   9.9   22:40   5.3   0.0   0.0   2.1  20.9   17:10   WNW
20  14.2  19.3   14:50   9.2    3:15   4.2   0.1   0.0   2.6  20.9   13:55    SW
21  15.6  20.1   15:35  12.3   22:50   3.0   0.3   0.0   4.3  40.2   13:15   WNW
22  12.7  17.1   16:05   8.6    7:55   5.6   0.0   0.0   2.9  29.0   13:05   WNW
23  12.1  17.1   15:10   8.2    5:55   6.2   0.0   0.0   2.4  17.7   13:20   WNW
24  11.3  15.7   15:10   8.3    4:00   7.0   0.0   0.0   2.7  19.3   13:05    NW
25  13.6  19.3   15:55   8.8    7:25   4.7   0.0   0.0   4.0  27.4   17:50   WNW
26  13.2  17.4   14:20   9.2   23:25   5.1   0.0   0.0   4.5  33.8   15:30   WNW
27  12.1  16.9   14:10   8.2    6:50   6.2   0.0   0.0   2.4  25.7   15:50   WNW
28  13.8  20.2   15:50   9.7    0:05   4.7   0.2   0.0   6.0  41.8   15:25    NW
-------------------------------------------------------------------------------------
    13.2  21.1    13     6.0     3   145.0   1.5   1.6   4.9  74.0    10     WNW

Max >=  32.0:  0
Max <=   0.0:  0
Min <=   0.0:  0
Min <= -18.0:  0
Max Rain: 1.60 ON 11/02/14
Days of Rain: 1 (> .2 mm) 0 (> 2 mm) 0 (> 20 mm)
Heat Base:  18.3  Cool Base:  18.3  Method: Integration