NOAA-Style Climate Reports


Report for 2014 Enero
                   MONTHLY CLIMATOLOGICAL SUMMARY for JAN. 2014

NAME: Ayuntamiento de L'Alfàs del Pi   CITY: L'Alfàs del Pi   STATE: Alicante 
ELEV:    95 m  LAT:  38° 34' 47" N  LONG:   0° 06' 05" W

                   TEMPERATURE (°C), RAIN  (mm), WIND SPEED (km/hr)

                                      HEAT  COOL        AVG
    MEAN                              DEG   DEG         WIND                 DOM
DAY TEMP  HIGH   TIME   LOW    TIME   DAYS  DAYS  RAIN  SPEED HIGH   TIME    DIR
------------------------------------------------------------------------------------
 1  13.4  17.9   12:40  10.7    1:05   4.9   0.0   0.0   1.6  16.1   16:05   WNW
 2  13.6  16.0   12:35  11.6    2:05   4.7   0.0   0.2   2.6  17.7   12:00   WNW
 3  15.8  20.2   15:40  13.1    8:15   2.7   0.2   0.0   2.6  19.3   14:55   WNW
 4  14.8  18.1   13:50  11.4   23:55   3.5   0.0   0.0   7.6  70.8   20:05   WNW
 5  13.9  19.0   16:05  10.7    8:35   4.4   0.0   0.0   6.1  62.8    1:30    NW
 6  13.4  17.4   13:00  10.6    5:35   4.9   0.0   0.0   1.8  17.7   14:00    SW
 7  13.1  18.9   16:10  10.2    4:35   5.2   0.0   0.0   1.1   8.0   11:40   WNW
 8  11.8  15.9   14:00   8.4    7:05   6.5   0.0   0.0   1.1  11.3   11:10   WNW
 9  11.3  14.4   12:05   8.4    6:40   7.0   0.0   0.0   1.4  14.5   15:30   ENE
10  11.2  15.8   14:35   8.0    6:25   7.1   0.0   0.0   1.6  17.7   17:15   WNW
11  11.8  14.2   14:50  10.1    7:30   6.5   0.0   0.0   1.6  19.3    2:30   WNW
12  12.2  16.4   14:40   9.4    6:05   6.1   0.0   0.0   1.0  11.3   12:50   WNW
13  13.1  16.4   16:45   9.7   23:35   5.2   0.0   0.0   2.3  37.0   16:00   WNW
14  12.9  16.9   19:10   8.2    3:35   5.3   0.0   0.0   4.0  38.6   19:25   WNW
15  13.6  18.3   14:30  10.4    8:15   4.7   0.0   0.0   2.3  17.7   15:55   WNW
16  12.1  14.7   11:20  10.3    2:15   6.2   0.0   1.4   1.4  16.1   14:00    SW
17  12.1  14.9   14:30   9.2    8:00   6.2   0.0   0.0   2.4  20.9   13:10    SW
18  12.7  15.7   14:05  10.2   22:45   5.6   0.0   0.0   3.7  33.8   14:05    SW
19  10.8  13.1   14:20   8.1    6:40   7.4   0.0   0.0   2.9  27.4    0:45    NW
20  12.4  14.7   15:20   8.8    1:50   5.9   0.0   0.0  14.3  62.8    7:00    NW
21  12.1  16.1   14:10   9.0    7:45   6.2   0.0   0.0   3.5  24.1    3:30   WNW
22  11.4  16.7   15:40   9.0    0:05   6.9   0.0   0.4   1.8  14.5    6:25   WNW
23  12.1  15.3   13:40   9.3   22:55   6.2   0.0   0.0   4.0  24.1    7:00    SW
24  13.8  19.9   16:15   8.2    5:40   4.6   0.1   0.0   3.2  40.2   23:20    NW
25  18.2  20.1   11:00  15.0   19:45   0.4   0.3   0.0   6.3  41.8    0:25    NW
26  15.8  20.2   13:00  10.9    7:45   2.6   0.1   0.0   1.8  14.5   20:00   WNW
27  16.9  20.2   16:35  13.1   23:50   1.7   0.4   0.0   8.2  56.3   20:20   WNW
28  12.6  14.9   13:30   9.8    7:50   5.7   0.0   0.0   7.9  54.7    2:00   WNW
29  11.6  15.4   14:05   9.3   20:50   6.7   0.0   0.0   4.0  32.2   17:25    SW
30  11.6  15.5   15:45   7.1    8:10   6.7   0.0   0.0   5.6  38.6   23:40    NW
31  12.2  16.1   13:45   8.9    4:45   6.1   0.0   0.0   3.7  37.0    0:30    NW
-------------------------------------------------------------------------------------
    13.0  20.2    26     7.1    30   164.1   1.1   2.0   3.7  70.8     4     WNW

Max >=  32.0:  0
Max <=   0.0:  0
Min <=   0.0:  0
Min <= -18.0:  0
Max Rain: 1.40 ON 16/01/14
Days of Rain: 3 (> .2 mm) 0 (> 2 mm) 0 (> 20 mm)
Heat Base:  18.3  Cool Base:  18.3  Method: Integration