NOAA-Style Climate Reports


Report for 2014
                            ANNUAL CLIMATOLOGICAL SUMMARY

NAME: Ayuntamiento de L'Alfàs del Pi  CITY: L'Alfàs del Pi   STATE: Alicante  
ELEV:    95 m  LAT:  38° 34' 47" N  LONG:   0° 06' 05" W

               TEMPERATURE (°C), HEAT BASE 18.3, COOL BASE 18.3
                          DEP.  HEAT  COOL                                          
        MEAN  MEAN        FROM  DEG   DEG                        MAX  MAX  MIN  MIN 
 YR MO  MAX   MIN   MEAN  NORM  DAYS  DAYS  HI  DATE  LOW  DATE  >=32 <=0  <=0  <=-18 
------------------------------------------------------------------------------------
 14  1  16.8   9.9  13.0   0.0   164     1  20.2  26   7.1   30    0    0    0    0
 14  2  17.4   9.6  13.2   0.0   145     1  21.1  13   6.0    3    0    0    0    0
 14  3  18.4  10.8  14.3   0.0   126     3  22.4  17   8.1    8    0    0    0    0
 14  4  22.6  14.3  18.2   0.0    37    34  26.6  19  11.2    1    0    0    0    0
 14  5  22.4  15.4  18.7   0.0    25    39  24.7  10  13.1    4    0    0    0    0
 14  6  27.0  19.6  23.1   0.0     1   146  31.1  13  15.8    1    0    0    0    0
 14  7  28.9  22.2  25.4   0.0     0   184  32.2  18  19.3    1    1    0    0    0
 14  8  29.5  23.1  26.0   0.0     0   239  34.1  13  20.0   18    4    0    0    0
 14  9  28.6  21.9  24.9   0.0     0   199  33.9  11  18.4   28    2    0    0    0
 14 10  26.1  18.3  21.7   0.0     3   109  30.2  22  15.6   23    0    0    0    0
 14 11  20.3  13.8  16.8   0.0    59    13  23.5   7  10.6   17    0    0    0    0
 14 12  16.3   9.0  12.3   0.0   185     0  20.3   1   3.9   30    0    0    0    0
------------------------------------------------------------------------------------
        22.8  15.6  18.9   0.0   745   968  34.1 AUG   3.9  DEC    7    0    0    0

                                PRECIPITATION (mm)

               DEP.   MAX        DAYS OF RAIN 
               FROM   OBS.          OVER
 YR MO  TOTAL  NORM   DAY  DATE  .2   2   20
---------------------------------------------
 14  1   2.0    0.0   1.4   16    3    0    0
 14  2   1.6    0.0   1.6   11    1    0    0
 14  3   7.4    0.0   6.4    1    5    1    0
 14  4   7.2    0.0   6.6    3    2    1    0
 14  5  11.4    0.0   5.0   31    5    3    0
 14  6   2.8    0.0   2.6   24    2    1    0
 14  7   0.0    0.0   0.0    1    0    0    0
 14  8   2.0    0.0   2.0   17    1    1    0
 14  9  38.2    0.0  18.4   26    9    5    0
 14 10  57.4    0.0  54.0    5    5    1    1
 14 11  42.6    0.0  21.0   30    9    6    1
 14 12  31.8    0.0  12.0   15    4    4    0
---------------------------------------------
       204.3   0.0  54.0  OCT   46   23    2

                                WIND SPEED (km/hr)
                          DOM
 YR MO   AVG.  HI   DATE  DIR
---------------------------------
 14  1   3.7  70.8    4   WNW
 14  2   4.9  74.0   10   WNW
 14  3   5.3  75.6    3   WNW
 14  4   4.9  62.8    4    SW
 14  5   4.3  43.5   21    SW
 14  6   4.4  37.0   23    SW
 14  7   4.7  38.6   29    SW
 14  8   4.3  40.2   13   ESE
 14  9   3.6  32.2   27    SW
 14 10   3.2  37.0   22   WNW
 14 11   3.6  43.5   12   WNW
 14 12   3.3  62.8   28    NW
---------------------------------
         4.2  75.6  MAR   SW